000
CXUS56 KTFX 271205
CF6GTF
PRELIMINARY LOCAL CLIMATOLOGICAL DATA (WS FORM: F-6)

                                          STATION:   GREAT FALLS MT
                                          MONTH:     FEBRUARY
                                          YEAR:      2015
                                          LATITUDE:   47 28 N
                                          LONGITUDE: 111 22 W

  TEMPERATURE IN F:       :PCPN:    SNOW:  WIND      :SUNSHINE: SKY     :PK WND
================================================================================
1   2   3   4   5  6A  6B    7    8   9   10  11  12  13   14  15   16   17  18
                                     12Z  AVG MX 2MIN
DY MAX MIN AVG DEP HDD CDD  WTR  SNW DPTH SPD SPD DIR MIN PSBL S-S WX    SPD DR
================================================================================

 1  35  -7  14 -12  51   0 0.00  0.0    3  9.1 23 230   M    M   4 12     28 220
 2  39  12  26   0  39   0 0.00  0.0    1  9.3 23 220   M    M   5 1      28 220
 3  24  11  18  -8  47   0 0.01  0.1    1  6.2 17 360   M    M  10 18     20 360
 4  38  11  25  -1  40   0    T  0.0    1  9.7 24 220   M    M   5        29 220
 5  56  36  46  20  19   0 0.00  0.0    T 14.1 32 240   M    M   3        39 240
 6  65  47  56  30   9   0 0.00  0.0    0 23.9 41 240   M    M   0        51 240
 7  56  41  49  23  16   0 0.00  0.0    0 19.9 33 230   M    M   1        41 220
 8  57  38  48  22  17   0 0.00  0.0    0 16.1 29 220   M    M   0        36 210
 9  53  34  44  18  21   0 0.09  0.0    0 12.1 25 230   M    M   3 1      31 230
10  45  21  33   6  32   0 0.02  0.1    0  7.0 16 220   M    M   7 1      28 280
11  31  19  25  -2  40   0 0.00  0.0    0  5.4 14  50   M    M   9 1      16  50
12  58  30  44  17  21   0 0.00  0.0    0 13.8 22 220   M    M   2        26 230
13  64  35  50  23  15   0 0.00  0.0    0 11.1 22 240   M    M   0        28 260
14  54  34  44  17  21   0    T    T    0  9.5 29 350   M    M   5 1      36 350
15  40  27  34   7  31   0 0.08  1.1    0  8.4 18  40   M    M   9 1      22  40
16  35  17  26  -1  39   0 0.04  0.5    1  7.2 21 340   M    M   9 12     26 340
17  39  18  29   2  36   0 0.00  0.2    T  5.3 12  60   M    M   7 1      14  70
18  53  21  37   9  28   0 0.00  0.0    0  9.7 23 230   M    M   4        26 230
19  53  35  44  16  21   0 0.00  0.0    0 13.5 24 240   M    M   1        29 240
20  42  24  33   5  32   0 0.04  0.1    0  9.0 23  20   M    M  10 1      26  20
21  25  -2  12 -16  53   0 0.05  1.0    T  8.9 30 350   M    M   7 1      35 350
22  21  -3   9 -19  56   0 0.00  0.0    1  9.3 18 200   M    M   1        23 200
23  40  13  27  -1  38   0 0.00  0.0    T 19.4 31 220   M    M   4        37 220
24  45  32  39  10  26   0    T  0.0    T 19.2 29 220   M    M   2        40 190
25  35  13  24  -5  41   0 0.03  1.5    1 11.4 32 340   M    M   9 1      41 320
26  16   3  10 -19  55   0 0.01  0.3    1  8.4 17 120   M    M   6 18     21 120
================================================================================
SM 1119  560       844   0  0.37     4.9 296.9          M      123
================================================================================
AV 43.0 21.5                              11.4 FASTST   M    M   5    MAX(MPH)
                                 MISC ---->  # 41 240               # 51  240
================================================================================
NOTES:
# LAST OF SEVERAL OCCURRENCES

COLUMN 17 PEAK WIND IN M.P.H.

PRELIMINARY LOCAL CLIMATOLOGICAL DATA (WS FORM: F-6) , PAGE 2

                                          STATION:  GREAT FALLS MT
                                          MONTH:    FEBRUARY
                                          YEAR:     2015
                                          LATITUDE:   47 28 N
                                          LONGITUDE: 111 22 W

[TEMPERATURE DATA]      [PRECIPITATION DATA]       SYMBOLS USED IN COLUMN 16

AVERAGE MONTHLY: 32.3   TOTAL FOR MONTH:   0.37    1 = FOG OR MIST
DPTR FM NORMAL:   5.2   DPTR FM NORMAL:   -0.06    2 = FOG REDUCING VISIBILITY
HIGHEST:    65 ON  6    GRTST 24HR  0.12 ON 15-16      TO 1/4 MILE OR LESS
LOWEST:     -7 ON  1                               3 = THUNDER
                        SNOW, ICE PELLETS, HAIL    4 = ICE PELLETS
                        TOTAL MONTH:   4.8 INCHES  5 = HAIL
                        GRTST 24HR   1.5 ON 25-25  6 = FREEZING RAIN OR DRIZZLE
                        GRTST DEPTH:   3 ON  1     7 = DUSTSTORM OR SANDSTORM:
                                                       VSBY 1/2 MILE OR LESS
                                                   8 = SMOKE OR HAZE
[NO. OF DAYS WITH]      [WEATHER - DAYS WITH]      9 = BLOWING SNOW
                                                   X = TORNADO
MAX 32 OR BELOW:   5    0.01 INCH OR MORE:   9
MAX 90 OR ABOVE:   0    0.10 INCH OR MORE:   0
MIN 32 OR BELOW:  18    0.50 INCH OR MORE:   0
MIN  0 OR BELOW:   3    1.00 INCH OR MORE:   0

[HDD (BASE 65) ]
TOTAL THIS MO.   844    CLEAR  (SCALE 0-3)  10
DPTR FM NORMAL  -140    PTCLDY (SCALE 4-7)  10
TOTAL FM JUL 1  5036    CLOUDY (SCALE 8-10)  6
DPTR FM NORMAL  -399

[CDD (BASE 65) ]
TOTAL THIS MO.     0
DPTR FM NORMAL     0    [PRESSURE DATA]
TOTAL FM JAN 1     0    HIGHEST SLP M ON M
DPTR FM NORMAL     0    LOWEST  SLP 29.58 ON  7

[REMARKS]
