000
CXUS52 KFFC 011110
CF6GVL
PRELIMINARY LOCAL CLIMATOLOGICAL DATA (WS FORM: F-6)

                                          STATION:   GAINESVILLE
                                          MONTH:     JULY
                                          YEAR:      2014
                                          LATITUDE:   34 16 N
                                          LONGITUDE:  83 50 W

  TEMPERATURE IN F:       :PCPN:    SNOW:  WIND      :SUNSHINE: SKY     :PK WND
================================================================================
1   2   3   4   5  6A  6B    7    8   9   10  11  12  13   14  15   16   17  18
                                     12Z  AVG MX 2MIN
DY MAX MIN AVG DEP HDD CDD  WTR  SNW DPTH SPD SPD DIR MIN PSBL S-S WX    SPD DR
================================================================================

 1  90  71  81   3   0  16 0.00  0.0    M  5.2 13 250   M    M   2 1      16 290
 2  93  72  83   5   0  18 0.00    M    M  5.4 13 270   M    M   0 13     16 290
 3  90  69  80   2   0  15 0.00  0.0    0  9.4 20 320   M    M   0        26 250
 4  87  65  76  -2   0  11 0.00  0.0    0  5.9 12 270   M    M   2        16 350
 5  84  65  75  -4   0  10 0.00  0.0    0  9.0 20  60   M    M   1        26  80
 6  86  65  76  -3   0  11 0.00  0.0    M  3.8 10  50   M    M   5        14 100
 7  88  68  78  -1   0  13 0.00  0.0    M  4.0 13 260   M    M   2 18     16 270
 8  90  68  79   0   0  14    T  0.0    M  7.9 21 260   M    M   2        27 261
 9  88  74  81   2   0  16    T    M    M  8.1 20 260   M    M   1 1      25 230
10  89  70  80   1   0  15 0.71    M    M  4.4 13 170   M    M   3 1      17 170
11  90  70  80   1   0  15 0.58    M    M  4.9 18 240   M    M   3 13     22 240
12  89  70  80   1   0  15 0.00    M    M  4.1 10  80   M    M   2        13  80
13  90  70  80   1   0  15 0.00    M    M  3.1  8 290   M    M   1 1      12 290
14  88  73  81   2   0  16 0.04    M    M  5.3 14 260   M    M   2 3      19 260
15  83  70  77  -2   0  12 0.33  0.0    M  8.3 16 250   M    M   4 138    20 250
16  85  62  74  -5   0   9 0.00  0.0    M  6.5 13 340   M    M   0        28 290
17  83  64  74  -5   0   9 0.00  0.0    M  7.1 16  80   M    M   2        20  70
18  76  67  72  -7   0   7 0.03    M    M  8.1 13  90   M    M   8 18     25 190
19  69  64  67 -12   0   2 2.07  0.0    M  8.7 15  70   M    M  10 1      22 180
20  76  64  70  -9   0   5    T  0.0    M  7.3 14  60   M    M  10 18     18  50
21  82  70  76  -3   0  11 0.21    M    M  7.1 14  90   M    M   8 1      20 180
22  84  71  78  -1   0  13    T    M    M  5.9 12 100   M    M   6 18     14 100
23  87  72  80   1   0  15 0.00    M    M  3.5 13 260   M    M   6        16 260
24  86  72  79   0   0  14 0.27  0.0    M  7.5 22 270   M    M   2 13     29 280
25  86  70  78  -1   0  13 0.00  0.0    M  4.6 13 260   M    M   1        17 270
26  88  66  77  -2   0  12 0.00  0.0    M  5.2 13 240   M    M   0        16 230
27  91  70  81   2   0  16 0.00  0.0    M  9.8 18 240   M    M   1        24 250
28  87  70  79   0   0  14 0.00  0.0    M 11.0 23 290   M    M   1        30 280
29  82  64  73  -6   0   8 0.00  0.0    M  6.6 15 260   M    M   1        20 250
30  82  59  71  -8   0   6 0.00    M    M  4.0 15 100   M    M   0        18  90
31  78  64  71  -8   0   6 0.03    M    M  7.6 15  60   M    M   6        19  60
================================================================================
SM 2647 2109         0 372  4.27     0.0 199.3          M       92
================================================================================
AV 85.4 68.0                               6.4 FASTST   M    M   3    MAX(MPH)
                                 MISC ---->  # 23 290               # 30  280
================================================================================
NOTES:
# LAST OF SEVERAL OCCURRENCES

COLUMN 17 PEAK WIND IN M.P.H.

PRELIMINARY LOCAL CLIMATOLOGICAL DATA (WS FORM: F-6) , PAGE 2

                                          STATION:  GAINESVILLE
                                          MONTH:    JULY
                                          YEAR:     2014
                                          LATITUDE:   34 16 N
                                          LONGITUDE:  83 50 W

[TEMPERATURE DATA]      [PRECIPITATION DATA]       SYMBOLS USED IN COLUMN 16

AVERAGE MONTHLY: 76.7   TOTAL FOR MONTH:   4.27    1 = FOG OR MIST
DPTR FM NORMAL:  -2.2   DPTR FM NORMAL:   -0.24    2 = FOG REDUCING VISIBILITY
HIGHEST:    93 ON  2    GRTST 24HR  2.10 ON 18-19      TO 1/4 MILE OR LESS
LOWEST:     59 ON 30                               3 = THUNDER
                        SNOW, ICE PELLETS, HAIL    4 = ICE PELLETS
                        TOTAL MONTH:   0.0 INCH    5 = HAIL
                        GRTST 24HR     0.0         6 = FREEZING RAIN OR DRIZZLE
                        GRTST DEPTH:   0           7 = DUSTSTORM OR SANDSTORM:
                                                       VSBY 1/2 MILE OR LESS
                                                   8 = SMOKE OR HAZE
[NO. OF DAYS WITH]      [WEATHER - DAYS WITH]      9 = BLOWING SNOW
                                                   X = TORNADO
MAX 32 OR BELOW:   0    0.01 INCH OR MORE:   9
MAX 90 OR ABOVE:   7    0.10 INCH OR MORE:   6
MIN 32 OR BELOW:   0    0.50 INCH OR MORE:   3
MIN  0 OR BELOW:   0    1.00 INCH OR MORE:   1

[HDD (BASE 65) ]
TOTAL THIS MO.     0    CLEAR  (SCALE 0-3)  22
DPTR FM NORMAL     0    PTCLDY (SCALE 4-7)   7
TOTAL FM JUL 1     0    CLOUDY (SCALE 8-10)  2
DPTR FM NORMAL     0

[CDD (BASE 65) ]
TOTAL THIS MO.   372
DPTR FM NORMAL   -54    [PRESSURE DATA]
TOTAL FM JAN 1   958    HIGHEST SLP 30.26 ON  5
DPTR FM NORMAL    36    LOWEST  SLP 29.82 ON 15

[REMARKS]
#FINAL-07-14#
