412
CXUS54 KJAN 301414
CF6GWO
PRELIMINARY LOCAL CLIMATOLOGICAL DATA (WS FORM: F-6)

                                          STATION:   GREENWOOD
                                          MONTH:     JULY
                                          YEAR:      2016
                                          LATITUDE:   33 30 N
                                          LONGITUDE:  90  5 W

  TEMPERATURE IN F:       :PCPN:    SNOW:  WIND      :SUNSHINE: SKY     :PK WND
================================================================================
1   2   3   4   5  6A  6B    7    8   9   10  11  12  13   14  15   16   17  18
                                     12Z  AVG MX 2MIN
DY MAX MIN AVG DEP HDD CDD  WTR  SNW DPTH SPD SPD DIR MIN PSBL S-S WX    SPD DR
================================================================================

 1  93  66  80  -1   0  15 0.00  0.0    0  1.7  8 330   M    M   1        14 240
 2  95  71  83   2   0  18 0.00  0.0    0  2.5  9 230   M    M   1 18     11 240
 3  94  73  84   3   0  19 0.00  0.0    0  7.4 17 200   M    M   1        21 200
 4  94  76  85   4   0  20    T  0.0    0 11.4 22 210   M    M   4 3      28 200
 5  90  74  82   1   0  17 0.68  0.0    0  7.0 17 210   M    M   4 138    23 230
 6  93  76  85   4   0  20    T  0.0    0  9.9 17 210   M    M   2        23 230
 7  94  77  86   5   0  21 0.00  0.0    0 10.0 21 210   M    M   3        28 200
 8  93  75  84   3   0  19 0.00  0.0    0  6.3 17 210   M    M   1        24 220
 9  94  72  83   2   0  18 0.04  0.0    0  4.1 26  50   M    M   3 138    32  50
10  90  69  80  -1   0  15 0.68  0.0    0  4.1 30 150   M    M   3 13     41 160
11  91  68  80  -1   0  15    T  0.0    0  4.8 14 220   M    M   2 13     17 210
12  93  71  82   1   0  17 0.00  0.0    0  6.4 14 170   M    M   1        17 180
13  93  76  85   4   0  20 0.00  0.0    0  6.8 20 160   M    M   0        25 160
14  91  73  82   1   0  17 0.12  0.0    0  6.4 18 360   M    M   1 13     25 360
15  91  70  81   0   0  16 0.00  0.0    0  2.3  9 160   M    M   3        12 170
16  94  74  84   3   0  19 0.04  0.0    0  2.6 18  80   M    M   1 138    22  80
17  97  72  85   4   0  20 0.00  0.0    0  3.2 18 140   M    M   0        24 140
18  96  73  85   4   0  20 0.00  0.0    0  2.4  7 120   M    M   1        11 240
19  95  75  85   4   0  20 0.00  0.0    0  2.5  9 360   M    M   1 3      11 360
20  97  74  86   5   0  21 0.00  0.0    0  1.5 14  40   M    M   0 1      16  40
21  98  75  87   6   0  22 0.00  0.0    0  1.7  6 180   M    M   0         8 340
22  98  76  87   6   0  22    T  0.0    0  3.5 16  50   M    M   0 3      20  50
23  91  74  83   2   0  18 0.00  0.0    0  4.5 22  50   M    M   1 3      28  60
24  95  73  84   3   0  19 0.00  0.0    0  3.3 12 350   M    M   1 3      17 250
25  96  74  85   4   0  20 0.00  0.0    0  3.5 12 130   M    M   1 1      16 110
26  96  72  84   3   0  19 0.14  0.0    0  4.9 22 150   M    M   2 13     27 140
27  85  74  80  -1   0  15 0.55  0.0    0  6.0 18 190   M    M   7 13     26 190
28  81  73  77  -4   0  12 0.36  0.0    0  8.3 14 210   M    M   8 1      18 210
29  90  74  82   1   0  17 0.00  0.0    0  5.5 13 340   M    M   5        20 330
================================================================================
SM 2698 2120         0 531  2.61     0.0 144.5          M       58
================================================================================
AV 93.0 73.1                               5.0 FASTST   M    M   2    MAX(MPH)
                                 MISC ---->  # 30 150               # 41  160
================================================================================
NOTES:
# LAST OF SEVERAL OCCURRENCES

COLUMN 17 PEAK WIND IN M.P.H.

PRELIMINARY LOCAL CLIMATOLOGICAL DATA (WS FORM: F-6) , PAGE 2

                                          STATION:  GREENWOOD
                                          MONTH:    JULY
                                          YEAR:     2016
                                          LATITUDE:   33 30 N
                                          LONGITUDE:  90  5 W

[TEMPERATURE DATA]      [PRECIPITATION DATA]       SYMBOLS USED IN COLUMN 16

AVERAGE MONTHLY: 83.1   TOTAL FOR MONTH:   2.61    1 = FOG OR MIST
DPTR FM NORMAL:   2.1   DPTR FM NORMAL:   -0.80    2 = FOG REDUCING VISIBILITY
HIGHEST:    98 ON 22,21 GRTST 24HR  0.70 ON  9-10      TO 1/4 MILE OR LESS
LOWEST:     66 ON  1                               3 = THUNDER
                        SNOW, ICE PELLETS, HAIL    4 = ICE PELLETS
                        TOTAL MONTH:   0.0 INCH    5 = HAIL
                        GRTST 24HR     0.0         6 = FREEZING RAIN OR DRIZZLE
                        GRTST DEPTH:   0           7 = DUSTSTORM OR SANDSTORM:
                                                       VSBY 1/2 MILE OR LESS
                                                   8 = SMOKE OR HAZE
[NO. OF DAYS WITH]      [WEATHER - DAYS WITH]      9 = BLOWING SNOW
                                                   X = TORNADO
MAX 32 OR BELOW:   0    0.01 INCH OR MORE:   8
MAX 90 OR ABOVE:  27    0.10 INCH OR MORE:   6
MIN 32 OR BELOW:   0    0.50 INCH OR MORE:   3
MIN  0 OR BELOW:   0    1.00 INCH OR MORE:   0

[HDD (BASE 65) ]
TOTAL THIS MO.     0    CLEAR  (SCALE 0-3)  23
DPTR FM NORMAL     0    PTCLDY (SCALE 4-7)   5
TOTAL FM JUL 1     0    CLOUDY (SCALE 8-10)  1
DPTR FM NORMAL     0

[CDD (BASE 65) ]
TOTAL THIS MO.   531
DPTR FM NORMAL    67    [PRESSURE DATA]
TOTAL FM JAN 1  1333    HIGHEST SLP M ON M
DPTR FM NORMAL   126    LOWEST  SLP 29.87 ON 26

[REMARKS]
