000
CXUS54 KEWX 300910
CF6GYB
PRELIMINARY LOCAL CLIMATOLOGICAL DATA (WS FORM: F-6)

                                          STATION:   Giddings-Lee County Airport
                                          MONTH:     JUNE
                                          YEAR:      2015
                                          LATITUDE:   30 10 N
                                          LONGITUDE:  96 59 W

  TEMPERATURE IN F:       :PCPN:    SNOW:  WIND      :SUNSHINE: SKY     :PK WND
================================================================================
1   2   3   4   5  6A  6B    7    8   9   10  11  12  13   14  15   16   17  18
                                     12Z  AVG MX 2MIN
DY MAX MIN AVG DEP HDD CDD  WTR  SNW DPTH SPD SPD DIR MIN PSBL S-S WX    SPD DR
================================================================================

 1  86  64  75   M   0  10 0.00  0.0    0  0.7  4 170   M    M   1         M  M
 2  88  66  77   M   0  12 0.00  0.0    0  0.5  5 210   M    M   1 18      M  M
 3  88  67  78   M   0  13 0.00  0.0    0  2.7  7 190   M    M   1 1       M  M
 4  89  66  78   M   0  13 0.00    M    0  2.7  8 200   M    M   1 1       M  M
 5  89  67  78   M   0  13 0.00  0.0    0  1.3  6 140   M    M   1 1       M  M
 6  90  67  79   M   0  14 0.00  0.0    0  1.8  7 250   M    M   1 1       M  M
 7  90  68  79   M   0  14 0.00  0.0    0  3.0  8 200   M    M   1 1       M  M
 8  91  67  79   M   0  14 0.00  0.0    0  2.3  8 220   M    M   1 1       M  M
 9  92  69  81   M   0  16 0.00  0.0    0  1.8  7 270   M    M   1         M  M
10  92  71  82   M   0  17 0.00  0.0    0  3.2  8 230   M    M   1         M  M
11  92  71  82   M   0  17 0.00    M    0  5.5 10 240   M    M   2 1       M  M
12  91  73  82   M   0  17 0.05    M    0  5.3 10 130   M    M   2        20 200
13  91  73  82   M   0  17 0.00  0.0    0  6.1 15 130   M    M   4        20 130
14  88  73  81   M   0  16 0.14  0.0    0  5.2 13 140   M    M   5        23 170
15  90  73  82   M   0  17 0.03  0.0    0  4.8 10 130   M    M   5 1       M  M
16  80  73  77   M   0  12 1.40  0.0    0  9.1 23  70   M    M  10        30  70
17  82  73  78   M   0  13 0.01  0.0    0  8.1 15 190   M    M   7        21 170
18  84  73  79   M   0  14 0.40  0.0    0  3.9  9 150   M    M   4 1       M  M
19  88  75  82   M   0  17 0.27  0.0    0  3.0  9 280   M    M   4 18      M  M
20  88  71  80   M   0  15 0.57  0.0    0  4.6  9 150   M    M   5 1      17 150
21  88  73  81   M   0  16 0.00  0.0    0  5.1 12 180   M    M   5 18     20 180
22  90  76  83   M   0  18 0.00  0.0    0  5.4 10 160   M    M   4 1       M  M
23  91  74  83   M   0  18 0.00    M    0  3.9  9 120   M    M   3 1      16 130
24  91  71  81   M   0  16 0.00    M    0  1.7  9 210   M    M   2 1      16 210
25  91  73  82   M   0  17 0.00  0.0    0  2.6  8 230   M    M   3 12      M  M
26  91  75  83   M   0  18 0.00  0.0    0  5.4 12 230   M    M   2 1      16 230
27  90  75  83   M   0  18 0.01  0.0    0  3.0  9 290   M    M   4        22 290
28  89  72  81   M   0  16 0.50  0.0    0  1.4 16 200   M    M   3         M  M
29  91  74  83   M   0  18 0.00  0.0    0  5.9 13 190   M    M   2 18     18 190
================================================================================
SM 2581 2063         0 446  3.38     0.0 110.0          M       86
================================================================================
AV 89.0 71.1                               3.8 FASTST   M    M   3    MAX(MPH)
                                 MISC ---->  # 23  70                 30    M
================================================================================
NOTES:
# LAST OF SEVERAL OCCURRENCES

COLUMN 17 PEAK WIND IN M.P.H.

PRELIMINARY LOCAL CLIMATOLOGICAL DATA (WS FORM: F-6) , PAGE 2

                                          STATION:  Giddings-Lee County Airport
                                          MONTH:    JUNE
                                          YEAR:     2015
                                          LATITUDE:   30 10 N
                                          LONGITUDE:  96 59 W

[TEMPERATURE DATA]      [PRECIPITATION DATA]       SYMBOLS USED IN COLUMN 16

AVERAGE MONTHLY: 80.1   TOTAL FOR MONTH:   3.38    1 = FOG OR MIST
DPTR FM NORMAL:     M   DPTR FM NORMAL:       M    2 = FOG REDUCING VISIBILITY
HIGHEST:    92 ON 11,10 GRTST 24HR  1.40 ON 16-16      TO 1/4 MILE OR LESS
LOWEST:     64 ON  1                               3 = THUNDER
                        SNOW, ICE PELLETS, HAIL    4 = ICE PELLETS
                        TOTAL MONTH:   0.0 INCH    5 = HAIL
                        GRTST 24HR     0.0         6 = FREEZING RAIN OR DRIZZLE
                        GRTST DEPTH:   0           7 = DUSTSTORM OR SANDSTORM:
                                                       VSBY 1/2 MILE OR LESS
                                                   8 = SMOKE OR HAZE
[NO. OF DAYS WITH]      [WEATHER - DAYS WITH]      9 = BLOWING SNOW
                                                   X = TORNADO
MAX 32 OR BELOW:   0    0.01 INCH OR MORE:  10
MAX 90 OR ABOVE:  16    0.10 INCH OR MORE:   6
MIN 32 OR BELOW:   0    0.50 INCH OR MORE:   3
MIN  0 OR BELOW:   0    1.00 INCH OR MORE:   1

[HDD (BASE 65) ]
TOTAL THIS MO.     0    CLEAR  (SCALE 0-3)  17
DPTR FM NORMAL     M    PTCLDY (SCALE 4-7)  11
TOTAL FM JUL 1  1850    CLOUDY (SCALE 8-10)  1
DPTR FM NORMAL     M

[CDD (BASE 65) ]
TOTAL THIS MO.   446
DPTR FM NORMAL     M    [PRESSURE DATA]
TOTAL FM JAN 1   963    HIGHEST SLP M ON M
DPTR FM NORMAL     M    LOWEST  SLP M ON M

[REMARKS]
