000
CXUS54 KJAN 291000
CF6HBG
PRELIMINARY LOCAL CLIMATOLOGICAL DATA (WS FORM: F-6)

                                          STATION:   HATTIESBURG
                                          MONTH:     MAY
                                          YEAR:      2016
                                          LATITUDE:   31 16 N
                                          LONGITUDE:  89 15 W

  TEMPERATURE IN F:       :PCPN:    SNOW:  WIND      :SUNSHINE: SKY     :PK WND
================================================================================
1   2   3   4   5  6A  6B    7    8   9   10  11  12  13   14  15   16   17  18
                                     12Z  AVG MX 2MIN
DY MAX MIN AVG DEP HDD CDD  WTR  SNW DPTH SPD SPD DIR MIN PSBL S-S WX    SPD DR
================================================================================

 1  76  62  69  -1   0   4 0.21  0.0    0  3.7 41 140   M    M   5 13     47 140
 2  82  64  73   3   0   8    T  0.0    0  3.0 16 310   M    M   6 123    21 220
 3  77  61  69  -1   0   4 0.00  0.0    0  6.4 12 340   M    M   7 1      16 330
 4  78  52  65  -6   0   0 0.00  0.0    0  8.0 18 290   M    M   1        26 280
 5  77  52  65  -6   0   0 0.00  0.0    0  6.5 20 300   M    M   0        27 300
 6  76  46  61 -10   4   0 0.00  0.0    0  4.4 16 310   M    M   0        22 300
 7  83  48  66  -6   0   1 0.00  0.0    0  1.1  9 160   M    M   0        12 150
 8  83  53  68  -4   0   3 0.00  0.0    0  6.4 21 150   M    M   0        25 160
 9  80  62  71  -1   0   6 0.00  0.0    0  7.7 26 160   M    M   3        33 160
10  89  66  78   6   0  13 0.00  0.0    0  9.6 18 170   M    M   1        25 170
11  89  69  79   6   0  14 0.00  0.0    0  5.4 14 160   M    M   4        20 200
12  89  68  79   6   0  14 0.00  0.0    0  3.4 13 190   M    M   4 12     16 290
13  86  61  74   1   0   9 0.02  0.0    0  5.5 14 320   M    M   1 13     20 340
14  87  55  71  -2   0   6 0.00  0.0    0  2.9 13 350   M    M   0        18 340
15  74  61  68  -6   0   3 0.00  0.0    0  5.0 13  40   M    M   2        17  20
16  82  61  72  -2   0   7    T  0.0    0  4.4 15 170   M    M   1        19 140
17  75  67  71  -3   0   6 1.33  0.0    0  4.4 17 300   M    M  10 13     20 290
18  82  67  75   1   0  10 0.00  0.0    0  4.9 12 330   M    M   7 1      16 320
19  82  64  73  -2   0   8 0.48  0.0    0  2.8 36 190   M    M   4 13     46 190
20  86  66  76   1   0  11 0.42  0.0    0  4.9 13 130   M    M   5 13     16  90
21  88  67  78   3   0  13 0.00  0.0    0  4.1 13 310   M    M   4 1      17 310
22  83  60  72  -3   0   7 0.00  0.0    0  3.5 13  30   M    M   0        17  10
23  86  55  71  -4   0   6 0.00  0.0    0  2.2 10 170   M    M   0        13 250
24  89  59  74  -2   0   9 0.00  0.0    0  4.9 14 150   M    M   0        20 130
25  89  61  75  -1   0  10 0.00  0.0    0  6.0 17 150   M    M   2 1      20 140
26  89  69  79   3   0  14 0.00  0.0    0  6.1 16 170   M    M   2        21 180
27  87  72  80   4   0  15 0.00  0.0    0  7.6 21 140   M    M   0        26 160
28  85  67  76   0   0  11 0.00  0.0    0  5.0 18 140   M    M   1        24 130
================================================================================
SM 2329 1715         4 212  2.46     0.0 139.8          M       70
================================================================================
AV 83.2 61.2                               5.0 FASTST   M    M   3    MAX(MPH)
                                 MISC ---->  # 41 140               # 47  140
================================================================================
NOTES:
# LAST OF SEVERAL OCCURRENCES

COLUMN 17 PEAK WIND IN M.P.H.

PRELIMINARY LOCAL CLIMATOLOGICAL DATA (WS FORM: F-6) , PAGE 2

                                          STATION:  HATTIESBURG
                                          MONTH:    MAY
                                          YEAR:     2016
                                          LATITUDE:   31 16 N
                                          LONGITUDE:  89 15 W

[TEMPERATURE DATA]      [PRECIPITATION DATA]       SYMBOLS USED IN COLUMN 16

AVERAGE MONTHLY: 72.2   TOTAL FOR MONTH:   2.46    1 = FOG OR MIST
DPTR FM NORMAL:  -1.1   DPTR FM NORMAL:   -2.02    2 = FOG REDUCING VISIBILITY
HIGHEST:    89 ON 26,25 GRTST 24HR  1.33 ON 17-17      TO 1/4 MILE OR LESS
LOWEST:     46 ON  6                               3 = THUNDER
                        SNOW, ICE PELLETS, HAIL    4 = ICE PELLETS
                        TOTAL MONTH:   0.0 INCH    5 = HAIL
                        GRTST 24HR     0.0         6 = FREEZING RAIN OR DRIZZLE
                        GRTST DEPTH:   0           7 = DUSTSTORM OR SANDSTORM:
                                                       VSBY 1/2 MILE OR LESS
                                                   8 = SMOKE OR HAZE
[NO. OF DAYS WITH]      [WEATHER - DAYS WITH]      9 = BLOWING SNOW
                                                   X = TORNADO
MAX 32 OR BELOW:   0    0.01 INCH OR MORE:   5
MAX 90 OR ABOVE:   0    0.10 INCH OR MORE:   4
MIN 32 OR BELOW:   0    0.50 INCH OR MORE:   1
MIN  0 OR BELOW:   0    1.00 INCH OR MORE:   1

[HDD (BASE 65) ]
TOTAL THIS MO.     4    CLEAR  (SCALE 0-3)  18
DPTR FM NORMAL    -1    PTCLDY (SCALE 4-7)   9
TOTAL FM JUL 1  1383    CLOUDY (SCALE 8-10)  1
DPTR FM NORMAL  -600

[CDD (BASE 65) ]
TOTAL THIS MO.   212
DPTR FM NORMAL   -27    [PRESSURE DATA]
TOTAL FM JAN 1   417    HIGHEST SLP M ON M
DPTR FM NORMAL    38    LOWEST  SLP 29.79 ON 20

[REMARKS]
