000
CXUS54 KJAN 011200
CF6HBG
PRELIMINARY LOCAL CLIMATOLOGICAL DATA (WS FORM: F-6)

                                          STATION:   HATTIESBURG
                                          MONTH:     JANUARY
                                          YEAR:      2015
                                          LATITUDE:   31 16 N
                                          LONGITUDE:  89 15 W

  TEMPERATURE IN F:       :PCPN:    SNOW:  WIND      :SUNSHINE: SKY     :PK WND
================================================================================
1   2   3   4   5  6A  6B    7    8   9   10  11  12  13   14  15   16   17  18
                                     12Z  AVG MX 2MIN
DY MAX MIN AVG DEP HDD CDD  WTR  SNW DPTH SPD SPD DIR MIN PSBL S-S WX    SPD DR
================================================================================

 1  53  37  45  -4  20   0    T  0.0    0  3.8 10  60   M    M   4        13  70
 2  67  50  59  10   6   0 0.01  0.0    0  4.5 16 140   M    M  10 1      19 150
 3  76  65  71  22   0   6 2.24  0.0    0 10.3 23 180   M    M   9 13     31 170
 4  65  43  54   5  11   0 0.28  0.0    0  9.6 17 320   M    M   3 1      22 310
 5  52  31  42  -7  23   0 0.00  0.0    0  6.3 17 340   M    M   0        22 350
 6  64  28  46  -3  19   0 0.00  0.0    0  2.1 13 350   M    M   0        17 320
 7  53  25  39 -10  26   0 0.00  0.0    0 11.3 24 360   M    M   3        31 360
 8  38  16  27 -22  38   0 0.00  0.0    0  5.6 21  10   M    M   2        29  10
 9  37  30  34 -15  31   0 0.01    T    0  4.7 10 340   M    M   8 4      14 360
10  50  28  39 -10  26   0 0.00  0.0    0  3.5 12  70   M    M   0        15  30
11  58  31  45  -4  20   0 0.00  0.0    0  3.8 12 130   M    M   4        15 110
12  68  52  60  11   5   0 0.07  0.0    M  4.6 14 340   M    M  10 1      18 350
13  52  40  46  -3  19   0 0.00  0.0    0  9.2 14 360   M    M  10 1      19  10
14  44  38  41  -7  24   0 0.00  0.0    0  6.8 13  20   M    M  10        17  20
15  43  32  38 -10  27   0 0.49  0.0    0  4.7 10 340   M    M   9 1      14 330
16  57  28  43  -5  22   0 0.00  0.0    0  2.3  8 320   M    M   0 1      12  40
17  66  30  48   0  17   0 0.00  0.0    0  3.6 15 190   M    M   1 1      20 200
18  67  35  51   3  14   0 0.00  0.0    0  4.2 17 340   M    M   0        21 350
19  70  29  50   2  15   0 0.00  0.0    0  3.5 13 190   M    M   0        17 190
20  69  37  53   5  12   0 0.00  0.0    0  2.0 14 190   M    M   2        17 180
21  69  38  54   6  11   0 0.00  0.0    0  4.2 13  30   M    M   0 1      17  20
22  58  44  51   3  14   0 1.81  0.0    0  7.6 17  50   M    M   7 1      24  50
23  48  40  44  -4  21   0 0.43  0.0    0  9.9 20 310   M    M  10 1      26 290
24  56  33  45  -3  20   0 0.01  0.0    0  5.3 18 310   M    M   2 1      23 310
25  67  33  50   2  15   0 0.00  0.0    0  7.7 21 230   M    M   0        29 230
26  59  37  48  -1  17   0 0.00  0.0    0  7.8 20 320   M    M   0        26 320
27  71  36  54   5  11   0 0.00  0.0    0  5.5 17 310   M    M   0        24 310
28  68  34  51   2  14   0 0.00  0.0    0  2.0  9  90   M    M   0        12 120
29  77  35  56   7   9   0 0.00  0.0    0  5.7 18 210   M    M   1        23 220
30  61  38  50   1  15   0 0.00  0.0    0  7.2 20  30   M    M   0        27  30
31  63  29  46  -3  19   0 0.00  0.0    0  2.5 12 140   M    M   1        16 140
================================================================================
SM 1846 1102       541   6  5.35    T    171.8          M      106
================================================================================
AV 59.5 35.5                               5.5 FASTST   M    M   3    MAX(MPH)
                                 MISC ---->  # 24 360               # 31  170
================================================================================
NOTES:
# LAST OF SEVERAL OCCURRENCES

COLUMN 17 PEAK WIND IN M.P.H.

PRELIMINARY LOCAL CLIMATOLOGICAL DATA (WS FORM: F-6) , PAGE 2

                                          STATION:  HATTIESBURG
                                          MONTH:    JANUARY
                                          YEAR:     2015
                                          LATITUDE:   31 16 N
                                          LONGITUDE:  89 15 W

[TEMPERATURE DATA]      [PRECIPITATION DATA]       SYMBOLS USED IN COLUMN 16

AVERAGE MONTHLY: 47.5   TOTAL FOR MONTH:   5.35    1 = FOG OR MIST
DPTR FM NORMAL:  -1.1   DPTR FM NORMAL:   -0.39    2 = FOG REDUCING VISIBILITY
HIGHEST:    77 ON 29    GRTST 24HR  2.50 ON  3- 4      TO 1/4 MILE OR LESS
LOWEST:     16 ON  8                               3 = THUNDER
                        SNOW, ICE PELLETS, HAIL    4 = ICE PELLETS
                        TOTAL MONTH:    T          5 = HAIL
                        GRTST 24HR    T  ON  9- 9  6 = FREEZING RAIN OR DRIZZLE
                        GRTST DEPTH:   0           7 = DUSTSTORM OR SANDSTORM:
                                                       VSBY 1/2 MILE OR LESS
                                                   8 = SMOKE OR HAZE
[NO. OF DAYS WITH]      [WEATHER - DAYS WITH]      9 = BLOWING SNOW
                                                   X = TORNADO
MAX 32 OR BELOW:   0    0.01 INCH OR MORE:   9
MAX 90 OR ABOVE:   0    0.10 INCH OR MORE:   5
MIN 32 OR BELOW:  12    0.50 INCH OR MORE:   2
MIN  0 OR BELOW:   0    1.00 INCH OR MORE:   2

[HDD (BASE 65) ]
TOTAL THIS MO.   541    CLEAR  (SCALE 0-3)  20
DPTR FM NORMAL    27    PTCLDY (SCALE 4-7)   4
TOTAL FM JUL 1  1290    CLOUDY (SCALE 8-10)  7
DPTR FM NORMAL    -9

[CDD (BASE 65) ]
TOTAL THIS MO.     6
DPTR FM NORMAL     0    [PRESSURE DATA]
TOTAL FM JAN 1     6    HIGHEST SLP 30.69 ON  7
DPTR FM NORMAL     6    LOWEST  SLP 29.81 ON 25

[REMARKS]
#FINAL-01-15#
