000
CXUS54 KOUN 270800
CF6HBR
PRELIMINARY LOCAL CLIMATOLOGICAL DATA (WS FORM: F-6)

                                          STATION:   HOBART
                                          MONTH:     MAY
                                          YEAR:      2015
                                          LATITUDE:   35  0 N
                                          LONGITUDE:  99  3 W

  TEMPERATURE IN F:       :PCPN:    SNOW:  WIND      :SUNSHINE: SKY     :PK WND
================================================================================
1   2   3   4   5  6A  6B    7    8   9   10  11  12  13   14  15   16   17  18
                                     12Z  AVG MX 2MIN
DY MAX MIN AVG DEP HDD CDD  WTR  SNW DPTH SPD SPD DIR MIN PSBL S-S WX    SPD DR
================================================================================

 1  78  51  65   1   0   0 0.00  0.0    0  7.9 15 170   M    M   0        19 180
 2  80  53  67   3   0   2 0.00  0.0    0 11.1 20 200   M    M   0        24 210
 3  81  57  69   4   0   4    T  0.0    0 15.6 25 170   M    M   0        31 170
 4  81  59  70   5   0   5 0.00  0.0    0 15.8 25 150   M    M   1        32 160
 5  68  57  63  -3   2   0 1.00  0.0    0 15.6 30 250   M    M   9 13     39 260
 6  83  57  70   4   0   5 0.04  0.0    0 16.1 35 180   M    M   6 13     42 180
 7  70  55  63  -3   2   0 2.28  0.0    0 13.0 29 170   M    M   6 123    38 170
 8  68  54  61  -5   4   0 3.68  0.0    0   M   M   M   M    M   9 123     M  M
 9  74  58  66  -1   0   1 0.47  0.0    0   M   M   M   M    M   6 123     M  M
10  75  55  65  -2   0   0 0.05  0.0    0 11.2 28 170   M    M   4 13     34 170
11  69  45  57 -11   8   0 0.00  0.0    0   M   M   M   M    M   0         M  M
12  72  48  60  -8   5   0 0.00  0.0    0   M   M   M   M    M   1         M  M
13  64  58  61  -7   4   0 0.83  0.0    0   M   M   M   M    M  10 13      M  M
14  85  61  73   5   0   8 0.00  0.0    0 13.6 18 200   M    M   4 13     23 220
15  82  61  72   3   0   7 0.52  0.0    0 16.3 28 170   M    M   0 13     36 170
16  75  63  69   0   0   4 0.49  0.0    0 16.2 31 290   M    M   6 13     46 300
17  83  54  69  -1   0   4 0.00  0.0    0  9.7 22 220   M    M   0        26 220
18  87  54  71   1   0   6 0.00  0.0    0  8.1 20  70   M    M   3 123    26  80
19  67  60  64  -6   1   0 2.83  0.0    0 14.4 37 330   M    M   9 123    50 310
20  63  51  57 -13   8   0    T  0.0    0 15.5 23 360   M    M  10 1      28 360
21  67  51  59 -12   6   0 0.00  0.0    0 10.5 17  70   M    M   9        22  30
22  64  53  59 -12   6   0 0.79  0.0    0 11.2 21 120   M    M  10 1      26 130
23  76  56  66  -6   0   1 2.28  0.0    0 16.9 33 200   M    M  10 123    55 180
24  79  59  69  -3   0   4    T  0.0    0 10.8 28 110   M    M   5        33 120
25  71  54  63  -9   2   0 0.32  0.0    0 12.5 32 240   M    M   3 13     39 220
26  86  52  69  -3   0   4    T  0.0    0  9.8 31 170   M    M   3 3      40 170
================================================================================
SM 1948 1436        48  55 15.58     0.0 271.8          M      124
================================================================================
AV 74.9 55.2                              12.9 FASTST   M    M   5    MAX(MPH)
                                 MISC ---->  # 37 330               # 55  180
================================================================================
NOTES:
# LAST OF SEVERAL OCCURRENCES

COLUMN 17 PEAK WIND IN M.P.H.

PRELIMINARY LOCAL CLIMATOLOGICAL DATA (WS FORM: F-6) , PAGE 2

                                          STATION:  HOBART
                                          MONTH:    MAY
                                          YEAR:     2015
                                          LATITUDE:   35  0 N
                                          LONGITUDE:  99  3 W

[TEMPERATURE DATA]      [PRECIPITATION DATA]       SYMBOLS USED IN COLUMN 16

AVERAGE MONTHLY: 65.1   TOTAL FOR MONTH:  15.58    1 = FOG OR MIST
DPTR FM NORMAL:  -3.2   DPTR FM NORMAL:   12.55    2 = FOG REDUCING VISIBILITY
HIGHEST:    87 ON 18    GRTST 24HR  4.12 ON  8- 9      TO 1/4 MILE OR LESS
LOWEST:     45 ON 11                               3 = THUNDER
                        SNOW, ICE PELLETS, HAIL    4 = ICE PELLETS
                        TOTAL MONTH:   0.0 INCH    5 = HAIL
                        GRTST 24HR     0.0         6 = FREEZING RAIN OR DRIZZLE
                        GRTST DEPTH:   0           7 = DUSTSTORM OR SANDSTORM:
                                                       VSBY 1/2 MILE OR LESS
                                                   8 = SMOKE OR HAZE
[NO. OF DAYS WITH]      [WEATHER - DAYS WITH]      9 = BLOWING SNOW
                                                   X = TORNADO
MAX 32 OR BELOW:   0    0.01 INCH OR MORE:  13
MAX 90 OR ABOVE:   0    0.10 INCH OR MORE:  11
MIN 32 OR BELOW:   0    0.50 INCH OR MORE:   8
MIN  0 OR BELOW:   0    1.00 INCH OR MORE:   5

[HDD (BASE 65) ]
TOTAL THIS MO.    48    CLEAR  (SCALE 0-3)  10
DPTR FM NORMAL     5    PTCLDY (SCALE 4-7)   8
TOTAL FM JUL 1  3471    CLOUDY (SCALE 8-10)  8
DPTR FM NORMAL  -191

[CDD (BASE 65) ]
TOTAL THIS MO.    55
DPTR FM NORMAL   -73    [PRESSURE DATA]
TOTAL FM JAN 1   102    HIGHEST SLP M ON M
DPTR FM NORMAL   -70    LOWEST  SLP 29.63 ON 25

[REMARKS]
