000
CXUS54 KEWX 290910
CF6HDO
PRELIMINARY LOCAL CLIMATOLOGICAL DATA (WS FORM: F-6)

                                          STATION:   HONDO
                                          MONTH:     DECEMBER
                                          YEAR:      2014
                                          LATITUDE:   29 21 N
                                          LONGITUDE:  99 10 W

  TEMPERATURE IN F:       :PCPN:    SNOW:  WIND      :SUNSHINE: SKY     :PK WND
================================================================================
1   2   3   4   5  6A  6B    7    8   9   10  11  12  13   14  15   16   17  18
                                     12Z  AVG MX 2MIN
DY MAX MIN AVG DEP HDD CDD  WTR  SNW DPTH SPD SPD DIR MIN PSBL S-S WX    SPD DR
================================================================================

 1  70  44  57   2   8   0 0.00    M    M 11.6 24  20   M    M   9 12     27  10
 2  53  43  48  -6  17   0 0.00    M    M  5.9 13  30   M    M  10 1      14  30
 3  58  47  53  -1  12   0    T    M    M  2.0  7 130   M    M  10 12      8 140
 4  68  57  63   9   2   0    T    M    M  5.2 10 150   M    M  10 12     14 150
 5  70  53  62   8   3   0    T    M    M  6.1 13 150   M    M   7 1      16 160
 6  73  49  61   8   4   0 0.00    M    M  9.1 20  30   M    M   0 1      24  30
 7  66  46  56   3   9   0 0.00    M    M  7.2 14  50   M    M   6 1      18  70
 8  70  47  59   6   6   0    T    M    M  4.6 13 170   M    M   6        15 170
 9  70  42  56   3   9   0 0.00    M    M  5.4  9 140   M    M   3 18     13 160
10  70  50  60   8   5   0    T    M    M  6.1 17 160   M    M   9 1      21 180
11  68  59  64  12   1   0 0.02    M    M  7.8 14 140   M    M  10 1      18 120
12  74  59  67  15   0   2 0.00    M    M  8.5 16 170   M    M   9        19 160
13  74  48  61   9   4   0 0.00    M    M  7.4 15 150   M    M   6 1      20 140
14  70  54  62  10   3   0    T    M    M  8.4 20 160   M    M   8 1      23 160
15  78  42  60   8   5   0 0.00    M    M  7.0 21 360   M    M   2 12     25 360
16  67  40  54   2  11   0 0.00    M    M  9.0 17  40   M    M   5        21  50
17  58  48  53   2  12   0 0.08    M    M  7.4 16 100   M    M  10 1      20 110
18  71  58  65  14   0   0 0.03    M    M  6.9 14  80   M    M   8 12     16  80
19  67  43  55   4  10   0 0.12    M    M 10.1 17  20   M    M   6 1      22  40
20  61  37  49  -2  16   0 0.00    M    M  6.3 14  50   M    M   6        17  50
21  55  49  52   1  13   0 0.00    M    M  6.0 14 250   M    M  10 1      17 220
22  74  52  63  12   2   0 0.00    M    M  6.2 14 250   M    M   5 1      17 250
23  58  38  48  -3  17   0    T    M    M 15.8 29  20   M    M   4        36  20
24  59  28  44  -7  21   0 0.00    M    M  9.7 24 320   M    M   2        30 320
25  67  23  45  -6  20   0 0.00    M    M 10.5 26 190   M    M   0        31 170
26  74  51  63  12   2   0    T    M    M  5.6 14 140   M    M   5 1      18 130
27  65  45  55   4  10   0    T    M    M 13.3 28  10   M    M  10 1      32  10
28  50  32  41 -10  24   0 0.17    M    0  7.8 23  30   M    M   6 1      28  30
================================================================================
SM 1858 1284       246   2  0.42    M    216.9          M      182
================================================================================
AV 66.4 45.9                               7.7 FASTST   M    M   7    MAX(MPH)
                                 MISC ---->  # 29  20               # 36   20
================================================================================
NOTES:
# LAST OF SEVERAL OCCURRENCES

COLUMN 17 PEAK WIND IN M.P.H.

PRELIMINARY LOCAL CLIMATOLOGICAL DATA (WS FORM: F-6) , PAGE 2

                                          STATION:  HONDO
                                          MONTH:    DECEMBER
                                          YEAR:     2014
                                          LATITUDE:   29 21 N
                                          LONGITUDE:  99 10 W

[TEMPERATURE DATA]      [PRECIPITATION DATA]       SYMBOLS USED IN COLUMN 16

AVERAGE MONTHLY: 56.1   TOTAL FOR MONTH:   0.42    1 = FOG OR MIST
DPTR FM NORMAL:   4.0   DPTR FM NORMAL:   -0.60    2 = FOG REDUCING VISIBILITY
HIGHEST:    78 ON 15    GRTST 24HR  0.17 ON 28-28      TO 1/4 MILE OR LESS
LOWEST:     23 ON 25                               3 = THUNDER
                        SNOW, ICE PELLETS, HAIL    4 = ICE PELLETS
                        TOTAL MONTH:    M          5 = HAIL
                        GRTST 24HR    M  ON   M    6 = FREEZING RAIN OR DRIZZLE
                        GRTST DEPTH:   0           7 = DUSTSTORM OR SANDSTORM:
                                                       VSBY 1/2 MILE OR LESS
                                                   8 = SMOKE OR HAZE
[NO. OF DAYS WITH]      [WEATHER - DAYS WITH]      9 = BLOWING SNOW
                                                   X = TORNADO
MAX 32 OR BELOW:   0    0.01 INCH OR MORE:   5
MAX 90 OR ABOVE:   0    0.10 INCH OR MORE:   2
MIN 32 OR BELOW:   3    0.50 INCH OR MORE:   0
MIN  0 OR BELOW:   0    1.00 INCH OR MORE:   0

[HDD (BASE 65) ]
TOTAL THIS MO.   246    CLEAR  (SCALE 0-3)   4
DPTR FM NORMAL  -125    PTCLDY (SCALE 4-7)  12
TOTAL FM JUL 1   636    CLOUDY (SCALE 8-10) 12
DPTR FM NORMAL    36

[CDD (BASE 65) ]
TOTAL THIS MO.     2
DPTR FM NORMAL    -1    [PRESSURE DATA]
TOTAL FM JAN 1  3144    HIGHEST SLP M ON M
DPTR FM NORMAL   223    LOWEST  SLP 29.58 ON 23

[REMARKS]
