000
CXUS51 KLWX 240620
CF6HGR
PRELIMINARY LOCAL CLIMATOLOGICAL DATA (WS FORM: F-6)

                                          STATION:   HAGERSTOWN MD
                                          MONTH:     MAY
                                          YEAR:      2015
                                          LATITUDE:   39 42 N
                                          LONGITUDE:  77 43 W

  TEMPERATURE IN F:       :PCPN:    SNOW:  WIND      :SUNSHINE: SKY     :PK WND
================================================================================
1   2   3   4   5  6A  6B    7    8   9   10  11  12  13   14  15   16   17  18
                                     12Z  AVG MX 2MIN
DY MAX MIN AVG DEP HDD CDD  WTR  SNW DPTH SPD SPD DIR MIN PSBL S-S WX    SPD DR
================================================================================

 1  66  50  58   0   7   0 0.04    M    M  4.9 17 340   M    M   8        23 320
 2  74  51  63   5   2   0 0.00    M    M  4.2 13 290   M    M   4        19 310
 3  79  50  65   7   0   0 0.00    M    M  5.5 14 280   M    M   1        20 290
 4  85  56  71  13   0   6 0.00    M    M  6.7 17 180   M    M   2        22 170
 5  81  62  72  13   0   7    T    M    M  2.7  9 190   M    M   2        14 360
 6  82  58  70  11   0   5 0.16    M    M  5.1 17  10   M    M   3 138    22  10
 7  80  57  69  10   0   4 0.00    M    M  4.7 10 220   M    M   3 18     14 240
 8  84  63  74  14   0   9 0.00    M    M  5.7 14 170   M    M   0 8      18 190
 9  80  63  72  12   0   7 0.00    M    M  8.0 17 150   M    M   1 18     21 150
10  84  65  75  15   0  10 0.00    M    M  9.1 20 170   M    M   2        23 170
11  86  67  77  17   0  12 0.01    M    M  8.1 14 160   M    M   1 3      21 150
12  86  66  76  15   0  11    T    M    M 13.2 31 280   M    M   2        38 280
13  63  53  58  -3   7   0 0.00    M    M 14.1 25 310   M    M   8        31 310
14  69  44  57  -4   8   0 0.00    M    M  4.7 13 340   M    M   0        18 330
15  77  55  66   4   0   1 0.00    M    M  9.2 16 160   M    M   2        22 170
16  86  64  75  13   0  10 0.16    M    M  5.8 25 320   M    M   2 138    29 320
17  81  67  74  12   0   9 0.02    M    M  4.1 13  30   M    M   6 1      16  30
18  89  69  79  17   0  14 0.22    M    M  3.8 13 270   M    M   4 1      16 290
19  88  63  76  13   0  11 0.04    M    M  9.3 24 280   M    M   5 1      32 280
20  67  53  60  -3   5   0 0.00    M    M 11.4 23 320   M    M   3        29 320
21  56  51  54  -9  11   0 0.06    M    M  3.5 14 320   M    M  10 18     18 310
22  75  46  61  -3   4   0 0.00    M    M 11.4 32 280   M    M   2        40 280
23  74  44  59  -5   6   0 0.00    M    M  4.6 17 330   M    M   0        22 320
================================================================================
SM 1792 1317        50 116  0.71    M    159.8          M       71
================================================================================
AV 77.9 57.3                               6.9 FASTST   M    M   3    MAX(MPH)
                                 MISC ---->  # 32 280               # 40  280
================================================================================
NOTES:
# LAST OF SEVERAL OCCURRENCES

COLUMN 17 PEAK WIND IN M.P.H.

PRELIMINARY LOCAL CLIMATOLOGICAL DATA (WS FORM: F-6) , PAGE 2

                                          STATION:  HAGERSTOWN MD
                                          MONTH:    MAY
                                          YEAR:     2015
                                          LATITUDE:   39 42 N
                                          LONGITUDE:  77 43 W

[TEMPERATURE DATA]      [PRECIPITATION DATA]       SYMBOLS USED IN COLUMN 16

AVERAGE MONTHLY: 67.6   TOTAL FOR MONTH:   0.71    1 = FOG OR MIST
DPTR FM NORMAL:   6.8   DPTR FM NORMAL:   -2.15    2 = FOG REDUCING VISIBILITY
HIGHEST:    89 ON 18    GRTST 24HR  0.34 ON 30- 1      TO 1/4 MILE OR LESS
LOWEST:     44 ON 23,14                            3 = THUNDER
                        SNOW, ICE PELLETS, HAIL    4 = ICE PELLETS
                        TOTAL MONTH:    M          5 = HAIL
                        GRTST 24HR    M  ON   M    6 = FREEZING RAIN OR DRIZZLE
                        GRTST DEPTH:  M  ON   M    7 = DUSTSTORM OR SANDSTORM:
                                                       VSBY 1/2 MILE OR LESS
                                                   8 = SMOKE OR HAZE
[NO. OF DAYS WITH]      [WEATHER - DAYS WITH]      9 = BLOWING SNOW
                                                   X = TORNADO
MAX 32 OR BELOW:   0    0.01 INCH OR MORE:   8
MAX 90 OR ABOVE:   0    0.10 INCH OR MORE:   3
MIN 32 OR BELOW:   0    0.50 INCH OR MORE:   0
MIN  0 OR BELOW:   0    1.00 INCH OR MORE:   0

[HDD (BASE 65) ]
TOTAL THIS MO.    50    CLEAR  (SCALE 0-3)  15
DPTR FM NORMAL   -82    PTCLDY (SCALE 4-7)   6
TOTAL FM JUL 1  5129    CLOUDY (SCALE 8-10)  2
DPTR FM NORMAL   -17

[CDD (BASE 65) ]
TOTAL THIS MO.   116
DPTR FM NORMAL    83    [PRESSURE DATA]
TOTAL FM JAN 1   118    HIGHEST SLP M ON M
DPTR FM NORMAL    70    LOWEST  SLP 29.83 ON M

[REMARKS]
