000
CXUS55 KLOX 271655
CF6HHR
PRELIMINARY LOCAL CLIMATOLOGICAL DATA (WS FORM: F-6)

                                          STATION:   HAWTHORNE AIRPORT CA
                                          MONTH:     DECEMBER
                                          YEAR:      2014
                                          LATITUDE:   33 55 N
                                          LONGITUDE: 118 20 W

  TEMPERATURE IN F:       :PCPN:    SNOW:  WIND      :SUNSHINE: SKY     :PK WND
================================================================================
1   2   3   4   5  6A  6B    7    8   9   10  11  12  13   14  15   16   17  18
                                     12Z  AVG MX 2MIN
DY MAX MIN AVG DEP HDD CDD  WTR  SNW DPTH SPD SPD DIR MIN PSBL S-S WX    SPD DR
================================================================================

 1  70  60  65   6   0   0 0.00  0.0    0  1.0  7 240   M    M   1        10  70
 2  65  58  62   3   3   0 1.32  0.0    0  6.4 18  90   M    M   9 1      23  90
 3  67  60  64   6   1   0 0.23  0.0    0  4.0 10 110   M    M  10 1      15  80
 4  70  59  65   7   0   0 0.00  0.0    0  3.5 13 260   M    M   4 18     16 260
 5  70  59  65   7   0   0 0.00  0.0    0  1.3 10 270   M    M   1        12 270
 6  70  57  64   6   1   0 0.00  0.0    0  2.8 12 260   M    M   0 18     15 300
 7  74  56  65   7   0   0 0.00  0.0    0  1.3 13 270   M    M   0        16 270
 8  78  56  67   9   0   2 0.00  0.0    0  2.0 15 260   M    M   0 8      18 250
 9  76  55  66   8   0   1 0.00  0.0    0  2.2 13 260   M    M   0 8      16 260
10  72  55  64   6   1   0 0.00  0.0    0  2.1  9 260   M    M   3 128    11 270
11  67  62  65   8   0   0    T  0.0    0  8.7 20 120   M    M  10 18     24 140
12  65  56  61   4   4   0 1.58  0.0    0  8.6 28 130   M    M   8 1      39 140
13  66  50  58   1   7   0 0.00  0.0    0  3.0 13 250   M    M   0 8      16 270
14  66  51  59   2   6   0 0.00  0.0    0  1.8  9 250   M    M   0        11 260
15  66  51  59   2   6   0    T  0.0    0  2.4 12 110   M    M   2        16  90
16  62  55  59   2   6   0 0.60  0.0    0  4.1 10  80   M    M   9 1      14  40
17  65  53  59   2   6   0 0.40  0.0    0  2.7 15 250   M    M   3 13     22 180
18  63  51  57   0   8   0    T  0.0    0  1.6  9 240   M    M   5        11 250
19  67  51  59   2   6   0 0.00  0.0    0  2.4 12 260   M    M   0 8      15 260
20  65  52  59   2   6   0 0.00  0.0    0  2.0  8 260   M    M   2        13 300
21  68  54  61   4   4   0 0.00  0.0    0  1.9  9 270   M    M   1 18     14 260
22  72  52  62   5   3   0 0.00  0.0    0  1.6 10 240   M    M   0 18     13 250
23  83  53  68  11   0   3 0.00  0.0    0  1.2  9 260   M    M   0 18     10 260
24  76  59  68  11   0   3 0.00  0.0    0  3.2 13 250   M    M   1        15 250
25  66  52  59   2   6   0    T  0.0    0  8.0 17 350   M    M   1 8      32 320
26  64  44  54  -3  11   0 0.00  0.0    0  2.1 12 250   M    M   0 8      15 250
================================================================================
SM 1793 1421        85   9  4.13     0.0  81.9          M       70
================================================================================
AV 69.0 54.7                               3.2 FASTST   M    M   3    MAX(MPH)
                                 MISC ---->  # 28 130               # 39  140
================================================================================
NOTES:
# LAST OF SEVERAL OCCURRENCES

COLUMN 17 PEAK WIND IN M.P.H.

PRELIMINARY LOCAL CLIMATOLOGICAL DATA (WS FORM: F-6) , PAGE 2

                                          STATION:  HAWTHORNE AIRPORT CA
                                          MONTH:    DECEMBER
                                          YEAR:     2014
                                          LATITUDE:   33 55 N
                                          LONGITUDE: 118 20 W

[TEMPERATURE DATA]      [PRECIPITATION DATA]       SYMBOLS USED IN COLUMN 16

AVERAGE MONTHLY: 61.8   TOTAL FOR MONTH:   4.13    1 = FOG OR MIST
DPTR FM NORMAL:   4.3   DPTR FM NORMAL:    2.65    2 = FOG REDUCING VISIBILITY
HIGHEST:    83 ON 23    GRTST 24HR  1.58 ON 12-12      TO 1/4 MILE OR LESS
LOWEST:     44 ON 26                               3 = THUNDER
                        SNOW, ICE PELLETS, HAIL    4 = ICE PELLETS
                        TOTAL MONTH:   0.0 INCH    5 = HAIL
                        GRTST 24HR     0.0         6 = FREEZING RAIN OR DRIZZLE
                        GRTST DEPTH:   0           7 = DUSTSTORM OR SANDSTORM:
                                                       VSBY 1/2 MILE OR LESS
                                                   8 = SMOKE OR HAZE
[NO. OF DAYS WITH]      [WEATHER - DAYS WITH]      9 = BLOWING SNOW
                                                   X = TORNADO
MAX 32 OR BELOW:   0    0.01 INCH OR MORE:   5
MAX 90 OR ABOVE:   0    0.10 INCH OR MORE:   5
MIN 32 OR BELOW:   0    0.50 INCH OR MORE:   3
MIN  0 OR BELOW:   0    1.00 INCH OR MORE:   2

[HDD (BASE 65) ]
TOTAL THIS MO.    85    CLEAR  (SCALE 0-3)  17
DPTR FM NORMAL  -112    PTCLDY (SCALE 4-7)   5
TOTAL FM JUL 1   102    CLOUDY (SCALE 8-10)  4
DPTR FM NORMAL  -237

[CDD (BASE 65) ]
TOTAL THIS MO.     9
DPTR FM NORMAL     9    [PRESSURE DATA]
TOTAL FM JAN 1  1526    HIGHEST SLP M ON M
DPTR FM NORMAL   723    LOWEST  SLP 29.73 ON 12

[REMARKS]
