000
CXUS53 KGID 230730
CF6HJH
PRELIMINARY LOCAL CLIMATOLOGICAL DATA (WS FORM: F-6)

                                          STATION:   HEBRON
                                          MONTH:     OCTOBER
                                          YEAR:      2014
                                          LATITUDE:   40  9 N
                                          LONGITUDE:  97 35 W

  TEMPERATURE IN F:       :PCPN:    SNOW:  WIND      :SUNSHINE: SKY     :PK WND
================================================================================
1   2   3   4   5  6A  6B    7    8   9   10  11  12  13   14  15   16   17  18
                                     12Z  AVG MX 2MIN
DY MAX MIN AVG DEP HDD CDD  WTR  SNW DPTH SPD SPD DIR MIN PSBL S-S WX    SPD DR
================================================================================

 1  78  60  69  10   0   4 0.00    M    M  3.3  8  70   M    M   6 128     M  M
 2  65  48  57  -2   8   0 0.61    M    M  8.5 25 340   M    M   6 1      33 340
 3  57  39  48 -10  17   0 0.02    M    M 14.4 28 340   M    M   2        36 340
 4  61  33  47 -11  18   0 0.00    M    M  4.4  8 290   M    M   0         M  M
 5  74  42  58   1   7   0 0.02    M    M  6.9 16 290   M    M   3        33 320
 6  76  49  63   6   2   0 0.00    M    M  6.2 14 280   M    M   2        21 280
 7  78  48  63   6   2   0 0.00    M    M  4.8 16 350   M    M   0        21 350
 8  72  43  58   2   7   0 0.00    M    M  3.9 10 120   M    M   3         M  M
 9  61  53  57   1   8   0 0.01    M    M  9.6 18  60   M    M  10 1      23  60
10  55  35  45 -11  20   0 0.00    M    M  7.3 12  40   M    M   2        17  50
11  62  31  47  -8  18   0 0.00    M    M  2.1  7 170   M    M   0         M  M
12  65  40  53  -2  12   0 0.04    M    M  5.8 14 170   M    M   4 3      18 170
13  64  51  58   4   7   0 0.07    M    M 13.5 25 350   M    M   5 1      40 360
14  67  42  55   1  10   0 0.00    M    M 10.2 20 340   M    M   0        27 340
15  73  32  53  -1  12   0 0.00    M    M  3.3  7 180   M    M   0         M  M
16  80  43  62   9   3   0 0.00    M    M  6.5 17 350   M    M   0        24 360
17  67  42  55   2  10   0 0.00    M    M  7.8 18 360   M    M   0        25 360
18  56  34  45  -8  20   0 0.00    M    M  2.7  7  10   M    M   2         M  M
19  73  38  56   4   9   0 0.00    M    M  6.9 17 210   M    M   0        23 210
20  75  42  59   7   6   0 0.00    M    M  1.0  6  50   M    M   0         M  M
21  78  36  57   5   8   0 0.00    M    M  5.3 15 160   M    M   0        21 180
22  80  55  68  17   0   3 0.23    M    M 10.0 20 200   M    M   4 3      29 200
================================================================================
SM 1517  936       204   7  1.00    M    144.4          M       49
================================================================================
AV 69.0 42.5                               6.6 FASTST   M    M   2    MAX(MPH)
                                 MISC ---->    28   M                 40    M
================================================================================
NOTES:
# LAST OF SEVERAL OCCURRENCES

COLUMN 17 PEAK WIND IN M.P.H.

PRELIMINARY LOCAL CLIMATOLOGICAL DATA (WS FORM: F-6) , PAGE 2

                                          STATION:  HEBRON
                                          MONTH:    OCTOBER
                                          YEAR:     2014
                                          LATITUDE:   40  9 N
                                          LONGITUDE:  97 35 W

[TEMPERATURE DATA]      [PRECIPITATION DATA]       SYMBOLS USED IN COLUMN 16

AVERAGE MONTHLY: 55.8   TOTAL FOR MONTH:   1.00    1 = FOG OR MIST
DPTR FM NORMAL:   0.7   DPTR FM NORMAL:   -0.72    2 = FOG REDUCING VISIBILITY
HIGHEST:    80 ON 22,16 GRTST 24HR  0.61 ON  2- 2      TO 1/4 MILE OR LESS
LOWEST:     31 ON 11                               3 = THUNDER
                        SNOW, ICE PELLETS, HAIL    4 = ICE PELLETS
                        TOTAL MONTH:    M          5 = HAIL
                        GRTST 24HR    M  ON   M    6 = FREEZING RAIN OR DRIZZLE
                        GRTST DEPTH:  M  ON   M    7 = DUSTSTORM OR SANDSTORM:
                                                       VSBY 1/2 MILE OR LESS
                                                   8 = SMOKE OR HAZE
[NO. OF DAYS WITH]      [WEATHER - DAYS WITH]      9 = BLOWING SNOW
                                                   X = TORNADO
MAX 32 OR BELOW:   0    0.01 INCH OR MORE:   7
MAX 90 OR ABOVE:   0    0.10 INCH OR MORE:   2
MIN 32 OR BELOW:   2    0.50 INCH OR MORE:   1
MIN  0 OR BELOW:   0    1.00 INCH OR MORE:   0

[HDD (BASE 65) ]
TOTAL THIS MO.   204    CLEAR  (SCALE 0-3)  15
DPTR FM NORMAL   -29    PTCLDY (SCALE 4-7)   6
TOTAL FM JUL 1   308    CLOUDY (SCALE 8-10)  1
DPTR FM NORMAL   -29

[CDD (BASE 65) ]
TOTAL THIS MO.     7
DPTR FM NORMAL    -4    [PRESSURE DATA]
TOTAL FM JAN 1  1193    HIGHEST SLP M ON M
DPTR FM NORMAL    58    LOWEST  SLP M ON M

[REMARKS]
