000
CXUS54 KJAN 261839
CF6HKS
PRELIMINARY LOCAL CLIMATOLOGICAL DATA (WS FORM: F-6)

                                          STATION:   JACKSON HAWKINS
                                          MONTH:     SEPTEMBER
                                          YEAR:      2016
                                          LATITUDE:   32 20 N
                                          LONGITUDE:  90 14 W

  TEMPERATURE IN F:       :PCPN:    SNOW:  WIND      :SUNSHINE: SKY     :PK WND
================================================================================
1   2   3   4   5  6A  6B    7    8   9   10  11  12  13   14  15   16   17  18
                                     12Z  AVG MX 2MIN
DY MAX MIN AVG DEP HDD CDD  WTR  SNW DPTH SPD SPD DIR MIN PSBL S-S WX    SPD DR
================================================================================

 1  95  76  86   6   0  21 0.00  0.0    0  5.4 13 350   M    M   1        19  30
 2  89  72  81   1   0  16 0.00  0.0    0  4.9 12 320   M    M   1 1      18 310
 3  93  70  82   2   0  17 0.00  0.0    0  4.0 10 120   M    M   3        13  60
 4  93  74  84   4   0  19 0.17  0.0    0  5.5 15 200   M    M   3 18     18 210
 5  90  74  82   2   0  17    T  0.0    0  4.8 13 220   M    M   5        15 210
 6  89  74  82   3   0  17 0.00  0.0    0  4.1 12 150   M    M   5 1      14 150
 7  91  73  82   3   0  17 0.00  0.0    0  4.9 13 140   M    M   1 1      16 140
 8  92  72  82   3   0  17 0.00  0.0    0  5.0 12 190   M    M   0 8      17 160
 9  93  71  82   4   0  17 0.00  0.0    0  6.1 12 170   M    M   1 1      16 160
10  93  74  84   6   0  19    T  0.0    0  4.5 17 220   M    M   2        23 220
11  90  70  80   2   0  15 0.09  0.0    0  3.9 17  80   M    M   2 1      25  80
12  90  68  79   1   0  14    T  0.0    0  2.9 10  80   M    M   2 1      14 140
13  93  71  82   5   0  17 0.00  0.0    0  4.0 12  70   M    M   1        14  70
14  94  72  83   6   0  18 0.00  0.0    0  3.4 14  80   M    M   1 8      20  90
15  95  72  84   7   0  19 0.00  0.0    0  3.8 14 140   M    M   0        18 110
16  92  73  83   7   0  18 0.04  0.0    0  5.3 21 150   M    M   3 1      26 170
17  83  74  79   3   0  14    T  0.0    0  5.2 12 190   M    M   5        15 190
18  91  72  82   6   0  17 0.00  0.0    0  3.3 15 340   M    M   6        23  10
19  92  70  81   6   0  16 0.00  0.0    0  3.8 10 320   M    M   2        17 310
20  95  68  82   7   0  17 0.00  0.0    0  4.3 13  50   M    M   0        20  70
21  94  64  79   4   0  14 0.00  0.0    0  2.7 13 130   M    M   0        16 130
22  95  67  81   7   0  16 0.00  0.0    0  2.0 12 210   M    M   3        15 200
23  95  71  83   9   0  18 0.07  0.0    0  2.0 13 250   M    M   2        14 250
24  96  71  84  10   0  19 0.00  0.0    0  2.0 26 270   M    M   1        35 270
25  96  70  83  10   0  18 0.44  0.0    0  3.7 29 180   M    M   2 1      42 170
================================================================================
SM 2309 1783         0 427  0.81     0.0 101.5          M       52
================================================================================
AV 92.4 71.3                               4.1 FASTST   M    M   2    MAX(MPH)
                                 MISC ---->  # 29 180               # 42  170
================================================================================
NOTES:
# LAST OF SEVERAL OCCURRENCES

COLUMN 17 PEAK WIND IN M.P.H.

PRELIMINARY LOCAL CLIMATOLOGICAL DATA (WS FORM: F-6) , PAGE 2

                                          STATION:  JACKSON HAWKINS
                                          MONTH:    SEPTEMBER
                                          YEAR:     2016
                                          LATITUDE:   32 20 N
                                          LONGITUDE:  90 14 W

[TEMPERATURE DATA]      [PRECIPITATION DATA]       SYMBOLS USED IN COLUMN 16

AVERAGE MONTHLY: 81.8   TOTAL FOR MONTH:   0.81    1 = FOG OR MIST
DPTR FM NORMAL:   4.7   DPTR FM NORMAL:   -1.81    2 = FOG REDUCING VISIBILITY
HIGHEST:    96 ON 25,24 GRTST 24HR  0.44 ON 25-25      TO 1/4 MILE OR LESS
LOWEST:     64 ON 21                               3 = THUNDER
                        SNOW, ICE PELLETS, HAIL    4 = ICE PELLETS
                        TOTAL MONTH:   0.0 INCH    5 = HAIL
                        GRTST 24HR     0.0         6 = FREEZING RAIN OR DRIZZLE
                        GRTST DEPTH:   0           7 = DUSTSTORM OR SANDSTORM:
                                                       VSBY 1/2 MILE OR LESS
                                                   8 = SMOKE OR HAZE
[NO. OF DAYS WITH]      [WEATHER - DAYS WITH]      9 = BLOWING SNOW
                                                   X = TORNADO
MAX 32 OR BELOW:   0    0.01 INCH OR MORE:   5
MAX 90 OR ABOVE:  22    0.10 INCH OR MORE:   2
MIN 32 OR BELOW:   0    0.50 INCH OR MORE:   0
MIN  0 OR BELOW:   0    1.00 INCH OR MORE:   0

[HDD (BASE 65) ]
TOTAL THIS MO.     0    CLEAR  (SCALE 0-3)  21
DPTR FM NORMAL     0    PTCLDY (SCALE 4-7)   4
TOTAL FM JUL 1     0    CLOUDY (SCALE 8-10)  0
DPTR FM NORMAL     0

[CDD (BASE 65) ]
TOTAL THIS MO.   427
DPTR FM NORMAL   123    [PRESSURE DATA]
TOTAL FM JAN 1  2459    HIGHEST SLP M ON M
DPTR FM NORMAL   307    LOWEST  SLP 29.79 ON  1

[REMARKS]
