000
CXUS53 KGLD 010800
CF6HLC
PRELIMINARY LOCAL CLIMATOLOGICAL DATA (WS FORM: F-6)

                                          STATION:   HILL CITY KS
                                          MONTH:     APRIL
                                          YEAR:      2016
                                          LATITUDE:   39 22 N
                                          LONGITUDE:  99 50 W

  TEMPERATURE IN F:       :PCPN:    SNOW:  WIND      :SUNSHINE: SKY     :PK WND
================================================================================
1   2   3   4   5  6A  6B    7    8   9   10  11  12  13   14  15   16   17  18
                                     12Z  AVG MX 2MIN
DY MAX MIN AVG DEP HDD CDD  WTR  SNW DPTH SPD SPD DIR MIN PSBL S-S WX    SPD DR
================================================================================

 1  53  27  40  -7  25   0 0.00    M    M 13.0 30 350   M    M   2        38 320
 2  70  28  49   2  16   0 0.00    M    M  8.0 18 330   M    M   1        24 320
 3  81  39  60  13   5   0 0.00    M    M  9.8 18 330   M    M   0        23  10
 4  73  36  55   7  10   0 0.00    M    M  7.9 18 150   M    M   0        25 140
 5  78  45  62  14   3   0    T    M    M 13.4 36 330   M    M   1 8      47 330
 6  71  40  56   8   9   0 0.00    M    M 16.8 38 340   M    M   0        49 340
 7  68  34  51   2  14   0 0.00    M    M 15.4 35 350   M    M   1        45 350
 8  74  30  52   3  13   0 0.00    M    M  8.1 17 290   M    M   0        23  80
 9  81  31  56   7   9   0 0.00    M    M 14.8 30 180   M    M   0        39 190
10  71  45  58   8   7   0 0.00    M    M 13.7 29  20   M    M   0        36 360
11  62  38  50   0  15   0 0.00    M    M  8.2 18  60   M    M   4        22  70
12  70  29  50   0  15   0 0.00    M    M 10.8 25 190   M    M   0        33 190
13  77  35  56   5   9   0 0.00    M    M  8.7 18 180   M    M   0        25 150
14  77  51  64  13   1   0 0.00    M    M 14.7 28 150   M    M   4 1      38 150
15  75  55  65  14   0   0 0.00    M    M 19.7 35 180   M    M   2        44 180
16  63  48  56   4   9   0 4.24    M    M 13.1 31 110   M    M  10 13     41 110
17  48  43  46  -6  19   0 1.07    M    M 12.5 24  30   M    M  10 1      29  30
18  58  38  48  -4  17   0 0.00    M    M  9.6 22 320   M    M   8        29 330
19  51  35  43 -10  22   0 0.25    M    M  3.4 10 330   M    M   6 1      14 270
20  65  38  52  -1  13   0    T    M    M  5.5 21 360   M    M   7 12     24  10
21  73  44  59   5   6   0 0.00    M    M 11.3 24  10   M    M   2        32 320
22  75  38  57   3   8   0 0.00    M    M  6.2 17 140   M    M   0 1      24 140
23  84  53  69  15   0   4 0.00    M    M 17.3 33 190   M    M   0        45 190
24  81  52  67  12   0   2 0.00    M    M  8.5 23 340   M    M   0        29 340
25  74  41  58   3   7   0 0.00    M    M  8.0 18 330   M    M   0        25 330
26  80  53  67  12   0   2 0.00    M    M 11.4 28 350   M    M   6 3      36 350
27  56  40  48  -8  17   0 0.26    M    M 20.4 35 340   M    M   6 13     44 340
28  59  37  48  -8  17   0    T    M    M 10.2 17 340   M    M   4        22 320
29  47  42  45 -11  20   0 0.84    M    M 14.4 32  60   M    M  10 13     45  70
30  48  40  44 -13  21   0 0.06    M    M 12.5 22 340   M    M  10 1      26 330
================================================================================
SM 2043 1205       327   8  6.72    M    347.3          M       94
================================================================================
AV 68.1 40.2                              11.6 FASTST   M    M   3    MAX(MPH)
                                 MISC ---->  # 38 340               # 49  340
================================================================================
NOTES:
# LAST OF SEVERAL OCCURRENCES

COLUMN 17 PEAK WIND IN M.P.H.

PRELIMINARY LOCAL CLIMATOLOGICAL DATA (WS FORM: F-6) , PAGE 2

                                          STATION:  HILL CITY KS
                                          MONTH:    APRIL
                                          YEAR:     2016
                                          LATITUDE:   39 22 N
                                          LONGITUDE:  99 50 W

[TEMPERATURE DATA]      [PRECIPITATION DATA]       SYMBOLS USED IN COLUMN 16

AVERAGE MONTHLY: 54.1   TOTAL FOR MONTH:   6.72    1 = FOG OR MIST
DPTR FM NORMAL:   2.5   DPTR FM NORMAL:    4.60    2 = FOG REDUCING VISIBILITY
HIGHEST:    84 ON 23    GRTST 24HR  4.50 ON 16-17      TO 1/4 MILE OR LESS
LOWEST:     27 ON  1                               3 = THUNDER
                        SNOW, ICE PELLETS, HAIL    4 = ICE PELLETS
                        TOTAL MONTH:    M          5 = HAIL
                        GRTST 24HR    M  ON   M    6 = FREEZING RAIN OR DRIZZLE
                        GRTST DEPTH:  M  ON   M    7 = DUSTSTORM OR SANDSTORM:
                                                       VSBY 1/2 MILE OR LESS
                                                   8 = SMOKE OR HAZE
[NO. OF DAYS WITH]      [WEATHER - DAYS WITH]      9 = BLOWING SNOW
                                                   X = TORNADO
MAX 32 OR BELOW:   0    0.01 INCH OR MORE:   6
MAX 90 OR ABOVE:   0    0.10 INCH OR MORE:   5
MIN 32 OR BELOW:   5    0.50 INCH OR MORE:   3
MIN  0 OR BELOW:   0    1.00 INCH OR MORE:   2

[HDD (BASE 65) ]
TOTAL THIS MO.   327    CLEAR  (SCALE 0-3)  18
DPTR FM NORMAL   -81    PTCLDY (SCALE 4-7)   8
TOTAL FM JUL 1  4328    CLOUDY (SCALE 8-10)  4
DPTR FM NORMAL -1049

[CDD (BASE 65) ]
TOTAL THIS MO.     8
DPTR FM NORMAL     1    [PRESSURE DATA]
TOTAL FM JAN 1     8    HIGHEST SLP M ON M
DPTR FM NORMAL     1    LOWEST  SLP 29.44 ON 26

[REMARKS]
#FINAL-04-16#
