000
CXUS54 KLZK 311130
CF6HOT
PRELIMINARY LOCAL CLIMATOLOGICAL DATA (WS FORM: F-6)

                                          STATION:   Hot Springs Memorial Field
                                          MONTH:     JULY
                                          YEAR:      2015
                                          LATITUDE:   34 28 N
                                          LONGITUDE:  93  6 W

  TEMPERATURE IN F:       :PCPN:    SNOW:  WIND      :SUNSHINE: SKY     :PK WND
================================================================================
1   2   3   4   5  6A  6B    7    8   9   10  11  12  13   14  15   16   17  18
                                     12Z  AVG MX 2MIN
DY MAX MIN AVG DEP HDD CDD  WTR  SNW DPTH SPD SPD DIR MIN PSBL S-S WX    SPD DR
================================================================================

 1  90  73  82   1   0  17 0.00  0.0    0  6.6 15 230   M    M   1        22 250
 2  89  75  82   1   0  17 0.02  0.0    0 10.2 23 250   M    M   1        32 250
 3  82  70  76  -6   0  11 2.42  0.0    0  5.4 18 230   M    M   7 13     24 230
 4  84  69  77  -5   0  12 0.32  0.0    0  4.6 10 210   M    M   5 13     15 300
 5  89  70  80  -2   0  15 0.00  0.0    0  4.1 16 150   M    M   5 3      24 150
 6  88  71  80  -2   0  15 0.01  0.0    0  6.0 18 240   M    M   5        24 230
 7  91  76  84   2   0  19 0.40  0.0    0  7.9 21 170   M    M   2 13     27 190
 8  89  75  82   0   0  17 0.00  0.0    0  8.1 18 210   M    M   3        25 200
 9  90  74  82   0   0  17 0.00  0.0    0  6.2 15 250   M    M   0        19 230
10  92  74  83   1   0  18 0.00  0.0    0  3.7 12 240   M    M   1        16 230
11  92  74  83   1   0  18 0.00  0.0    0  4.1 12 210   M    M   1        16 230
12  93  75  84   2   0  19 0.00  0.0    0  4.4 12 240   M    M   1        19 230
13  95  75  85   3   0  20 0.00  0.0    0  5.4 15 240   M    M   0        18 240
14  96  77  87   5   0  22 0.00  0.0    0  5.1 13 230   M    M   1        18 250
15  96  78  87   5   0  22 0.00  0.0    0  5.2 24  70   M    M   1        29  50
16  94  73  84   1   0  19 0.00  0.0    0  5.0 13 190   M    M   1        17 240
17  95  75  85   2   0  20 0.00  0.0    0  5.9 14 250   M    M   1        19 230
18  96  76  86   3   0  21 0.00  0.0    0  5.4 13 230   M    M   1        17 240
19  97  75  86   3   0  21 0.00  0.0    0  3.7 13 230   M    M   0        16 240
20  99  74  87   4   0  22 0.00  0.0    0  4.5 14 240   M    M   0        26 250
21  94  77  86   3   0  21    T  0.0    0  3.2 15  40   M    M   1 3      20  40
22  96  79  88   5   0  23 0.03  0.0    0  3.8 15 240   M    M   0        19 240
23  97  77  87   4   0  22 0.00  0.0    0  5.0 14 240   M    M   2 3      18 240
24 101  78  90   7   0  25 0.00  0.0    0  3.6 12 250   M    M   1        16 200
25  98  76  87   4   0  22 0.00  0.0    0  3.1 17 200   M    M   1 3      24 200
26  99  73  86   3   0  21 0.00  0.0    0  4.1 14  90   M    M   0        17 140
27  99  76  88   5   0  23 0.00  0.0    0  2.7 13 190   M    M   0        19 170
28 100  76  88   5   0  23 0.00  0.0    0  4.0 13 200   M    M   1 8      17 180
29 102  76  89   6   0  24 0.00  0.0    0  2.5  9 280   M    M   3        13 240
30  97  74  86   3   0  21 0.00  0.0    0  6.5 15  70   M    M   1        20  70
================================================================================
SM 2820 2241         0 587  3.20     0.0 150.0          M       47
================================================================================
AV 94.0 74.7                               5.0 FASTST   M    M   2    MAX(MPH)
                                 MISC ---->  # 24  70               # 32  250
================================================================================
NOTES:
# LAST OF SEVERAL OCCURRENCES

COLUMN 17 PEAK WIND IN M.P.H.

PRELIMINARY LOCAL CLIMATOLOGICAL DATA (WS FORM: F-6) , PAGE 2

                                          STATION:  Hot Springs Memorial Field
                                          MONTH:    JULY
                                          YEAR:     2015
                                          LATITUDE:   34 28 N
                                          LONGITUDE:  93  6 W

[TEMPERATURE DATA]      [PRECIPITATION DATA]       SYMBOLS USED IN COLUMN 16

AVERAGE MONTHLY: 84.3   TOTAL FOR MONTH:   3.20    1 = FOG OR MIST
DPTR FM NORMAL:   1.9   DPTR FM NORMAL:   -1.24    2 = FOG REDUCING VISIBILITY
HIGHEST:   102 ON 29    GRTST 24HR  2.44 ON  2- 3      TO 1/4 MILE OR LESS
LOWEST:     69 ON  4                               3 = THUNDER
                        SNOW, ICE PELLETS, HAIL    4 = ICE PELLETS
                        TOTAL MONTH:   0.0 INCH    5 = HAIL
                        GRTST 24HR     0.0         6 = FREEZING RAIN OR DRIZZLE
                        GRTST DEPTH:   0           7 = DUSTSTORM OR SANDSTORM:
                                                       VSBY 1/2 MILE OR LESS
                                                   8 = SMOKE OR HAZE
[NO. OF DAYS WITH]      [WEATHER - DAYS WITH]      9 = BLOWING SNOW
                                                   X = TORNADO
MAX 32 OR BELOW:   0    0.01 INCH OR MORE:   6
MAX 90 OR ABOVE:  24    0.10 INCH OR MORE:   3
MIN 32 OR BELOW:   0    0.50 INCH OR MORE:   1
MIN  0 OR BELOW:   0    1.00 INCH OR MORE:   1

[HDD (BASE 65) ]
TOTAL THIS MO.     0    CLEAR  (SCALE 0-3)  26
DPTR FM NORMAL     0    PTCLDY (SCALE 4-7)   4
TOTAL FM JUL 1     0    CLOUDY (SCALE 8-10)  0
DPTR FM NORMAL     0

[CDD (BASE 65) ]
TOTAL THIS MO.   587
DPTR FM NORMAL    64    [PRESSURE DATA]
TOTAL FM JAN 1  1315    HIGHEST SLP M ON M
DPTR FM NORMAL   107    LOWEST  SLP 29.73 ON 14

[REMARKS]
