000
CXUS54 KHGX 271515
CF6HOU
PRELIMINARY LOCAL CLIMATOLOGICAL DATA (WS FORM: F-6)

                                          STATION:   HOUSTON/HOBBY AIRPORT
                                          MONTH:     MARCH
                                          YEAR:      2017
                                          LATITUDE:   29 38 N
                                          LONGITUDE:  95 17 W

  TEMPERATURE IN F:       :PCPN:    SNOW:  WIND      :SUNSHINE: SKY     :PK WND
================================================================================
1   2   3   4   5  6A  6B    7    8   9   10  11  12  13   14  15   16   17  18
                                     12Z  AVG MX 2MIN
DY MAX MIN AVG DEP HDD CDD  WTR  SNW DPTH SPD SPD DIR MIN PSBL S-S WX    SPD DR
================================================================================

 1  85  61  73  13   0   8    T  0.0    0 13.0 24 360   M    M   9 18     34 360
 2  68  51  60   0   5   0 0.00  0.0    0 13.2 24  40   M    M   5        31  40
 3  68  47  58  -3   7   0 0.00  0.0    0  9.9 22  80   M    M   5        29  90
 4  67  58  63   2   2   0 0.07  0.0    0  8.7 20  80   M    M   9 1      25  90
 5  68  63  66   5   0   1 4.79  0.0    0 10.4 20  80   M    M  10 123    27  90
 6  78  68  73  12   0   8 0.16  0.0    0 13.7 25 170   M    M   9 1      35 180
 7  83  62  73  11   0   8 0.48  0.0    0 10.0 21  50   M    M   9 138    26  40
 8  69  61  65   3   0   0    T  0.0    0  8.9 16 100   M    M  10 18     23  80
 9  78  65  72  10   0   7    T  0.0    0  8.6 18 170   M    M  10 1      24 160
10  77  68  73  11   0   8 0.01  0.0    0  5.2 14 190   M    M   9 3      19 170
11  72  64  68   6   0   3 0.56  0.0    0  7.9 16 100   M    M   8 1      22 100
12  64  49  57  -5   8   0 0.05  0.0    0 12.6 24  20   M    M   9 1      31  20
13  69  53  61  -2   4   0 0.00  0.0    0  9.7 20  20   M    M   6        24  10
14  68  46  57  -6   8   0 0.00  0.0    0  6.0 18  20   M    M   1        21  20
15  64  49  57  -6   8   0 0.00  0.0    0  8.8 17 100   M    M   3        22 100
16  75  59  67   4   0   2    T  0.0    0 11.4 21 160   M    M   8        27 140
17  78  64  71   7   0   6 0.00  0.0    0 10.3 21 160   M    M   5        28 180
18  83  61  72   8   0   7 0.00  0.0    0  6.7 16 150   M    M   5 1      21 160
19  83  61  72   8   0   7 0.00  0.0    0  6.8 16 150   M    M   4 12     21 170
20  84  64  74  10   0   9 0.00  0.0    0  8.3 18 210   M    M   2 1      23 200
21  84  61  73   9   0   8 0.00  0.0    0  7.2 18 210   M    M   1        23 200
22  85  60  73   8   0   8 0.00  0.0    0  6.4 17 150   M    M   2 12     26 210
23  84  64  74   9   0   9 0.00  0.0    0  9.8 21 150   M    M   4 8      30 140
24  80  68  74   9   0   9 0.89  0.0    0 16.0 30 230   M    M   8 13     39 180
25  82  67  75  10   0  10    T  0.0    0  7.3 16 310   M    M   4 13     22 290
26  83  67  75  10   0  10 0.00  0.0    0  8.7 21 170   M    M   6 1      27 180
================================================================================
SM 1979 1561        42 128  7.01     0.0 245.5          M      161
================================================================================
AV 76.1 60.0                               9.4 FASTST   M    M   6    MAX(MPH)
                                 MISC ---->  # 30 230               # 39  180
================================================================================
NOTES:
# LAST OF SEVERAL OCCURRENCES

COLUMN 17 PEAK WIND IN M.P.H.

PRELIMINARY LOCAL CLIMATOLOGICAL DATA (WS FORM: F-6) , PAGE 2

                                          STATION:  HOUSTON/HOBBY AIRPORT
                                          MONTH:    MARCH
                                          YEAR:     2017
                                          LATITUDE:   29 38 N
                                          LONGITUDE:  95 17 W

[TEMPERATURE DATA]      [PRECIPITATION DATA]       SYMBOLS USED IN COLUMN 16

AVERAGE MONTHLY: 68.1   TOTAL FOR MONTH:   7.01    1 = FOG OR MIST
DPTR FM NORMAL:   5.3   DPTR FM NORMAL:    4.32    2 = FOG REDUCING VISIBILITY
HIGHEST:    85 ON 22, 1 GRTST 24HR  4.79 ON  5- 5      TO 1/4 MILE OR LESS
LOWEST:     46 ON 14                               3 = THUNDER
                        SNOW, ICE PELLETS, HAIL    4 = ICE PELLETS
                        TOTAL MONTH:   0.0 INCH    5 = HAIL
                        GRTST 24HR     0.0         6 = FREEZING RAIN OR DRIZZLE
                        GRTST DEPTH:   0           7 = DUSTSTORM OR SANDSTORM:
                                                       VSBY 1/2 MILE OR LESS
                                                   8 = SMOKE OR HAZE
[NO. OF DAYS WITH]      [WEATHER - DAYS WITH]      9 = BLOWING SNOW
                                                   X = TORNADO
MAX 32 OR BELOW:   0    0.01 INCH OR MORE:   8
MAX 90 OR ABOVE:   0    0.10 INCH OR MORE:   5
MIN 32 OR BELOW:   0    0.50 INCH OR MORE:   3
MIN  0 OR BELOW:   0    1.00 INCH OR MORE:   1

[HDD (BASE 65) ]
TOTAL THIS MO.    42    CLEAR  (SCALE 0-3)   5
DPTR FM NORMAL   -69    PTCLDY (SCALE 4-7)  10
TOTAL FM JUL 1   540    CLOUDY (SCALE 8-10) 11
DPTR FM NORMAL  -641

[CDD (BASE 65) ]
TOTAL THIS MO.   128
DPTR FM NORMAL    74    [PRESSURE DATA]
TOTAL FM JAN 1   315    HIGHEST SLP M ON M
DPTR FM NORMAL   223    LOWEST  SLP 29.83 ON 26

[REMARKS]
