473
CXUS54 KHGX 221415
CF6HOU
PRELIMINARY LOCAL CLIMATOLOGICAL DATA (WS FORM: F-6)

                                          STATION:   HOUSTON/HOBBY AIRPORT
                                          MONTH:     MAY
                                          YEAR:      2015
                                          LATITUDE:   29 38 N
                                          LONGITUDE:  95 17 W

  TEMPERATURE IN F:       :PCPN:    SNOW:  WIND      :SUNSHINE: SKY     :PK WND
================================================================================
1   2   3   4   5  6A  6B    7    8   9   10  11  12  13   14  15   16   17  18
                                     12Z  AVG MX 2MIN
DY MAX MIN AVG DEP HDD CDD  WTR  SNW DPTH SPD SPD DIR MIN PSBL S-S WX    SPD DR
================================================================================

 1  82  57  70  -4   0   5 0.00  0.0    0  2.4 10 270   M    M   3        16 280
 2  83  59  71  -3   0   6 0.00  0.0    0  4.1 16 170   M    M   3        33 210
 3  83  60  72  -2   0   7 0.00  0.0    0  6.8 20 150   M    M   4        24 160
 4  82  66  74   0   0   9 0.00  0.0    0  7.2 17 100   M    M   4        23  90
 5  83  68  76   1   0  11 0.02  0.0    0 11.5 22 140   M    M   7 8      33 150
 6  86  73  80   5   0  15 0.02  0.0    0 11.5 21 160   M    M   7 1      29 160
 7  86  75  81   6   0  16    T  0.0    0 11.1 20 160   M    M   8 8      24 150
 8  87  76  82   7   0  17 0.00  0.0    0 11.9 20 160   M    M   9        28 160
 9  87  77  82   6   0  17    T  0.0    0 11.7 22 160   M    M   8        31 170
10  85  77  81   5   0  16 0.02  0.0    0 13.3 25 150   M    M   9 1      35 150
11  84  71  78   2   0  13 0.78  0.0    0  9.3 21  40   M    M   9 13     25  10
12  80  70  75  -1   0  10 3.44  0.0    0  7.7 17  90   M    M   8 138    24  80
13  81  69  75  -1   0  10 1.36  0.0    0  7.1 16 160   M    M  10 13     23 180
14  87  74  81   4   0  16 0.00  0.0    0  7.0 16 170   M    M   7 13     23 190
15  83  74  79   2   0  14 0.33  0.0    0  5.5 22 240   M    M   8 138    26 240
16  87  76  82   5   0  17 0.01  0.0    0 10.4 21 160   M    M   7        28 160
17  86  71  79   2   0  14 0.06  0.0    0  8.1 24 250   M    M   8 13     32 250
18  88  77  83   5   0  18 0.01  0.0    0  6.9 16 120   M    M   8 13     25  70
19  87  76  82   4   0  17 0.00  0.0    0  7.0 17 150   M    M   7        22 140
20  87  76  82   4   0  17 0.12  0.0    0  5.3 14 160   M    M   6 13     18 150
21  84  72  78   0   0  13    T  0.0    0  6.4 22 360   M    M   9 3      25  10
================================================================================
SM 1778 1494         0 278  6.17     0.0 172.2          M      149
================================================================================
AV 84.7 71.1                               8.2 FASTST   M    M   7    MAX(MPH)
                                 MISC ---->  # 25 150               # 35  150
================================================================================
NOTES:
# LAST OF SEVERAL OCCURRENCES

COLUMN 17 PEAK WIND IN M.P.H.

PRELIMINARY LOCAL CLIMATOLOGICAL DATA (WS FORM: F-6) , PAGE 2

                                          STATION:  HOUSTON/HOBBY AIRPORT
                                          MONTH:    MAY
                                          YEAR:     2015
                                          LATITUDE:   29 38 N
                                          LONGITUDE:  95 17 W

[TEMPERATURE DATA]      [PRECIPITATION DATA]       SYMBOLS USED IN COLUMN 16

AVERAGE MONTHLY: 77.9   TOTAL FOR MONTH:   6.17    1 = FOG OR MIST
DPTR FM NORMAL:   1.9   DPTR FM NORMAL:    3.16    2 = FOG REDUCING VISIBILITY
HIGHEST:    88 ON 18    GRTST 24HR  4.31 ON 12-13      TO 1/4 MILE OR LESS
LOWEST:     57 ON  1                               3 = THUNDER
                        SNOW, ICE PELLETS, HAIL    4 = ICE PELLETS
                        TOTAL MONTH:   0.0 INCH    5 = HAIL
                        GRTST 24HR     0.0         6 = FREEZING RAIN OR DRIZZLE
                        GRTST DEPTH:   0           7 = DUSTSTORM OR SANDSTORM:
                                                       VSBY 1/2 MILE OR LESS
                                                   8 = SMOKE OR HAZE
[NO. OF DAYS WITH]      [WEATHER - DAYS WITH]      9 = BLOWING SNOW
                                                   X = TORNADO
MAX 32 OR BELOW:   0    0.01 INCH OR MORE:  11
MAX 90 OR ABOVE:   0    0.10 INCH OR MORE:   5
MIN 32 OR BELOW:   0    0.50 INCH OR MORE:   3
MIN  0 OR BELOW:   0    1.00 INCH OR MORE:   2

[HDD (BASE 65) ]
TOTAL THIS MO.     0    CLEAR  (SCALE 0-3)   0
DPTR FM NORMAL     0    PTCLDY (SCALE 4-7)  11
TOTAL FM JUL 1  1300    CLOUDY (SCALE 8-10) 10
DPTR FM NORMAL    81

[CDD (BASE 65) ]
TOTAL THIS MO.   278
DPTR FM NORMAL    47    [PRESSURE DATA]
TOTAL FM JAN 1   611    HIGHEST SLP M ON M
DPTR FM NORMAL   100    LOWEST  SLP 29.82 ON 15

[REMARKS]
