000
CXUS54 KHGX 251415
CF6HOU
PRELIMINARY LOCAL CLIMATOLOGICAL DATA (WS FORM: F-6)

                                          STATION:   HOUSTON/HOBBY AIRPORT
                                          MONTH:     SEPTEMBER
                                          YEAR:      2017
                                          LATITUDE:   29 38 N
                                          LONGITUDE:  95 17 W

  TEMPERATURE IN F:       :PCPN:    SNOW:  WIND      :SUNSHINE: SKY     :PK WND
================================================================================
1   2   3   4   5  6A  6B    7    8   9   10  11  12  13   14  15   16   17  18
                                     12Z  AVG MX 2MIN
DY MAX MIN AVG DEP HDD CDD  WTR  SNW DPTH SPD SPD DIR MIN PSBL S-S WX    SPD DR
================================================================================

 1  93  74  84   1   0  19 0.00  0.0    0  3.5 10  80   M    M   3        16  50
 2  93  74  84   1   0  19 0.00  0.0    0  2.9 10 140   M    M   4 1      14 170
 3  93  76  85   2   0  20 0.00  0.0    0  2.8 10 110   M    M   7 8      14  80
 4  91  76  84   1   0  19 0.00  0.0    0  3.6 12 150   M    M   7 8      16 120
 5  95  76  86   4   0  21 0.00  0.0    0  3.3 12 180   M    M   6        15 150
 6  86  69  78  -4   0  13 0.00  0.0    0 11.1 23  40   M    M   5        28  40
 7  86  65  76  -6   0  11 0.00  0.0    0  6.7 18  20   M    M   1        24  30
 8  87  65  76  -6   0  11 0.00  0.0    0  6.2 15  50   M    M   3        19  60
 9  87  67  77  -5   0  12 0.00  0.0    0  9.8 16  20   M    M   3        21  30
10  88  69  79  -3   0  14 0.00  0.0    0 11.7 21  30   M    M   1        26  30
11  87  67  77  -4   0  12 0.00  0.0    0  9.4 20 360   M    M   2        24 360
12  90  64  77  -4   0  12 0.00  0.0    0  5.4 15 310   M    M   3        20 310
13  89  71  80  -1   0  15 0.00  0.0    0  6.8 15 240   M    M   9        20 270
14  93  71  82   1   0  17 0.00  0.0    0  5.3 14 150   M    M   4        19 120
15  93  74  84   4   0  19 0.00  0.0    0  5.7 15 110   M    M   3        19 110
16  95  72  84   4   0  19 0.00  0.0    0  3.5 13 130   M    M   3        18 100
17  95  74  85   5   0  20 0.00  0.0    0  3.4 14  90   M    M   5        17  80
18  93  75  84   4   0  19 1.32  0.0    0  5.0 22 210   M    M   6 138    28 200
19  94  78  86   7   0  21 0.00  0.0    0  6.8 16 160   M    M   5 1      23 150
20  93  79  86   7   0  21 1.23  0.0    0  6.2 23  20   M    M   5 3      27  30
21  89  75  82   3   0  17 0.61  0.0    0  5.0 22 220   M    M   7 13     28 220
22  91  75  83   4   0  18 0.00  0.0    0  4.1 10  90   M    M   3 1       M  M
23  91  76  84   6   0  19 0.00  0.0    M  4.8 14 110   M    M   5 1      18 100
24  91  75  83   5   0  18 0.00  0.0    0  5.8 15 110   M    M   5        21 110
================================================================================
SM 2183 1737         0 406  3.16     0.0 138.8          M      105
================================================================================
AV 91.0 72.4                               5.8 FASTST   M    M   4    MAX(MPH)
                                 MISC ---->  # 23  40               # 28   40
================================================================================
NOTES:
# LAST OF SEVERAL OCCURRENCES

COLUMN 17 PEAK WIND IN M.P.H.

PRELIMINARY LOCAL CLIMATOLOGICAL DATA (WS FORM: F-6) , PAGE 2

                                          STATION:  HOUSTON/HOBBY AIRPORT
                                          MONTH:    SEPTEMBER
                                          YEAR:     2017
                                          LATITUDE:   29 38 N
                                          LONGITUDE:  95 17 W

[TEMPERATURE DATA]      [PRECIPITATION DATA]       SYMBOLS USED IN COLUMN 16

AVERAGE MONTHLY: 81.7   TOTAL FOR MONTH:   3.16    1 = FOG OR MIST
DPTR FM NORMAL:   0.8   DPTR FM NORMAL:   -1.15    2 = FOG REDUCING VISIBILITY
HIGHEST:    95 ON 17,16 GRTST 24HR  1.32 ON 18-18      TO 1/4 MILE OR LESS
LOWEST:     64 ON 12                               3 = THUNDER
                        SNOW, ICE PELLETS, HAIL    4 = ICE PELLETS
                        TOTAL MONTH:   0.0 INCH    5 = HAIL
                        GRTST 24HR     0.0         6 = FREEZING RAIN OR DRIZZLE
                        GRTST DEPTH:   0           7 = DUSTSTORM OR SANDSTORM:
                                                       VSBY 1/2 MILE OR LESS
                                                   8 = SMOKE OR HAZE
[NO. OF DAYS WITH]      [WEATHER - DAYS WITH]      9 = BLOWING SNOW
                                                   X = TORNADO
MAX 32 OR BELOW:   0    0.01 INCH OR MORE:   3
MAX 90 OR ABOVE:  16    0.10 INCH OR MORE:   3
MIN 32 OR BELOW:   0    0.50 INCH OR MORE:   3
MIN  0 OR BELOW:   0    1.00 INCH OR MORE:   2

[HDD (BASE 65) ]
TOTAL THIS MO.     0    CLEAR  (SCALE 0-3)   7
DPTR FM NORMAL     0    PTCLDY (SCALE 4-7)  16
TOTAL FM JUL 1     0    CLOUDY (SCALE 8-10)  1
DPTR FM NORMAL     0

[CDD (BASE 65) ]
TOTAL THIS MO.   406
DPTR FM NORMAL    27    [PRESSURE DATA]
TOTAL FM JAN 1  3205    HIGHEST SLP M ON M
DPTR FM NORMAL   485    LOWEST  SLP 29.78 ON M

[REMARKS]
