000
CXUS52 KMHX 280806
CF6HSE
PRELIMINARY LOCAL CLIMATOLOGICAL DATA (WS FORM: F-6)

                                          STATION:   CAPE HATTERAS NC
                                          MONTH:     JULY
                                          YEAR:      2014
                                          LATITUDE:   35 13 N
                                          LONGITUDE:  75 37 W

  TEMPERATURE IN F:       :PCPN:    SNOW:  WIND      :SUNSHINE: SKY     :PK WND
================================================================================
1   2   3   4   5  6A  6B    7    8   9   10  11  12  13   14  15   16   17  18
                                     12Z  AVG MX 2MIN
DY MAX MIN AVG DEP HDD CDD  WTR  SNW DPTH SPD SPD DIR MIN PSBL S-S WX    SPD DR
================================================================================

 1   M   M   M   M   M   M 0.00  0.0    0  5.9 12 200   M    M   0         M  M
 2   M   M   M   M   M   M 0.00  0.0    0 10.7 16 210   M    M   1        22 230
 3  93  78  86   8   0  21 0.29  0.0    0 20.8 56 150   M    M   7 18     73 160
 4  87  75  81   2   0  16 1.71  0.0    0 13.2 55 160   M    M   7 128    73 160
 5  80  65  73  -6   0   8 0.00  0.0    0  7.9 15  50   M    M   0        22  50
 6  86  61  74  -5   0   9 0.00  0.0    0  4.4 10 160   M    M   2        13 160
 7  86  75  81   2   0  16 0.00  0.0    0 10.3 17 210   M    M   0        24 240
 8  88  79  84   5   0  19 0.00  0.0    0 16.2 23 210   M    M   1        33 210
 9  88  80  84   5   0  19 0.00  0.0    0 15.4 22 230   M    M   2 18     30 230
10  88  74  81   2   0  16 0.51  0.0    0 10.8 18 210   M    M   3 1      26 200
11  84  73  79   0   0  14 0.35  0.0    0  6.1 12 260   M    M   4 1      14 200
12  86  72  79   0   0  14 0.00  0.0    0  4.9  9  40   M    M   4        15  40
13  88  70  79   0   0  14 0.00  0.0    0  6.4 14 190   M    M   0        18 210
14  87  79  83   4   0  18 0.00  0.0    0 10.4 18 210   M    M   1        25 220
15  85  73  79   0   0  14 1.11  0.0    0 12.3 25 240   M    M   4 18     37 260
16  81  72  77  -2   0  12 0.66  0.0    0  8.1 22 270   M    M   6 1      30 270
17  82  72  77  -2   0  12    T  0.0    0  6.2 14  30   M    M   3 1      21  50
18  84  73  79   0   0  14 0.00  0.0    0 10.0 17  40   M    M   2        26  60
19  84  75  80   1   0  15 0.29  0.0    0  6.2 15 110   M    M   6 1      19  60
20  87  74  81   2   0  16 0.00  0.0    0  4.8 10 140   M    M   3        12 140
21  86  74  80   1   0  15    T  0.0    0  6.7 14 100   M    M   3        20 110
22  85  74  80   1   0  15 0.17  0.0    0  7.4 15 210   M    M   4 1      21 200
23  86  77  82   3   0  17 0.00  0.0    0  9.3 16 220   M    M   2        21 220
24  87  74  81   2   0  16 1.21  0.0    0  9.3 26 310   M    M   4 12     37 320
25  84  72  78  -1   0  13 0.20  0.0    0  5.6 10  70   M    M   4 1      18 340
26  88  74  81   2   0  16 0.00  0.0    0  5.5 13 120   M    M   3        15  30
27  86  79  83   4   0  18 0.00  0.0    0  9.3 16 240   M    M   1 1      24 230
================================================================================
SM 2146 1844         0 377  6.50     0.0 244.1          M       77
================================================================================
AV 85.8 73.8                               9.0 FASTST   M    M   3    MAX(MPH)
                                 MISC ---->  # 56 150               # 73  160
================================================================================
NOTES:
# LAST OF SEVERAL OCCURRENCES

COLUMN 17 PEAK WIND IN M.P.H.

PRELIMINARY LOCAL CLIMATOLOGICAL DATA (WS FORM: F-6) , PAGE 2

                                          STATION:  CAPE HATTERAS NC
                                          MONTH:    JULY
                                          YEAR:     2014
                                          LATITUDE:   35 13 N
                                          LONGITUDE:  75 37 W

[TEMPERATURE DATA]      [PRECIPITATION DATA]       SYMBOLS USED IN COLUMN 16

AVERAGE MONTHLY: 79.8   TOTAL FOR MONTH:   6.50    1 = FOG OR MIST
DPTR FM NORMAL:   0.9   DPTR FM NORMAL:    2.23    2 = FOG REDUCING VISIBILITY
HIGHEST:    93 ON  3    GRTST 24HR  2.00 ON  3- 4      TO 1/4 MILE OR LESS
LOWEST:     61 ON  6                               3 = THUNDER
                        SNOW, ICE PELLETS, HAIL    4 = ICE PELLETS
                        TOTAL MONTH:   0.0 INCH    5 = HAIL
                        GRTST 24HR     0.0         6 = FREEZING RAIN OR DRIZZLE
                        GRTST DEPTH:   0           7 = DUSTSTORM OR SANDSTORM:
                                                       VSBY 1/2 MILE OR LESS
                                                   8 = SMOKE OR HAZE
[NO. OF DAYS WITH]      [WEATHER - DAYS WITH]      9 = BLOWING SNOW
                                                   X = TORNADO
MAX 32 OR BELOW:   0    0.01 INCH OR MORE:  10
MAX 90 OR ABOVE:   1    0.10 INCH OR MORE:  10
MIN 32 OR BELOW:   0    0.50 INCH OR MORE:   5
MIN  0 OR BELOW:   0    1.00 INCH OR MORE:   3

[HDD (BASE 65) ]
TOTAL THIS MO.     0    CLEAR  (SCALE 0-3)  15
DPTR FM NORMAL     0    PTCLDY (SCALE 4-7)  12
TOTAL FM JUL 1     0    CLOUDY (SCALE 8-10)  0
DPTR FM NORMAL     0

[CDD (BASE 65) ]
TOTAL THIS MO.   377
DPTR FM NORMAL     2    [PRESSURE DATA]
TOTAL FM JAN 1   888    HIGHEST SLP M ON M
DPTR FM NORMAL    62    LOWEST  SLP 29.25 ON  4

[REMARKS]
