000
CXUS53 KGID 010730
CF6HSI
PRELIMINARY LOCAL CLIMATOLOGICAL DATA (WS FORM: F-6)

                                          STATION:   HASTINGS NE
                                          MONTH:     JUNE
                                          YEAR:      2015
                                          LATITUDE:   40 35 N
                                          LONGITUDE:  98 26 W

  TEMPERATURE IN F:       :PCPN:    SNOW:  WIND      :SUNSHINE: SKY     :PK WND
================================================================================
1   2   3   4   5  6A  6B    7    8   9   10  11  12  13   14  15   16   17  18
                                     12Z  AVG MX 2MIN
DY MAX MIN AVG DEP HDD CDD  WTR  SNW DPTH SPD SPD DIR MIN PSBL S-S WX    SPD DR
================================================================================

 1  76  56  66  -1   0   1 0.00  0.0    0 12.4 20 140   M    M   7        29 150
 2  84  60  72   5   0   7    T  0.0    0 12.4 25 140   M    M   5        32 160
 3  79  60  70   2   0   5 0.30  0.0    0  9.7 32 330   M    M   4 13     41 320
 4  78  62  70   2   0   5 4.74  0.0    0 11.8 38 330   M    M   7 138    47 330
 5  79  61  70   2   0   5 0.35  0.0    0  6.9 20 150   M    M   5 13     24 150
 6  86  65  76   7   0  11 0.47  0.0    0 13.7 24 180   M    M   1 13     32 170
 7  79  65  72   3   0   7    T  0.0    0  9.6 23 350   M    M   2 3      29 340
 8  87  62  75   5   0  10 0.00  0.0    0  8.6 18 320   M    M   0 8      25 360
 9  95  66  81  11   0  16 0.00  0.0    0  6.1 15 270   M    M   0 8      21 280
10  94  66  80  10   0  15 1.00  0.0    0  9.7 33 340   M    M   1 13     41 350
11  76  60  68  -3   0   3 0.15  0.0    0 11.4 24  20   M    M  10 13     30  20
12  65  59  62  -9   3   0    T  0.0    0  6.1 18  10   M    M  10 18     23  10
13  79  58  69  -2   0   4 0.00  0.0    0  4.7 13 140   M    M   4 12     16 150
14  81  66  74   2   0   9 0.23  0.0    0  5.7 15 150   M    M   5 12     18 160
15  74  60  67  -5   0   2 0.04  0.0    0  9.7 20  10   M    M   8 1      24 350
16  79  55  67  -5   0   2 0.00  0.0    0  8.6 17 150   M    M   0        21 150
17  82  61  72   0   0   7 0.27  0.0    0  8.1 20  50   M    M   3 13     23 310
18  72  61  67  -6   0   2 0.50  0.0    0  8.9 23 330   M    M   5 3      28 330
19  83  59  71  -2   0   6 0.00  0.0    0 10.4 21 160   M    M   3 1      27 150
20  87  68  78   5   0  13 0.00  0.0    0 10.3 21  30   M    M   1 8      26 180
21  84  65  75   1   0  10 0.00  0.0    0 10.4 21  20   M    M   2        30  40
22  86  65  76   2   0  11 0.00  0.0    0 15.4 26 350   M    M   0        32 350
23  74  58  66  -8   0   1 0.00  0.0    0  8.6 17 130   M    M   5 8      22 130
24  92  62  77   3   0  12 0.00  0.0    0  9.0 22 340   M    M   0        26 350
25  80  65  73  -2   0   8 0.00  0.0    0  8.4 16  70   M    M   3 18     20  50
26  81  62  72  -3   0   7 0.00  0.0    0  8.3 20 360   M    M   3 18     23  10
27  85  58  72  -3   0   7 0.00  0.0    0  4.4 10 270   M    M   1        15 250
28  88  63  76   1   0  11 0.00  0.0    0 10.2 23 340   M    M   0        34 330
29  88  58  73  -3   0   8 0.00  0.0    0  4.3 15 320   M    M   0 18     20 320
30  95  65  80   4   0  15 0.00  0.0    0  7.5 18 130   M    M   0 8      25  60
================================================================================
SM 2468 1851         3 220  8.05     0.0 271.3          M       95
================================================================================
AV 82.3 61.7                               9.0 FASTST   M    M   3    MAX(MPH)
                                 MISC ---->  # 38 330               # 47  330
================================================================================
NOTES:
# LAST OF SEVERAL OCCURRENCES

COLUMN 17 PEAK WIND IN M.P.H.

PRELIMINARY LOCAL CLIMATOLOGICAL DATA (WS FORM: F-6) , PAGE 2

                                          STATION:  HASTINGS NE
                                          MONTH:    JUNE
                                          YEAR:     2015
                                          LATITUDE:   40 35 N
                                          LONGITUDE:  98 26 W

[TEMPERATURE DATA]      [PRECIPITATION DATA]       SYMBOLS USED IN COLUMN 16

AVERAGE MONTHLY: 72.0   TOTAL FOR MONTH:   8.05    1 = FOG OR MIST
DPTR FM NORMAL:   0.2   DPTR FM NORMAL:    4.25    2 = FOG REDUCING VISIBILITY
HIGHEST:    95 ON 30, 9 GRTST 24HR  4.85 ON  4- 5      TO 1/4 MILE OR LESS
LOWEST:     55 ON 16                               3 = THUNDER
                        SNOW, ICE PELLETS, HAIL    4 = ICE PELLETS
                        TOTAL MONTH:   0.0 INCH    5 = HAIL
                        GRTST 24HR     0.0         6 = FREEZING RAIN OR DRIZZLE
                        GRTST DEPTH:   0           7 = DUSTSTORM OR SANDSTORM:
                                                       VSBY 1/2 MILE OR LESS
                                                   8 = SMOKE OR HAZE
[NO. OF DAYS WITH]      [WEATHER - DAYS WITH]      9 = BLOWING SNOW
                                                   X = TORNADO
MAX 32 OR BELOW:   0    0.01 INCH OR MORE:  10
MAX 90 OR ABOVE:   4    0.10 INCH OR MORE:   9
MIN 32 OR BELOW:   0    0.50 INCH OR MORE:   3
MIN  0 OR BELOW:   0    1.00 INCH OR MORE:   2

[HDD (BASE 65) ]
TOTAL THIS MO.     3    CLEAR  (SCALE 0-3)  18
DPTR FM NORMAL   -18    PTCLDY (SCALE 4-7)  10
TOTAL FM JUL 1  5801    CLOUDY (SCALE 8-10)  2
DPTR FM NORMAL  -228

[CDD (BASE 65) ]
TOTAL THIS MO.   220
DPTR FM NORMAL    -5    [PRESSURE DATA]
TOTAL FM JAN 1   251    HIGHEST SLP M ON M
DPTR FM NORMAL   -33    LOWEST  SLP 29.61 ON 22

[REMARKS]
#FINAL-06-15#
