000
CXUS53 KGID 210730
CF6HSI
PRELIMINARY LOCAL CLIMATOLOGICAL DATA (WS FORM: F-6)

                                          STATION:   HASTINGS NE
                                          MONTH:     FEBRUARY
                                          YEAR:      2017
                                          LATITUDE:   40 35 N
                                          LONGITUDE:  98 26 W

  TEMPERATURE IN F:       :PCPN:    SNOW:  WIND      :SUNSHINE: SKY     :PK WND
================================================================================
1   2   3   4   5  6A  6B    7    8   9   10  11  12  13   14  15   16   17  18
                                     12Z  AVG MX 2MIN
DY MAX MIN AVG DEP HDD CDD  WTR  SNW DPTH SPD SPD DIR MIN PSBL S-S WX    SPD DR
================================================================================

 1  32  21  27   0  38   0 0.00  0.0    0 14.2 21 350   M    M   7        25  20
 2  26  16  21  -6  44   0 0.01  0.2    0  9.1 18 360   M    M   5        21 360
 3  29  17  23  -4  42   0 0.02  0.9    1  6.5 16 170   M    M   8        22 170
 4  56  23  40  12  25   0 0.00  0.0    0 13.1 23 280   M    M   0        30 210
 5  42  20  31   3  34   0 0.00  0.0    0  6.6 16 360   M    M   0        21 360
 6  44  28  36   8  29   0 0.00  0.0    0  6.9 14 150   M    M   4 128    16 150
 7  38  20  29   1  36   0 0.00  0.0    0 16.1 25 350   M    M   6 1      29 360
 8  24  13  19  -9  46   0    T    T    0 12.2 24 360   M    M   5 8      29  10
 9  38  12  25  -3  40   0 0.00  0.0    0 10.4 21 190   M    M   3        28 200
10  74  33  54  25  11   0 0.00  0.0    0  6.5 14 210   M    M   0        19 200
11  61  38  50  21  15   0 0.00  0.0    0 11.7 20 360   M    M   1        24 360
12  50  27  39  10  26   0 0.00  0.0    0  8.8 25 350   M    M   0        33 350
13  49  29  39  10  26   0 0.00  0.0    0  8.1 20 210   M    M   1        26 210
14  53  26  40  10  25   0 0.00  0.0    0 12.7 25 350   M    M   0        31 350
15  62  22  42  12  23   0 0.00  0.0    0  8.6 21 260   M    M   0        24 260
16  74  32  53  23  12   0 0.00  0.0    0  7.7 17 250   M    M   0        21 250
17  73  34  54  24  11   0 0.00  0.0    0  7.6 16  10   M    M   0        20  30
18  67  28  48  17  17   0 0.00  0.0    0  5.9 17 130   M    M   0 8      22 140
19  71  44  58  27   7   0 0.00  0.0    0 13.0 24 190   M    M   0 1      33 190
20  65  36  51  20  14   0 0.00  0.0    0 11.1 28 340   M    M   3 1      35 330
================================================================================
SM 1028  519       521   0  0.03     1.1 196.8          M       43
================================================================================
AV 51.4 26.0                               9.8 FASTST   M    M   2    MAX(MPH)
                                 MISC ---->  # 28 340               # 35  330
================================================================================
NOTES:
# LAST OF SEVERAL OCCURRENCES

COLUMN 17 PEAK WIND IN M.P.H.

PRELIMINARY LOCAL CLIMATOLOGICAL DATA (WS FORM: F-6) , PAGE 2

                                          STATION:  HASTINGS NE
                                          MONTH:    FEBRUARY
                                          YEAR:     2017
                                          LATITUDE:   40 35 N
                                          LONGITUDE:  98 26 W

[TEMPERATURE DATA]      [PRECIPITATION DATA]       SYMBOLS USED IN COLUMN 16

AVERAGE MONTHLY: 38.7   TOTAL FOR MONTH:   0.03    1 = FOG OR MIST
DPTR FM NORMAL:   9.8   DPTR FM NORMAL:   -0.29    2 = FOG REDUCING VISIBILITY
HIGHEST:    74 ON 16,10 GRTST 24HR  0.02 ON  3- 3      TO 1/4 MILE OR LESS
LOWEST:     12 ON  9                               3 = THUNDER
                        SNOW, ICE PELLETS, HAIL    4 = ICE PELLETS
                        TOTAL MONTH:   1.1 INCHES  5 = HAIL
                        GRTST 24HR   0.9 ON   M    6 = FREEZING RAIN OR DRIZZLE
                        GRTST DEPTH:   1 ON  3     7 = DUSTSTORM OR SANDSTORM:
                                                       VSBY 1/2 MILE OR LESS
                                                   8 = SMOKE OR HAZE
[NO. OF DAYS WITH]      [WEATHER - DAYS WITH]      9 = BLOWING SNOW
                                                   X = TORNADO
MAX 32 OR BELOW:   4    0.01 INCH OR MORE:   2
MAX 90 OR ABOVE:   0    0.10 INCH OR MORE:   0
MIN 32 OR BELOW:  15    0.50 INCH OR MORE:   0
MIN  0 OR BELOW:   0    1.00 INCH OR MORE:   0

[HDD (BASE 65) ]
TOTAL THIS MO.   521    CLEAR  (SCALE 0-3)  13
DPTR FM NORMAL  -201    PTCLDY (SCALE 4-7)   7
TOTAL FM JUL 1  3720    CLOUDY (SCALE 8-10)  0
DPTR FM NORMAL  -651

[CDD (BASE 65) ]
TOTAL THIS MO.     0
DPTR FM NORMAL     0    [PRESSURE DATA]
TOTAL FM JAN 1     0    HIGHEST SLP M ON M
DPTR FM NORMAL     0    LOWEST  SLP 29.51 ON  6

[REMARKS]
