000
CXUS56 KTFX 301205
CF6HVR
PRELIMINARY LOCAL CLIMATOLOGICAL DATA (WS FORM: F-6)

                                          STATION:   HAVRE MT
                                          MONTH:     JUNE
                                          YEAR:      2015
                                          LATITUDE:   48 32 N
                                          LONGITUDE: 109 46 W

  TEMPERATURE IN F:       :PCPN:    SNOW:  WIND      :SUNSHINE: SKY     :PK WND
================================================================================
1   2   3   4   5  6A  6B    7    8   9   10  11  12  13   14  15   16   17  18
                                     12Z  AVG MX 2MIN
DY MAX MIN AVG DEP HDD CDD  WTR  SNW DPTH SPD SPD DIR MIN PSBL S-S WX    SPD DR
================================================================================

 1  81  53  67   8   0   2 0.00  0.0    0 10.3 22  80   M    M   1        25  70
 2  64  52  58  -1   7   0 0.22  0.0    0 12.9 23  80   M    M  10 1      27  80
 3  72  45  59   0   6   0 0.00  0.0    0  6.8 20 120   M    M   6 12     24 200
 4  68  53  61   1   4   0 0.11  0.0    0 10.0 22  70   M    M   5 13     26  90
 5  78  45  62   2   3   0 0.00  0.0    0  6.3 17 120   M    M   3 123    21  80
 6  85  46  66   6   0   1 0.00  0.0    0  5.7 16 310   M    M   2        20 340
 7  87  47  67   7   0   2 0.00  0.0    0  7.4 18 250   M    M   2        24 250
 8  96  50  73  13   0   8 0.00  0.0    0 12.2 28 250   M    M   0        34 250
 9  85  53  69   8   0   4    T  0.0    0 10.6 28  90   M    M   0 3      35  80
10  72  57  65   4   0   0    T  0.0    0 17.6 29 100   M    M   3        35  60
11  89  46  68   7   0   3 0.00  0.0    0  8.0 21 180   M    M   2 12     26 210
12  87  48  68   7   0   3 0.00  0.0    0 11.0 35 320   M    M   0        46 320
13  75  44  60  -2   5   0 0.02  0.0    0  8.4 23 360   M    M   3 1      28 350
14  72  39  56  -6   9   0 0.00  0.0    0  8.2 22 310   M    M   3        29 300
15  71  36  54  -8  11   0 0.00  0.0    0  6.1 13 120   M    M   4        22  60
16  79  47  63   1   2   0 0.00  0.0    0  4.4 12 170   M    M   3        14 340
17  80  45  63   1   2   0    T  0.0    0 10.0 25  40   M    M   1        33  40
18  82  50  66   3   0   1 0.00  0.0    0 10.3 21  80   M    M   0        27  60
19  87  50  69   6   0   4 0.00  0.0    0  9.7 28 360   M    M   1 3      36 360
20  80  49  65   2   0   0 0.00  0.0    0  7.3 16 220   M    M   1        20 220
21  79  45  62  -1   3   0    T  0.0    0  8.2 26 330   M    M   1        31 320
22  81  38  60  -4   5   0 0.00  0.0    0  6.6 13 170   M    M   0        16 240
23  89  47  68   4   0   3 0.08  0.0    0 11.5 39 340   M    M   2 3      52 340
24  84  53  69   5   0   4 0.00  0.0    0  5.7 13  30   M    M   1 13     18 350
25  87  58  73   9   0   8    T  0.0    0  5.5 25 250   M    M   4        32 250
26  97  51  74   9   0   9 0.00  0.0    0  7.4 18 360   M    M   1        27 250
27 100  60  80  15   0  15 0.00  0.0    0  8.5 20  80   M    M   0        30 200
28 103  56  80  15   0  15 0.00  0.0    0  7.6 18 310   M    M   0        23 320
29  98  64  81  16   0  16    T  0.0    0 12.3 26  80   M    M   2 8      33  80
================================================================================
SM 2408 1427        57  98  0.43     0.0 256.5          M       61
================================================================================
AV 83.0 49.2                               8.8 FASTST   M    M   2    MAX(MPH)
                                 MISC ---->  # 39 340               # 52  340
================================================================================
NOTES:
# LAST OF SEVERAL OCCURRENCES

COLUMN 17 PEAK WIND IN M.P.H.

PRELIMINARY LOCAL CLIMATOLOGICAL DATA (WS FORM: F-6) , PAGE 2

                                          STATION:  HAVRE MT
                                          MONTH:    JUNE
                                          YEAR:     2015
                                          LATITUDE:   48 32 N
                                          LONGITUDE: 109 46 W

[TEMPERATURE DATA]      [PRECIPITATION DATA]       SYMBOLS USED IN COLUMN 16

AVERAGE MONTHLY: 66.1   TOTAL FOR MONTH:   0.43    1 = FOG OR MIST
DPTR FM NORMAL:   4.1   DPTR FM NORMAL:   -1.69    2 = FOG REDUCING VISIBILITY
HIGHEST:   103 ON 28    GRTST 24HR  0.22 ON  1- 2      TO 1/4 MILE OR LESS
LOWEST:     36 ON 15                               3 = THUNDER
                        SNOW, ICE PELLETS, HAIL    4 = ICE PELLETS
                        TOTAL MONTH:   0.0 INCH    5 = HAIL
                        GRTST 24HR     0.0         6 = FREEZING RAIN OR DRIZZLE
                        GRTST DEPTH:   0           7 = DUSTSTORM OR SANDSTORM:
                                                       VSBY 1/2 MILE OR LESS
                                                   8 = SMOKE OR HAZE
[NO. OF DAYS WITH]      [WEATHER - DAYS WITH]      9 = BLOWING SNOW
                                                   X = TORNADO
MAX 32 OR BELOW:   0    0.01 INCH OR MORE:   4
MAX 90 OR ABOVE:   5    0.10 INCH OR MORE:   2
MIN 32 OR BELOW:   0    0.50 INCH OR MORE:   0
MIN  0 OR BELOW:   0    1.00 INCH OR MORE:   0

[HDD (BASE 65) ]
TOTAL THIS MO.    57    CLEAR  (SCALE 0-3)  23
DPTR FM NORMAL   -75    PTCLDY (SCALE 4-7)   5
TOTAL FM JUL 1  7461    CLOUDY (SCALE 8-10)  1
DPTR FM NORMAL  -759

[CDD (BASE 65) ]
TOTAL THIS MO.    98
DPTR FM NORMAL    52    [PRESSURE DATA]
TOTAL FM JAN 1    98    HIGHEST SLP M ON M
DPTR FM NORMAL    41    LOWEST  SLP 29.66 ON 12

[REMARKS]
