000
CXUS52 KMFL 281000
CF6HWO
PRELIMINARY LOCAL CLIMATOLOGICAL DATA (WS FORM: F-6)

                                          STATION:   NORTH PERRY ARPT
                                          MONTH:     APRIL
                                          YEAR:      2017
                                          LATITUDE:   26  0 N
                                          LONGITUDE:  80 14 W

  TEMPERATURE IN F:       :PCPN:    SNOW:  WIND      :SUNSHINE: SKY     :PK WND
================================================================================
1   2   3   4   5  6A  6B    7    8   9   10  11  12  13   14  15   16   17  18
                                     12Z  AVG MX 2MIN
DY MAX MIN AVG DEP HDD CDD  WTR  SNW DPTH SPD SPD DIR MIN PSBL S-S WX    SPD DR
================================================================================

 1  88  72  80   6   0  15 0.00  0.0    0  6.0 16 120   M    M   2        21 140
 2  88  73  81   7   0  16 0.00  0.0    0  7.9 17 100   M    M   2        22 120
 3  86  76  81   7   0  16 0.00  0.0    0 11.4 22 150   M    M   3        27 130
 4  88  74  81   7   0  16 0.00  0.0    0  9.7 18 130   M    M   2        25 120
 5  89  72  81   7   0  16 0.00  0.0    0  8.0 18 160   M    M   2        26 150
 6  90  67  79   5   0  14 0.00  0.0    0 13.1 26 260   M    M   2        34 260
 7  78  61  70  -4   0   5 0.00  0.0    0 11.5 21 320   M    M   0        30 320
 8  80  55  68  -6   0   3 0.00  0.0    0  6.2 16 320   M    M   2        21 320
 9  82  63  73  -1   0   8 0.00  0.0    0  9.8 21  60   M    M   3        25  70
10  83  68  76   2   0  11 0.01  0.0    0 11.7 23  80   M    M   7        29  90
11  82  65  74   0   0   9 0.07  0.0    0 12.4 23  70   M    M   4        30  70
12  83  70  77   3   0  12 0.21  0.0    0 13.4 24  70   M    M   8 1      29  60
13  83  72  78   3   0  13    T  0.0    0 12.7 20  50   M    M   5        28  80
14  81  70  76   1   0  11    T  0.0    0 11.8 22  50   M    M   4        28  40
15  84  72  78   3   0  13 0.06  0.0    0 17.0 26  80   M    M   6        34  90
16  83  72  78   3   0  13    T  0.0    0 12.9 22  90   M    M   6        28  80
17  85  73  79   4   0  14 0.00  0.0    0 10.9 20 120   M    M   6        28 100
18  85  73  79   4   0  14 0.00  0.0    0 10.7 18  90   M    M   2        25  90
19  84  74  79   4   0  14    T  0.0    0 13.0 24  80   M    M   6        28  90
20  83  73  78   3   0  13    T  0.0    0 14.1 22 100   M    M   3        29  80
21  84  71  78   2   0  13 0.00  0.0    0 13.3 23 120   M    M   4        31  90
22  83  75  79   3   0  14 0.00  0.0    0 12.7 20 110   M    M   5        24 120
23  79  70  75  -1   0  10 4.43  0.0    0  6.2 25 140   M    M   8 13     31 130
24  89  68  79   3   0  14 0.00  0.0    0 10.6 24 230   M    M   5 1      31 280
25  86  65  76   0   0  11 0.00  0.0    0  9.2 21 230   M    M   2        26 220
26  85  63  74  -2   0   9 0.00  0.0    0  6.5 17 130   M    M   2        22  80
27  90  75  83   7   0  18 0.00  0.0    0  9.0 18 150   M    M   2        27 120
================================================================================
SM 2281 1882         0 335  4.78     0.0 291.7          M      103
================================================================================
AV 84.5 69.7                              10.8 FASTST   M    M   4    MAX(MPH)
                                 MISC ---->  # 26 260               # 34  260
================================================================================
NOTES:
# LAST OF SEVERAL OCCURRENCES

COLUMN 17 PEAK WIND IN M.P.H.

PRELIMINARY LOCAL CLIMATOLOGICAL DATA (WS FORM: F-6) , PAGE 2

                                          STATION:  NORTH PERRY ARPT
                                          MONTH:    APRIL
                                          YEAR:     2017
                                          LATITUDE:   26  0 N
                                          LONGITUDE:  80 14 W

[TEMPERATURE DATA]      [PRECIPITATION DATA]       SYMBOLS USED IN COLUMN 16

AVERAGE MONTHLY: 77.1   TOTAL FOR MONTH:   4.78    1 = FOG OR MIST
DPTR FM NORMAL:   2.3   DPTR FM NORMAL:    1.91    2 = FOG REDUCING VISIBILITY
HIGHEST:    90 ON 27, 6 GRTST 24HR  4.43 ON 23-23      TO 1/4 MILE OR LESS
LOWEST:     55 ON  8                               3 = THUNDER
                        SNOW, ICE PELLETS, HAIL    4 = ICE PELLETS
                        TOTAL MONTH:   0.0 INCH    5 = HAIL
                        GRTST 24HR     0.0         6 = FREEZING RAIN OR DRIZZLE
                        GRTST DEPTH:   0           7 = DUSTSTORM OR SANDSTORM:
                                                       VSBY 1/2 MILE OR LESS
                                                   8 = SMOKE OR HAZE
[NO. OF DAYS WITH]      [WEATHER - DAYS WITH]      9 = BLOWING SNOW
                                                   X = TORNADO
MAX 32 OR BELOW:   0    0.01 INCH OR MORE:   5
MAX 90 OR ABOVE:   2    0.10 INCH OR MORE:   2
MIN 32 OR BELOW:   0    0.50 INCH OR MORE:   1
MIN  0 OR BELOW:   0    1.00 INCH OR MORE:   1

[HDD (BASE 65) ]
TOTAL THIS MO.     0    CLEAR  (SCALE 0-3)  12
DPTR FM NORMAL     0    PTCLDY (SCALE 4-7)  15
TOTAL FM JUL 1    36    CLOUDY (SCALE 8-10)  0
DPTR FM NORMAL  -108

[CDD (BASE 65) ]
TOTAL THIS MO.   335
DPTR FM NORMAL    69    [PRESSURE DATA]
TOTAL FM JAN 1   997    HIGHEST SLP M ON M
DPTR FM NORMAL   218    LOWEST  SLP 29.73 ON 24

[REMARKS]
