000
CXUS54 KHGX 171415
CF6IAH
PRELIMINARY LOCAL CLIMATOLOGICAL DATA (WS FORM: F-6)

                                          STATION:   HOUSTON INTERCONTINENTAL
                                          MONTH:     DECEMBER
                                          YEAR:      2014
                                          LATITUDE:   29 58 N
                                          LONGITUDE:  95 21 W

  TEMPERATURE IN F:       :PCPN:    SNOW:  WIND      :SUNSHINE: SKY     :PK WND
================================================================================
1   2   3   4   5  6A  6B    7    8   9   10  11  12  13   14  15   16   17  18
                                     12Z  AVG MX 2MIN
DY MAX MIN AVG DEP HDD CDD  WTR  SNW DPTH SPD SPD DIR MIN PSBL S-S WX    SPD DR
================================================================================

 1  69  45  57   0   8   0 0.03  0.0    0  6.9 21 340   M    M   8 1      25 340
 2  56  44  50  -7  15   0 0.00  0.0    0  7.7 16  10   M    M  10 1      20  40
 3  66  52  59   2   6   0    T  0.0    0  3.7 12  80   M    M   9 12     14  80
 4  72  53  63   7   2   0    T  0.0    0  7.4 13 140   M    M   9 12     16 130
 5  79  65  72  16   0   7 0.07  0.0    0  5.6 14 200   M    M   9 12     21 190
 6  71  58  65   9   0   0    T  0.0    0  7.8 16 350   M    M   9 1      20  10
 7  59  54  57   1   8   0 0.00  0.0    0  6.4 14  50   M    M  10 1      17  60
 8  67  46  57   1   8   0 0.00  0.0    0  5.4 13 350   M    M   3        16 330
 9  70  43  57   2   8   0 0.00  0.0    0  1.8  8  60   M    M   4 1      10  60
10  69  42  56   1   9   0 0.00  0.0    0  4.4 12 130   M    M   7 1      15 130
11  72  56  64   9   1   0 0.02  0.0    0  5.0 12 230   M    M   9        16 190
12  75  57  66  11   0   1    T  0.0    0  7.5 15 160   M    M   6 1      20 140
13  74  54  64   9   1   0 0.00  0.0    0  9.2 20 130   M    M   5 1      24 140
14  76  58  67  13   0   2    T  0.0    0 11.8 24 150   M    M   8 12     29 140
15  80  59  70  16   0   5    T  0.0    0  8.2 15 270   M    M   7        22 270
16  66  48  57   3   8   0 0.00  0.0    0  7.2 17 360   M    M   4        23  20
================================================================================
SM 1121  834        74  15  0.12     0.0 106.0          M      117
================================================================================
AV 70.1 52.1                               6.6 FASTST   M    M   7    MAX(MPH)
                                 MISC ---->  # 24 150               # 29  140
================================================================================
NOTES:
# LAST OF SEVERAL OCCURRENCES

COLUMN 17 PEAK WIND IN M.P.H.

PRELIMINARY LOCAL CLIMATOLOGICAL DATA (WS FORM: F-6) , PAGE 2

                                          STATION:  HOUSTON INTERCONTINENTAL
                                          MONTH:    DECEMBER
                                          YEAR:     2014
                                          LATITUDE:   29 58 N
                                          LONGITUDE:  95 21 W

[TEMPERATURE DATA]      [PRECIPITATION DATA]       SYMBOLS USED IN COLUMN 16

AVERAGE MONTHLY: 61.1   TOTAL FOR MONTH:   0.12    1 = FOG OR MIST
DPTR FM NORMAL:   5.6   DPTR FM NORMAL:   -1.93    2 = FOG REDUCING VISIBILITY
HIGHEST:    80 ON 15    GRTST 24HR  0.07 ON  5- 5      TO 1/4 MILE OR LESS
LOWEST:     42 ON 10                               3 = THUNDER
                        SNOW, ICE PELLETS, HAIL    4 = ICE PELLETS
                        TOTAL MONTH:   0.0 INCH    5 = HAIL
                        GRTST 24HR     0.0         6 = FREEZING RAIN OR DRIZZLE
                        GRTST DEPTH:   0           7 = DUSTSTORM OR SANDSTORM:
                                                       VSBY 1/2 MILE OR LESS
                                                   8 = SMOKE OR HAZE
[NO. OF DAYS WITH]      [WEATHER - DAYS WITH]      9 = BLOWING SNOW
                                                   X = TORNADO
MAX 32 OR BELOW:   0    0.01 INCH OR MORE:   3
MAX 90 OR ABOVE:   0    0.10 INCH OR MORE:   0
MIN 32 OR BELOW:   0    0.50 INCH OR MORE:   0
MIN  0 OR BELOW:   0    1.00 INCH OR MORE:   0

[HDD (BASE 65) ]
TOTAL THIS MO.    74    CLEAR  (SCALE 0-3)   0
DPTR FM NORMAL   -93    PTCLDY (SCALE 4-7)   9
TOTAL FM JUL 1   322    CLOUDY (SCALE 8-10)  7
DPTR FM NORMAL   -30

[CDD (BASE 65) ]
TOTAL THIS MO.    15
DPTR FM NORMAL    -1    [PRESSURE DATA]
TOTAL FM JAN 1  3043    HIGHEST SLP M ON M
DPTR FM NORMAL  -101    LOWEST  SLP 29.92 ON M

[REMARKS]
