000
CXUS53 KICT 260800
CF6ICT
PRELIMINARY LOCAL CLIMATOLOGICAL DATA (WS FORM: F-6)

                                          STATION:   WICHITA EISENHOWER NATIONAL
                                          MONTH:     MARCH
                                          YEAR:      2017
                                          LATITUDE:   37 39 N
                                          LONGITUDE:  97 25 W

  TEMPERATURE IN F:       :PCPN:    SNOW:  WIND      :SUNSHINE: SKY     :PK WND
================================================================================
1   2   3   4   5  6A  6B    7    8   9   10  11  12  13   14  15   16   17  18
                                     12Z  AVG MX 2MIN
DY MAX MIN AVG DEP HDD CDD  WTR  SNW DPTH SPD SPD DIR MIN PSBL S-S WX    SPD DR
================================================================================

 1  57  30  44   2  21   0 0.00  0.0    0 13.8 28 340   M    M   2        33 320
 2  62  24  43   1  22   0 0.00  0.0    0  8.9 24 320   M    M   2        33 340
 3  69  32  51   9  14   0 0.00  0.0    0 17.3 31 200   M    M   1        40 190
 4  69  40  55  12  10   0 0.00  0.0    0 23.3 37 180   M    M   4        46 170
 5  62  51  57  14   8   0 0.00  0.0    0 25.6 36 180   M    M  10 1      48 180
 6  79  48  64  21   1   0 0.00  0.0    0 28.3 43 320   M    M   8 8      52 320
 7  64  27  46   2  19   0 0.00  0.0    0 11.9 31 320   M    M   1        39 330
 8  73  31  52   8  13   0 0.00  0.0    0  9.8 36 210   M    M   2        46 210
 9  76  38  57  13   8   0 0.00  0.0    0 10.3 28  30   M    M   3        37  30
10  49  30  40  -5  25   0 0.00  0.0    0 15.9 32  40   M    M   4        38  40
11  43  32  38  -7  27   0 0.00  0.0    0 13.8 26  70   M    M   9         M  M
12  43  28  36  -9  29   0 0.02  0.0    0 10.5 28 180   M    M   9 1      33 180
13  42  23  33 -13  32   0 0.00  0.0    0 16.4 33 330   M    M   5 1      42 330
14  43  27  35 -11  30   0 0.00  0.0    0  8.5 16  80   M    M   8        20  40
15  51  28  40  -6  25   0    T    T    0 11.4 21 180   M    M   7        25 160
16  76  38  57  11   8   0 0.00  0.0    0 17.8 31 180   M    M   4        38 180
17  78  50  64  17   1   0 0.00  0.0    0 11.3 25  40   M    M   5 128    31  30
18  73  45  59  12   6   0 0.00  0.0    0 10.5 17  80   M    M   5        20  70
19  89  58  74  27   0   9 0.00  0.0    0 18.1 32 180   M    M   3        39 170
20  89  53  71  23   0   6 0.00  0.0    0  8.9 22  40   M    M   4 1      26  40
21  67  53  60  12   5   0 0.00  0.0    0 20.5 32  40   M    M   7        39  40
22  58  46  52   4  13   0 0.00  0.0    0 14.5 26  70   M    M   9        31  70
23  82  53  68  19   0   3 0.00  0.0    0 20.9 36 180   M    M   7        44 180
24  76  47  62  13   3   0 0.44    T    0 17.0 29 180   M    M   6 1358   39 180
25  47  43  45  -4  20   0 0.12  0.0    0 15.2 26 330   M    M  10 1      37 360
================================================================================
SM 1617  975       340  18  0.58    T    380.4          M      135
================================================================================
AV 64.7 39.0                              15.2 FASTST   M    M   5    MAX(MPH)
                                 MISC ---->  # 43 320               # 52  320
================================================================================
NOTES:
# LAST OF SEVERAL OCCURRENCES

COLUMN 17 PEAK WIND IN M.P.H.

PRELIMINARY LOCAL CLIMATOLOGICAL DATA (WS FORM: F-6) , PAGE 2

                                          STATION:  WICHITA EISENHOWER NATIONAL
                                          MONTH:    MARCH
                                          YEAR:     2017
                                          LATITUDE:   37 39 N
                                          LONGITUDE:  97 25 W

[TEMPERATURE DATA]      [PRECIPITATION DATA]       SYMBOLS USED IN COLUMN 16

AVERAGE MONTHLY: 51.8   TOTAL FOR MONTH:   0.58    1 = FOG OR MIST
DPTR FM NORMAL:   6.3   DPTR FM NORMAL:   -1.52    2 = FOG REDUCING VISIBILITY
HIGHEST:    89 ON 20,19 GRTST 24HR  0.44 ON 24-24      TO 1/4 MILE OR LESS
LOWEST:     23 ON 13                               3 = THUNDER
                        SNOW, ICE PELLETS, HAIL    4 = ICE PELLETS
                        TOTAL MONTH:    T          5 = HAIL
                        GRTST 24HR    T  ON 24-24  6 = FREEZING RAIN OR DRIZZLE
                        GRTST DEPTH:   0           7 = DUSTSTORM OR SANDSTORM:
                                                       VSBY 1/2 MILE OR LESS
                                                   8 = SMOKE OR HAZE
[NO. OF DAYS WITH]      [WEATHER - DAYS WITH]      9 = BLOWING SNOW
                                                   X = TORNADO
MAX 32 OR BELOW:   0    0.01 INCH OR MORE:   3
MAX 90 OR ABOVE:   0    0.10 INCH OR MORE:   2
MIN 32 OR BELOW:  11    0.50 INCH OR MORE:   0
MIN  0 OR BELOW:   0    1.00 INCH OR MORE:   0

[HDD (BASE 65) ]
TOTAL THIS MO.   340    CLEAR  (SCALE 0-3)   7
DPTR FM NORMAL  -147    PTCLDY (SCALE 4-7)  12
TOTAL FM JUL 1  3184    CLOUDY (SCALE 8-10)  6
DPTR FM NORMAL  -943

[CDD (BASE 65) ]
TOTAL THIS MO.    18
DPTR FM NORMAL    18    [PRESSURE DATA]
TOTAL FM JAN 1    18    HIGHEST SLP M ON M
DPTR FM NORMAL    18    LOWEST  SLP 29.39 ON  6

[REMARKS]
