000
CXUS53 KUNR 160945
CF6IEN
PRELIMINARY LOCAL CLIMATOLOGICAL DATA (WS FORM: F-6)

                                          STATION:   PINE RIDGE SD
                                          MONTH:     DECEMBER
                                          YEAR:      2017
                                          LATITUDE:   43  1 N
                                          LONGITUDE: 102 31 W

  TEMPERATURE IN F:       :PCPN:    SNOW:  WIND      :SUNSHINE: SKY     :PK WND
================================================================================
1   2   3   4   5  6A  6B    7    8   9   10  11  12  13   14  15   16   17  18
                                     12Z  AVG MX 2MIN
DY MAX MIN AVG DEP HDD CDD  WTR  SNW DPTH SPD SPD DIR MIN PSBL S-S WX    SPD DR
================================================================================

 1  52  15  34   8  31   0 0.00    M    M  2.8 10 280   M    M   2        13 280
 2  58  19  39  13  26   0 0.00    M    M  7.7 18 290   M    M   0        25 190
 3  64  32  48  23  17   0 0.00    M    M  4.8 15 240   M    M   0        22 230
 4  42   7  25   0  40   0 0.13    M    M 11.8 28 350   M    M   6 12     41 330
 5  40  12  26   1  39   0 0.00    M    M 11.5 26 260   M    M   0        35 280
 6  32  10  21  -3  44   0 0.06    M    M 11.5 29  10   M    M   5 1      40  20
 7  37   1  19  -5  46   0    T    M    M  5.8 13 310   M    M   4        18 310
 8  44  26  35  11  30   0 0.00    M    M  7.4 18 340   M    M   2        25 330
 9  51  17  34  10  31   0 0.00    M    M  6.3 15 310   M    M   0        22 290
10  56  29  43  20  22   0 0.00    M    M  7.8 17 280   M    M   0        21 270
11  46  18  32   9  33   0 0.00    M    M  8.1 28  10   M    M   1        39  10
12  60  13  37  14  28   0 0.00    M    M  5.9 14 280   M    M   2        20 280
13  50  31  41  18  24   0    T    M    M 11.1 21 360   M    M   2        29 330
14  36  18  27   4  38   0    T    M    M  9.3 23 340   M    M   8 1      32 350
15  55  18  37  15  28   0 0.00  0.0    0  8.2 21 240   M    M   0        27 250
================================================================================
SM  723  266       477   0  0.19     0.0 120.0          M       32
================================================================================
AV 48.2 17.7                               8.0 FASTST   M    M   2    MAX(MPH)
                                 MISC ---->  # 29  10               # 41  330
================================================================================
NOTES:
# LAST OF SEVERAL OCCURRENCES

COLUMN 17 PEAK WIND IN M.P.H.

PRELIMINARY LOCAL CLIMATOLOGICAL DATA (WS FORM: F-6) , PAGE 2

                                          STATION:  PINE RIDGE SD
                                          MONTH:    DECEMBER
                                          YEAR:     2017
                                          LATITUDE:   43  1 N
                                          LONGITUDE: 102 31 W

[TEMPERATURE DATA]      [PRECIPITATION DATA]       SYMBOLS USED IN COLUMN 16

AVERAGE MONTHLY: 33.0   TOTAL FOR MONTH:   0.19    1 = FOG OR MIST
DPTR FM NORMAL:   9.0   DPTR FM NORMAL:    0.02    2 = FOG REDUCING VISIBILITY
HIGHEST:    64 ON  3    GRTST 24HR  0.13 ON  4- 4      TO 1/4 MILE OR LESS
LOWEST:      1 ON  7                               3 = THUNDER
                        SNOW, ICE PELLETS, HAIL    4 = ICE PELLETS
                        TOTAL MONTH:   0.0 INCH    5 = HAIL
                        GRTST 24HR     0.0         6 = FREEZING RAIN OR DRIZZLE
                        GRTST DEPTH:   0           7 = DUSTSTORM OR SANDSTORM:
                                                       VSBY 1/2 MILE OR LESS
                                                   8 = SMOKE OR HAZE
[NO. OF DAYS WITH]      [WEATHER - DAYS WITH]      9 = BLOWING SNOW
                                                   X = TORNADO
MAX 32 OR BELOW:   1    0.01 INCH OR MORE:   2
MAX 90 OR ABOVE:   0    0.10 INCH OR MORE:   1
MIN 32 OR BELOW:  15    0.50 INCH OR MORE:   0
MIN  0 OR BELOW:   0    1.00 INCH OR MORE:   0

[HDD (BASE 65) ]
TOTAL THIS MO.   477    CLEAR  (SCALE 0-3)  11
DPTR FM NORMAL  -138    PTCLDY (SCALE 4-7)   3
TOTAL FM JUL 1  1974    CLOUDY (SCALE 8-10)  1
DPTR FM NORMAL  -331

[CDD (BASE 65) ]
TOTAL THIS MO.     0
DPTR FM NORMAL     0    [PRESSURE DATA]
TOTAL FM JAN 1   780    HIGHEST SLP M ON M
DPTR FM NORMAL    63    LOWEST  SLP 29.19 ON  3

[REMARKS]
