000
CXUS53 KUNR 240945
CF6IEN
PRELIMINARY LOCAL CLIMATOLOGICAL DATA (WS FORM: F-6)

                                          STATION:   PINE RIDGE SD
                                          MONTH:     OCTOBER
                                          YEAR:      2014
                                          LATITUDE:   43  1 N
                                          LONGITUDE: 102 31 W

  TEMPERATURE IN F:       :PCPN:    SNOW:  WIND      :SUNSHINE: SKY     :PK WND
================================================================================
1   2   3   4   5  6A  6B    7    8   9   10  11  12  13   14  15   16   17  18
                                     12Z  AVG MX 2MIN
DY MAX MIN AVG DEP HDD CDD  WTR  SNW DPTH SPD SPD DIR MIN PSBL S-S WX    SPD DR
================================================================================

 1  62  42  52  -2  13   0 0.07    M    M  4.4 18 350   M    M   6 1      23  20
 2  66  36  51  -3  14   0 0.20    M    M 11.4 30 360   M    M   3 1      40 340
 3  53  26  40 -13  25   0 0.00    M    M  8.8 26 290   M    M   1        36 290
 4  66  24  45  -8  20   0 0.00    M    M  6.2 22 290   M    M   7        27 290
 5  65  35  50  -2  15   0 0.02    M    M  3.6 21 300   M    M   5 3      27 290
 6  75  39  57   5   8   0    T    M    M  7.7 30 290   M    M   4 18     40 290
 7  65  36  51  -1  14   0    T    M    M  4.0 12  40   M    M   7        17 300
 8  75  35  55   4  10   0 0.00    M    M  6.8 26 190   M    M   2        32 190
 9  58  31  45  -6  20   0 0.00    M    M  4.5 14  50   M    M   1        19  80
10  64  45  55   5  10   0 0.00    M    M  7.3 15 190   M    M   6        20 180
11  74  44  59   9   6   0    T    M    M 14.6 25 200   M    M   0        33 200
12  55  40  48  -2  17   0 0.23    M    M  8.8 28 350   M    M   6 1      38 360
13  62  29  46  -3  19   0 0.00    M    M  5.6 17 310   M    M   1        25 300
14  71  24  48  -1  17   0 0.00    M    M  3.8 17 190   M    M   0 8      25 180
15  85  48  67  19   0   2 0.00    M    M 11.3 22 190   M    M   0        27 200
16  66  40  53   5  12   0 0.00    M    M  9.4 26 280   M    M   0        34 280
17  59  29  44  -4  21   0 0.00    M    M  3.9 12 310   M    M   1 1      14  40
18  70  27  49   2  16   0 0.00    M    M 11.4 25 190   M    M   0 1      32 210
19  75  34  55   8  10   0 0.00    M    M  2.5  8  90   M    M   0        11  60
20  80  32  56  10   9   0 0.00    M    M 10.5 22 190   M    M   0        30 180
21  79  52  66  20   0   1 0.00    M    M 11.8 24 190   M    M   1 8      31 180
22  64  30  47   1  18   0 0.03    M    M  4.6 18 290   M    M   3 1      27 290
23  72  23  48   3  17   0 0.00    M    M  3.5 17 220   M    M   0        24 220
================================================================================
SM 1561  801       311   3  0.55    M    166.4          M       54
================================================================================
AV 67.9 34.8                               7.2 FASTST   M    M   2    MAX(MPH)
                                 MISC ---->  # 30 360               # 40  340
================================================================================
NOTES:
# LAST OF SEVERAL OCCURRENCES

COLUMN 17 PEAK WIND IN M.P.H.

PRELIMINARY LOCAL CLIMATOLOGICAL DATA (WS FORM: F-6) , PAGE 2

                                          STATION:  PINE RIDGE SD
                                          MONTH:    OCTOBER
                                          YEAR:     2014
                                          LATITUDE:   43  1 N
                                          LONGITUDE: 102 31 W

[TEMPERATURE DATA]      [PRECIPITATION DATA]       SYMBOLS USED IN COLUMN 16

AVERAGE MONTHLY: 51.3   TOTAL FOR MONTH:   0.55    1 = FOG OR MIST
DPTR FM NORMAL:   1.7   DPTR FM NORMAL:   -0.39    2 = FOG REDUCING VISIBILITY
HIGHEST:    85 ON 15    GRTST 24HR  0.23 ON 12-12      TO 1/4 MILE OR LESS
LOWEST:     23 ON 23                               3 = THUNDER
                        SNOW, ICE PELLETS, HAIL    4 = ICE PELLETS
                        TOTAL MONTH:    M          5 = HAIL
                        GRTST 24HR    M  ON   M    6 = FREEZING RAIN OR DRIZZLE
                        GRTST DEPTH:  M  ON   M    7 = DUSTSTORM OR SANDSTORM:
                                                       VSBY 1/2 MILE OR LESS
                                                   8 = SMOKE OR HAZE
[NO. OF DAYS WITH]      [WEATHER - DAYS WITH]      9 = BLOWING SNOW
                                                   X = TORNADO
MAX 32 OR BELOW:   0    0.01 INCH OR MORE:   5
MAX 90 OR ABOVE:   0    0.10 INCH OR MORE:   2
MIN 32 OR BELOW:  10    0.50 INCH OR MORE:   0
MIN  0 OR BELOW:   0    1.00 INCH OR MORE:   0

[HDD (BASE 65) ]
TOTAL THIS MO.   311    CLEAR  (SCALE 0-3)  14
DPTR FM NORMAL   -47    PTCLDY (SCALE 4-7)   9
TOTAL FM JUL 1   533    CLOUDY (SCALE 8-10)  0
DPTR FM NORMAL   -47

[CDD (BASE 65) ]
TOTAL THIS MO.     3
DPTR FM NORMAL     3    [PRESSURE DATA]
TOTAL FM JAN 1   482    HIGHEST SLP M ON M
DPTR FM NORMAL  -232    LOWEST  SLP 29.53 ON 11

[REMARKS]
