000
CXUS55 KVEF 170940
CF6IGM
PRELIMINARY LOCAL CLIMATOLOGICAL DATA (WS FORM: F-6)

                                          STATION:   KINGMAN AZ
                                          MONTH:     DECEMBER
                                          YEAR:      2017
                                          LATITUDE:   35 16 N
                                          LONGITUDE: 113 57 W

  TEMPERATURE IN F:       :PCPN:    SNOW:  WIND      :SUNSHINE: SKY     :PK WND
================================================================================
1   2   3   4   5  6A  6B    7    8   9   10  11  12  13   14  15   16   17  18
                                     12Z  AVG MX 2MIN
DY MAX MIN AVG DEP HDD CDD  WTR  SNW DPTH SPD SPD DIR MIN PSBL S-S WX    SPD DR
================================================================================

 1  75  40  58  13   7   0 0.00  0.0    0  6.9 20 230   M    M   0        25 220
 2  74  41  58  13   7   0 0.00  0.0    0  8.0 15 220   M    M   0        19 230
 3  72  44  58  13   7   0 0.00  0.0    0 14.2 29 220   M    M   0        35 210
 4  52  33  43  -1  22   0 0.00  0.0    0 13.3 24 340   M    M   0        30 350
 5  54  27  41  -3  24   0 0.00  0.0    0 14.1 26 350   M    M   0        32 350
 6  57  27  42  -2  23   0 0.00  0.0    0 11.5 24 350   M    M   0        30 350
 7  55  28  42  -2  23   0 0.00  0.0    0 11.3 23 350   M    M   0        27 360
 8  60  29  45   1  20   0 0.00  0.0    0  8.7 15 350   M    M   0        20 100
 9  64  29  47   4  18   0 0.00  0.0    0  7.4 16 360   M    M   0        19 350
10  61  28  45   2  20   0 0.00  0.0    0  6.9 13  10   M    M   0        16  10
11  62  25  44   1  21   0 0.00  0.0    0  6.7 13  40   M    M   0        16  30
12  66  26  46   3  19   0 0.00  0.0    0  6.8 14  20   M    M   0        17  20
13  68  31  50   7  15   0 0.00  0.0    0  5.5 15 150   M    M   0        16 150
14  61  29  45   2  20   0 0.00  0.0    0 12.6 30 350   M    M   0 8      37 360
15  65  27  46   4  19   0 0.00  0.0    0  7.0 17 220   M    M   0        21 230
16  61  31  46   4  19   0 0.00  0.0    0  7.2 18 250   M    M   0        24 250
================================================================================
SM 1007  495       284   0  0.00     0.0 148.1          M        0
================================================================================
AV 62.9 30.9                               9.3 FASTST   M    M   0    MAX(MPH)
                                 MISC ---->  # 30 350               # 37  360
================================================================================
NOTES:
# LAST OF SEVERAL OCCURRENCES

COLUMN 17 PEAK WIND IN M.P.H.

PRELIMINARY LOCAL CLIMATOLOGICAL DATA (WS FORM: F-6) , PAGE 2

                                          STATION:  KINGMAN AZ
                                          MONTH:    DECEMBER
                                          YEAR:     2017
                                          LATITUDE:   35 16 N
                                          LONGITUDE: 113 57 W

[TEMPERATURE DATA]      [PRECIPITATION DATA]       SYMBOLS USED IN COLUMN 16

AVERAGE MONTHLY: 46.9   TOTAL FOR MONTH:   0.00    1 = FOG OR MIST
DPTR FM NORMAL:   3.4   DPTR FM NORMAL:   -0.38    2 = FOG REDUCING VISIBILITY
HIGHEST:    75 ON  1    GRTST 24HR  0.00 ON 16-16      TO 1/4 MILE OR LESS
LOWEST:     25 ON 11                               3 = THUNDER
                        SNOW, ICE PELLETS, HAIL    4 = ICE PELLETS
                        TOTAL MONTH:   0.0 INCH    5 = HAIL
                        GRTST 24HR     0.0         6 = FREEZING RAIN OR DRIZZLE
                        GRTST DEPTH:   0           7 = DUSTSTORM OR SANDSTORM:
                                                       VSBY 1/2 MILE OR LESS
                                                   8 = SMOKE OR HAZE
[NO. OF DAYS WITH]      [WEATHER - DAYS WITH]      9 = BLOWING SNOW
                                                   X = TORNADO
MAX 32 OR BELOW:   0    0.01 INCH OR MORE:   0
MAX 90 OR ABOVE:   0    0.10 INCH OR MORE:   0
MIN 32 OR BELOW:  12    0.50 INCH OR MORE:   0
MIN  0 OR BELOW:   0    1.00 INCH OR MORE:   0

[HDD (BASE 65) ]
TOTAL THIS MO.   284    CLEAR  (SCALE 0-3)  16
DPTR FM NORMAL   -57    PTCLDY (SCALE 4-7)   0
TOTAL FM JUL 1   575    CLOUDY (SCALE 8-10)  0
DPTR FM NORMAL  -332

[CDD (BASE 65) ]
TOTAL THIS MO.     0
DPTR FM NORMAL     0    [PRESSURE DATA]
TOTAL FM JAN 1  2183    HIGHEST SLP M ON M
DPTR FM NORMAL    90    LOWEST  SLP 29.60 ON 16

[REMARKS]
