000
CXUS55 KLBF 291200
CF6IML
PRELIMINARY LOCAL CLIMATOLOGICAL DATA (WS FORM: F-6)

                                          STATION:   IMPERIAL NE
                                          MONTH:     APRIL
                                          YEAR:      2016
                                          LATITUDE:   40 31 N
                                          LONGITUDE: 101 37 W

  TEMPERATURE IN F:       :PCPN:    SNOW:  WIND      :SUNSHINE: SKY     :PK WND
================================================================================
1   2   3   4   5  6A  6B    7    8   9   10  11  12  13   14  15   16   17  18
                                     12Z  AVG MX 2MIN
DY MAX MIN AVG DEP HDD CDD  WTR  SNW DPTH SPD SPD DIR MIN PSBL S-S WX    SPD DR
================================================================================

 1  49  29  39  -5  26   0 0.00    M    M 16.0 32 340   M    M   2        42 320
 2  67  32  50   6  15   0 0.00    M    M  9.8 23 340   M    M   0        30 340
 3  74  31  53   8  12   0 0.00    M    M 12.7 28 350   M    M   1        38 340
 4  74  37  56  11   9   0 0.00    M    M 12.2 23 180   M    M   1        30 170
 5  72  37  55  10  10   0    T    M    M 13.2 35 310   M    M   1        48 310
 6  68  39  54   8  11   0 0.00    M    M 16.6 33 330   M    M   1        44 320
 7  62  35  49   3  16   0 0.00    M    M 13.7 32 350   M    M   5        39 360
 8  69  29  49   3  16   0 0.00    M    M  8.7 18 130   M    M   0        22 120
 9  74  27  51   5  14   0    T    M    M 11.2 21 160   M    M   0        26 160
10  64  43  54   7  11   0 0.00    M    M 14.1 26  30   M    M   3        31  30
11  59  41  50   3  15   0 0.00    M    M  7.7 15 220   M    M   7        21 160
12  71  37  54   7  11   0 0.00    M    M 15.1 23 170   M    M   0        31 170
13  77  37  57   9   8   0 0.00    M    M  8.5 21 160   M    M   0        27 160
14  75  40  58  10   7   0 0.00    M    M 20.2 33 150   M    M   0        41 150
15  65  49  57   9   8   0 1.89    M    M 14.0 29 270   M    M   8 13     37 270
16  49  37  43  -5  22   0 1.87    M    0 25.1 44  30   M    M  10        51  30
17  46  35  41  -8  24   0    T    M    M 17.3 38  30   M    M  10        50  40
18  54  36  45  -4  20   0 0.02    M    M 11.1 22 330   M    M   8        27 330
19  52  35  44  -5  21   0 0.00    M    M  6.1 14 170   M    M   7        16 170
20  62  34  48  -2  17   0 0.01    M    M  6.5 23  50   M    M   6 1      29  30
21  71  41  56   6   9   0 0.00    M    M 10.8 25 350   M    M   1        31 360
22  74  37  56   6   9   0 0.00  0.0    0 14.0 28 150   M    M   0        35 160
23  80  48  64  13   1   0 0.00    M    M 16.2 29 190   M    M   0        40 180
24  73  42  58   7   7   0 0.00    M    M 14.0 37 310   M    M   2        49 300
25  70  38  54   2  11   0 0.00    M    M 10.0 21 350   M    M   0        25 340
26  56  42  49  -3  16   0 0.30    M    M 16.2 31  60   M    M   9 138    42  50
27  50  33  42 -10  23   0    T    M    M 21.3 37 330   M    M   8        45 330
28  47  31  39 -14  26   0 0.01    M    M  8.2 21 350   M    M   6        27 340
================================================================================
SM 1804 1032       395   0  4.10     0.0 370.5          M       96
================================================================================
AV 64.4 36.9                              13.2 FASTST   M    M   3    MAX(MPH)
                                 MISC ---->  # 44  30               # 51   30
================================================================================
NOTES:
# LAST OF SEVERAL OCCURRENCES

COLUMN 17 PEAK WIND IN M.P.H.

PRELIMINARY LOCAL CLIMATOLOGICAL DATA (WS FORM: F-6) , PAGE 2

                                          STATION:  IMPERIAL NE
                                          MONTH:    APRIL
                                          YEAR:     2016
                                          LATITUDE:   40 31 N
                                          LONGITUDE: 101 37 W

[TEMPERATURE DATA]      [PRECIPITATION DATA]       SYMBOLS USED IN COLUMN 16

AVERAGE MONTHLY: 50.6   TOTAL FOR MONTH:   4.10    1 = FOG OR MIST
DPTR FM NORMAL:   2.5   DPTR FM NORMAL:    2.28    2 = FOG REDUCING VISIBILITY
HIGHEST:    80 ON 23    GRTST 24HR  3.11 ON 15-16      TO 1/4 MILE OR LESS
LOWEST:     27 ON  9                               3 = THUNDER
                        SNOW, ICE PELLETS, HAIL    4 = ICE PELLETS
                        TOTAL MONTH:   0.0 INCH    5 = HAIL
                        GRTST 24HR     0.0         6 = FREEZING RAIN OR DRIZZLE
                        GRTST DEPTH:   0           7 = DUSTSTORM OR SANDSTORM:
                                                       VSBY 1/2 MILE OR LESS
                                                   8 = SMOKE OR HAZE
[NO. OF DAYS WITH]      [WEATHER - DAYS WITH]      9 = BLOWING SNOW
                                                   X = TORNADO
MAX 32 OR BELOW:   0    0.01 INCH OR MORE:   6
MAX 90 OR ABOVE:   0    0.10 INCH OR MORE:   3
MIN 32 OR BELOW:   6    0.50 INCH OR MORE:   2
MIN  0 OR BELOW:   0    1.00 INCH OR MORE:   2

[HDD (BASE 65) ]
TOTAL THIS MO.   395    CLEAR  (SCALE 0-3)  16
DPTR FM NORMAL   -79    PTCLDY (SCALE 4-7)   7
TOTAL FM JUL 1  5062    CLOUDY (SCALE 8-10)  5
DPTR FM NORMAL  -781

[CDD (BASE 65) ]
TOTAL THIS MO.     0
DPTR FM NORMAL     0    [PRESSURE DATA]
TOTAL FM JAN 1     0    HIGHEST SLP M ON M
DPTR FM NORMAL     0    LOWEST  SLP 29.44 ON 23

[REMARKS]
