000
CXUS54 KMAF 251100
CF6INK
PRELIMINARY LOCAL CLIMATOLOGICAL DATA (WS FORM: F-6)

                                          STATION:   Wink
                                          MONTH:     SEPTEMBER
                                          YEAR:      2017
                                          LATITUDE:   31 46 N
                                          LONGITUDE: 103 12 W

  TEMPERATURE IN F:       :PCPN:    SNOW:  WIND      :SUNSHINE: SKY     :PK WND
================================================================================
1   2   3   4   5  6A  6B    7    8   9   10  11  12  13   14  15   16   17  18
                                     12Z  AVG MX 2MIN
DY MAX MIN AVG DEP HDD CDD  WTR  SNW DPTH SPD SPD DIR MIN PSBL S-S WX    SPD DR
================================================================================

 1  93  57  75  -5   0  10 0.00  0.0    0  6.9 14 130   M    M   0        19 160
 2  97  60  79  -1   0  14 0.00  0.0    0  5.5 12  90   M    M   1        16 110
 3  95  65  80   0   0  15 0.00  0.0    0  8.0 18  80   M    M   2        24  70
 4  93  68  81   1   0  16 0.00  0.0    0  7.9 17 130   M    M   0        22 150
 5  93  61  77  -2   0  12 0.00  0.0    0  9.2 20  50   M    M   0        28  60
 6  86  59  73  -6   0   8 0.00  0.0    0  7.2 14 120   M    M   1        19 120
 7  91  63  77  -2   0  12 0.00  0.0    0 13.3 22 140   M    M   0        27 140
 8  89  63  76  -2   0  11 0.00  0.0    0 12.7 21 140   M    M   0        27 140
 9  89  59  74  -4   0   9 0.00  0.0    0  9.9 21 120   M    M   0        26 140
10  89  62  76  -2   0  11 0.00  0.0    0  9.1 16  90   M    M   0        22  70
11  92  54  73  -5   0   8 0.00  0.0    0  5.0 10  90   M    M   0        14  70
12  97  57  77   0   0  12 0.00  0.0    0  4.8 12 210   M    M   0        15 200
13 102  62  82   5   0  17 0.00  0.0    0  4.0 14 110   M    M   0        15 110
14 105  61  83   6   0  18 0.00  0.0    0  6.9 14 260   M    M   0        19 270
15  97  74  86  10   0  21    T  0.0    0  9.9 30 280   M    M   1 38     39 280
16  95  70  83   7   0  18 0.00  0.0    0  8.5 20 220   M    M   1        28 300
17  97  73  85   9   0  20 0.00  0.0    0 11.6 21 160   M    M   0        26 150
18  99  71  85  10   0  20 0.00  0.0    0 10.2 18 160   M    M   1        24 160
19 102  68  85  10   0  20 0.00  0.0    0  8.4 21 260   M    M   2 3      25 260
20 100  65  83   9   0  18 0.00  0.0    0  8.1 21 250   M    M   1        27 260
21 100  66  83   9   0  18 0.00  0.0    0  8.4 24 150   M    M   1        32 160
22  95  72  84  10   0  19 0.00  0.0    0 16.9 25 130   M    M   1        32 110
23  89  65  77   3   0  12 1.16  0.0    0 19.7 35 240   M    M   6 13     43 240
24  85  66  76   3   0  11 0.40  0.0    0 10.1 22 120   M    M   4 13     27 120
================================================================================
SM 2270 1541         0 350  1.56     0.0 222.2          M       22
================================================================================
AV 94.6 64.2                               9.3 FASTST   M    M   1    MAX(MPH)
                                 MISC ---->  # 35 240               # 43  240
================================================================================
NOTES:
# LAST OF SEVERAL OCCURRENCES

COLUMN 17 PEAK WIND IN M.P.H.

PRELIMINARY LOCAL CLIMATOLOGICAL DATA (WS FORM: F-6) , PAGE 2

                                          STATION:  Wink
                                          MONTH:    SEPTEMBER
                                          YEAR:     2017
                                          LATITUDE:   31 46 N
                                          LONGITUDE: 103 12 W

[TEMPERATURE DATA]      [PRECIPITATION DATA]       SYMBOLS USED IN COLUMN 16

AVERAGE MONTHLY: 79.4   TOTAL FOR MONTH:   1.56    1 = FOG OR MIST
DPTR FM NORMAL:   2.4   DPTR FM NORMAL:    0.48    2 = FOG REDUCING VISIBILITY
HIGHEST:   105 ON 14    GRTST 24HR  1.16 ON 23-23      TO 1/4 MILE OR LESS
LOWEST:     54 ON 11                               3 = THUNDER
                        SNOW, ICE PELLETS, HAIL    4 = ICE PELLETS
                        TOTAL MONTH:   0.0 INCH    5 = HAIL
                        GRTST 24HR     0.0         6 = FREEZING RAIN OR DRIZZLE
                        GRTST DEPTH:   0           7 = DUSTSTORM OR SANDSTORM:
                                                       VSBY 1/2 MILE OR LESS
                                                   8 = SMOKE OR HAZE
[NO. OF DAYS WITH]      [WEATHER - DAYS WITH]      9 = BLOWING SNOW
                                                   X = TORNADO
MAX 32 OR BELOW:   0    0.01 INCH OR MORE:   2
MAX 90 OR ABOVE:  18    0.10 INCH OR MORE:   2
MIN 32 OR BELOW:   0    0.50 INCH OR MORE:   1
MIN  0 OR BELOW:   0    1.00 INCH OR MORE:   1

[HDD (BASE 65) ]
TOTAL THIS MO.     0    CLEAR  (SCALE 0-3)  22
DPTR FM NORMAL    -2    PTCLDY (SCALE 4-7)   2
TOTAL FM JUL 1     0    CLOUDY (SCALE 8-10)  0
DPTR FM NORMAL    -2

[CDD (BASE 65) ]
TOTAL THIS MO.   350
DPTR FM NORMAL    59    [PRESSURE DATA]
TOTAL FM JAN 1  2233    HIGHEST SLP M ON M
DPTR FM NORMAL  -137    LOWEST  SLP 29.62 ON M

[REMARKS]
