000
CXUS53 KDLH 260625
CF6INL
PRELIMINARY LOCAL CLIMATOLOGICAL DATA (WS FORM: F-6)

                                          STATION:   INTERNATIONAL FALLS MN
                                          MONTH:     MARCH
                                          YEAR:      2015
                                          LATITUDE:   48 34 N
                                          LONGITUDE:  93 23 W

  TEMPERATURE IN F:       :PCPN:    SNOW:  WIND      :SUNSHINE: SKY     :PK WND
================================================================================
1   2   3   4   5  6A  6B    7    8   9   10  11  12  13   14  15   16   17  18
                                     12Z  AVG MX 2MIN
DY MAX MIN AVG DEP HDD CDD  WTR  SNW DPTH SPD SPD DIR MIN PSBL S-S WX    SPD DR
================================================================================

 1  19  -2   9  -7  56   0 0.01  1.0   17  9.4 16 290   M    M   6 18     22 200
 2  28 -15   7 -10  58   0    T    T   17  7.2 17 210   M    M   2        24 210
 3  24  -4  10  -7  55   0 0.03  0.4   16 13.8 28 300   M    M   7 18     36 290
 4   2 -16  -7 -25  72   0    T    T   16  9.1 17 320   M    M   3 8      24 300
 5  17 -25  -4 -22  69   0    T    T   16  8.8 18 210   M    M   0 8      25 260
 6  31   8  20   1  45   0 0.01    T   16  9.5 17 290   M    M   3 1      23 290
 7  30  11  21   2  44   0 0.02  0.4   16 10.1 23 350   M    M   6 18     34 350
 8  41  22  32  12  33   0    T    T   15  9.2 20 290   M    M   5        24 290
 9  49  26  38  18  27   0 0.00  0.0   13  6.1 17 220   M    M   5 8      25 220
10  47  29  38  18  27   0    T  0.0   12  9.9 24 310   M    M   3        32 290
11  42  26  34  13  31   0 0.00  0.0    9  5.9 10 110   M    M   3        14 270
12  56  31  44  22  21   0 0.00  0.0    8  8.9 15 140   M    M   1        20 130
13  40  31  36  14  29   0 0.02  0.0    6  7.7 17 300   M    M   7        22 300
14  53  28  41  19  24   0 0.00  0.0    5  5.0 12 360   M    M   1 1      15 310
15  65  34  50  27  15   0 0.00  0.0    4  9.4 22 280   M    M   0        31 280
16  45  22  34  10  31   0    T    T    1 10.0 25 340   M    M   5        34 330
17  41  19  30   6  35   0 0.00  0.0    T 11.5 25 290   M    M   2        36 290
18  43  15  29   5  36   0 0.00  0.0    T  2.8 10 230   M    M   2        14 240
19  42  19  31   6  34   0 0.02  0.4    T  4.5 12 200   M    M   6 1      16 210
20  40  14  27   1  38   0 0.00  0.0    T 11.2 24 320   M    M   4        30 310
21  28   4  16 -10  49   0 0.00  0.0    T  7.3 18 330   M    M   0        25 330
22  34  10  22  -5  43   0 0.00  0.0    T  6.1 13  30   M    M   0        17  20
23  43  20  32   5  33   0 0.00  0.0    T  5.3 14 240   M    M   8        19 240
24  51  30  41  13  24   0    T    T    T  8.4 16 190   M    M   7        25 190
25  38  23  31   3  34   0 0.21  1.0    T 10.9 26 330   M    M  10 1268   36 300
================================================================================
SM  949  360       963   0  0.32     3.2 208.0          M       96
================================================================================
AV 38.0 14.4                               8.3 FASTST   M    M   4    MAX(MPH)
                                 MISC ---->  # 28 300               # 36  290
================================================================================
NOTES:
# LAST OF SEVERAL OCCURRENCES

COLUMN 17 PEAK WIND IN M.P.H.

PRELIMINARY LOCAL CLIMATOLOGICAL DATA (WS FORM: F-6) , PAGE 2

                                          STATION:  INTERNATIONAL FALLS MN
                                          MONTH:    MARCH
                                          YEAR:     2015
                                          LATITUDE:   48 34 N
                                          LONGITUDE:  93 23 W

[TEMPERATURE DATA]      [PRECIPITATION DATA]       SYMBOLS USED IN COLUMN 16

AVERAGE MONTHLY: 26.2   TOTAL FOR MONTH:   0.32    1 = FOG OR MIST
DPTR FM NORMAL:   4.1   DPTR FM NORMAL:   -0.40    2 = FOG REDUCING VISIBILITY
HIGHEST:    65 ON 15    GRTST 24HR  0.21 ON 25-25      TO 1/4 MILE OR LESS
LOWEST:    -25 ON  5                               3 = THUNDER
                        SNOW, ICE PELLETS, HAIL    4 = ICE PELLETS
                        TOTAL MONTH:   3.2 INCHES  5 = HAIL
                        GRTST 24HR   1.0 ON 25-25  6 = FREEZING RAIN OR DRIZZLE
                        GRTST DEPTH:  17 ON  2, 1  7 = DUSTSTORM OR SANDSTORM:
                                                       VSBY 1/2 MILE OR LESS
                                                   8 = SMOKE OR HAZE
[NO. OF DAYS WITH]      [WEATHER - DAYS WITH]      9 = BLOWING SNOW
                                                   X = TORNADO
MAX 32 OR BELOW:   8    0.01 INCH OR MORE:   7
MAX 90 OR ABOVE:   0    0.10 INCH OR MORE:   1
MIN 32 OR BELOW:  24    0.50 INCH OR MORE:   0
MIN  0 OR BELOW:   5    1.00 INCH OR MORE:   0

[HDD (BASE 65) ]
TOTAL THIS MO.   963    CLEAR  (SCALE 0-3)  12
DPTR FM NORMAL  -107    PTCLDY (SCALE 4-7)  11
TOTAL FM JUL 1  8717    CLOUDY (SCALE 8-10)  2
DPTR FM NORMAL    64

[CDD (BASE 65) ]
TOTAL THIS MO.     0
DPTR FM NORMAL     0    [PRESSURE DATA]
TOTAL FM JAN 1     0    HIGHEST SLP M ON M
DPTR FM NORMAL     0    LOWEST  SLP 29.60 ON  3

[REMARKS]
