859
CXUS56 KFGZ 201558
CF6INW
PRELIMINARY LOCAL CLIMATOLOGICAL DATA (WS FORM: F-6)

                                          STATION:   WINSLOW AZ AIRPORT
                                          MONTH:     SEPTEMBER
                                          YEAR:      2017
                                          LATITUDE:   35  1 N
                                          LONGITUDE: 110 44 W

  TEMPERATURE IN F:       :PCPN:    SNOW:  WIND      :SUNSHINE: SKY     :PK WND
================================================================================
1   2   3   4   5  6A  6B    7    8   9   10  11  12  13   14  15   16   17  18
                                     12Z  AVG MX 2MIN
DY MAX MIN AVG DEP HDD CDD  WTR  SNW DPTH SPD SPD DIR MIN PSBL S-S WX    SPD DR
================================================================================

 1  96  56  76   2   0  11    T    M    M  5.7 25  50   M    M   1 3      34  20
 2  96  59  78   5   0  13 0.00    M    M  6.5 21 220   M    M   0        26 220
 3  97  63  80   7   0  15 0.00    M    M  7.2 17 140   M    M   0        21 160
 4 100  61  81   8   0  16    T    M    M  7.3 26  90   M    M   0        35  90
 5  98  61  80   8   0  15 0.01    M    M  6.4 24  20   M    M   0        32 360
 6  96  58  77   5   0  12    T    M    M  7.3 18 340   M    M   0 3      25 330
 7  97  56  77   5   0  12 0.00    M    M  6.0 21 320   M    M   1        26 320
 8  90  61  76   4   0  11 0.13    M    M  9.0 31 190   M    M   3 3      39 200
 9  78  60  69  -2   0   4 0.07    M    M  3.5 14 250   M    M   5 1      16 250
10  88  55  72   1   0   7 0.00    M    M  3.0  9 240   M    M   0        13 190
11  93  58  76   5   0  11 0.00    M    M  4.4 14 210   M    M   1        18 110
12  94  59  77   7   0  12 0.00    M    M  6.4 17 260   M    M   1 3      22 250
13  95  58  77   7   0  12 0.00    M    M  8.0 30 270   M    M   1        38 270
14  89  61  75   5   0  10    T    M    M 14.1 41 190   M    M   2        53 200
15  84  52  68  -1   0   3 0.00    M    M 11.2 28 220   M    M   0        35 210
16  86  48  67  -2   0   2 0.00    M    M  7.1 18 210   M    M   0        29 230
17  87  53  70   2   0   5 0.00    M    M 10.2 26 200   M    M   1        34 240
18  88  45  67  -1   0   2 0.00    M    M  9.0 25 220   M    M   0        32 220
19  86  45  66  -2   0   1 0.00    M    M 14.4 31 210   M    M   0        39 190
================================================================================
SM 1738 1069         0 174  0.21    M    146.7          M       16
================================================================================
AV 91.5 56.3                               7.7 FASTST   M    M   1    MAX(MPH)
                                 MISC ---->  # 41 190               # 53  200
================================================================================
NOTES:
# LAST OF SEVERAL OCCURRENCES

COLUMN 17 PEAK WIND IN M.P.H.

PRELIMINARY LOCAL CLIMATOLOGICAL DATA (WS FORM: F-6) , PAGE 2

                                          STATION:  WINSLOW AZ AIRPORT
                                          MONTH:    SEPTEMBER
                                          YEAR:     2017
                                          LATITUDE:   35  1 N
                                          LONGITUDE: 110 44 W

[TEMPERATURE DATA]      [PRECIPITATION DATA]       SYMBOLS USED IN COLUMN 16

AVERAGE MONTHLY: 73.9   TOTAL FOR MONTH:   0.21    1 = FOG OR MIST
DPTR FM NORMAL:   3.0   DPTR FM NORMAL:   -0.39    2 = FOG REDUCING VISIBILITY
HIGHEST:   100 ON  4    GRTST 24HR  0.13 ON  8- 8      TO 1/4 MILE OR LESS
LOWEST:     45 ON 19,18                            3 = THUNDER
                        SNOW, ICE PELLETS, HAIL    4 = ICE PELLETS
                        TOTAL MONTH:    M          5 = HAIL
                        GRTST 24HR    M  ON   M    6 = FREEZING RAIN OR DRIZZLE
                        GRTST DEPTH:  M  ON   M    7 = DUSTSTORM OR SANDSTORM:
                                                       VSBY 1/2 MILE OR LESS
                                                   8 = SMOKE OR HAZE
[NO. OF DAYS WITH]      [WEATHER - DAYS WITH]      9 = BLOWING SNOW
                                                   X = TORNADO
MAX 32 OR BELOW:   0    0.01 INCH OR MORE:   3
MAX 90 OR ABOVE:  11    0.10 INCH OR MORE:   1
MIN 32 OR BELOW:   0    0.50 INCH OR MORE:   0
MIN  0 OR BELOW:   0    1.00 INCH OR MORE:   0

[HDD (BASE 65) ]
TOTAL THIS MO.     0    CLEAR  (SCALE 0-3)  18
DPTR FM NORMAL    -6    PTCLDY (SCALE 4-7)   1
TOTAL FM JUL 1     0    CLOUDY (SCALE 8-10)  0
DPTR FM NORMAL    -6

[CDD (BASE 65) ]
TOTAL THIS MO.   174
DPTR FM NORMAL    55    [PRESSURE DATA]
TOTAL FM JAN 1  1424    HIGHEST SLP M ON M
DPTR FM NORMAL   247    LOWEST  SLP 29.74 ON 14

[REMARKS]
