000
CXUS55 KDVN 311100
CF6IOW
PRELIMINARY LOCAL CLIMATOLOGICAL DATA (WS FORM: F-6)

                                          STATION:   IOWA CITY IA
                                          MONTH:     MAY
                                          YEAR:      2016
                                          LATITUDE:   41 37 N
                                          LONGITUDE:  91 33 W

  TEMPERATURE IN F:       :PCPN:    SNOW:  WIND      :SUNSHINE: SKY     :PK WND
================================================================================
1   2   3   4   5  6A  6B    7    8   9   10  11  12  13   14  15   16   17  18
                                     12Z  AVG MX 2MIN
DY MAX MIN AVG DEP HDD CDD  WTR  SNW DPTH SPD SPD DIR MIN PSBL S-S WX    SPD DR
================================================================================

 1  50  45  48  -8  17   0 0.14    M    M  8.6 16  30   M    M  10 1      20  60
 2  59  43  51  -5  14   0 0.00    M    M  3.9 10  40   M    M   9 1      14  40
 3  68  39  54  -3  11   0 0.04    M    M  9.6 21 270   M    M   3 3      26 270
 4  66  45  56  -1   9   0 0.00    M    M 11.2 24 330   M    M   1 1      36 320
 5  69  43  56  -1   9   0 0.00    M    M  5.5 13 310   M    M   0        17 310
 6  85  44  65   7   0   0 0.00    M    M  8.7 22 270   M    M   0        28 260
 7  73  50  62   4   3   0 0.00    M    M  9.0 18 330   M    M   2 8      24 340
 8  70  48  59   1   6   0 0.03    M    M  6.9 16 130   M    M   6 3      21 110
 9  62  55  59   0   6   0 1.56    M    M 10.4 18 110   M    M  10 138    25 120
10  72  55  64   5   1   0 0.03    M    M  7.9 15  30   M    M   8 1      19 300
11  73  55  64   4   1   0 0.14    M    M  6.6 16  90   M    M   9 138    22  90
12  66  46  56  -4   9   0 0.00    M    M 12.5 25 290   M    M   5        31 280
13  69  42  56  -4   9   0 0.27    M    M  9.7 28 340   M    M   3 1      37 320
14  55  39  47 -14  18   0 0.00    M    M 14.4 28 310   M    M   4        36 320
15  64  35  50 -11  15   0 0.00    M    M  7.6 17 290   M    M   2        24 290
16  66  46  56  -5   9   0 0.00    M    M  8.1 17 200   M    M   3        23 210
17  64  46  55  -7  10   0 0.00    M    M  3.8 14  90   M    M   6        18  60
18  69  39  54  -8  11   0 0.00    M    M  3.2 15  50   M    M   0        21  40
19  73  42  58  -4   7   0 0.00    M    M  4.8 17 170   M    M   1        23 140
20  69  49  59  -4   6   0 0.00    M    M  3.5 14 170   M    M   3        17 140
21  79  46  63   0   2   0 0.00    M    M  2.7 14  20   M    M   0        17  20
22  83  49  66   2   0   1 0.00    M    M  4.6 16 190   M    M   0        23 200
23  85  54  70   6   0   5 0.00    M    M  8.0 22 180   M    M   0        28 200
24  84  62  73   9   0   8 0.02    M    M  6.5 15 190   M    M   3 3      19 210
25  83  62  73   8   0   8 0.01    M    M  7.4 18 150   M    M   3        22 200
26  86  62  74   9   0   9 0.02    M    M  6.7 32 310   M    M   2 3      40 310
27  81  62  72   6   0   7 0.72    M    M  8.9 24 180   M    M   7 13     30 170
28  80  60  70   4   0   5 0.19    M    M 11.0 28 200   M    M   5 13     36 200
29  81  62  72   6   0   7 0.00    M    M  8.5 17 250   M    M   2        24 250
30  86  61  74   7   0   9 0.05    M    M  5.6 16  10   M    M   1 13     22 190
================================================================================
SM 2170 1486       173  59  3.22    M    225.8          M      108
================================================================================
AV 72.3 49.5                               7.5 FASTST   M    M   4    MAX(MPH)
                                 MISC ---->  # 32 310               # 40  310
================================================================================
NOTES:
# LAST OF SEVERAL OCCURRENCES

COLUMN 17 PEAK WIND IN M.P.H.

PRELIMINARY LOCAL CLIMATOLOGICAL DATA (WS FORM: F-6) , PAGE 2

                                          STATION:  IOWA CITY IA
                                          MONTH:    MAY
                                          YEAR:     2016
                                          LATITUDE:   41 37 N
                                          LONGITUDE:  91 33 W

[TEMPERATURE DATA]      [PRECIPITATION DATA]       SYMBOLS USED IN COLUMN 16

AVERAGE MONTHLY: 60.9   TOTAL FOR MONTH:   3.22    1 = FOG OR MIST
DPTR FM NORMAL:  -0.3   DPTR FM NORMAL:   -0.86    2 = FOG REDUCING VISIBILITY
HIGHEST:    86 ON 30,26 GRTST 24HR  1.59 ON  9-10      TO 1/4 MILE OR LESS
LOWEST:     35 ON 15                               3 = THUNDER
                        SNOW, ICE PELLETS, HAIL    4 = ICE PELLETS
                        TOTAL MONTH:    M          5 = HAIL
                        GRTST 24HR    M  ON   M    6 = FREEZING RAIN OR DRIZZLE
                        GRTST DEPTH:  M  ON   M    7 = DUSTSTORM OR SANDSTORM:
                                                       VSBY 1/2 MILE OR LESS
                                                   8 = SMOKE OR HAZE
[NO. OF DAYS WITH]      [WEATHER - DAYS WITH]      9 = BLOWING SNOW
                                                   X = TORNADO
MAX 32 OR BELOW:   0    0.01 INCH OR MORE:  13
MAX 90 OR ABOVE:   0    0.10 INCH OR MORE:   6
MIN 32 OR BELOW:   0    0.50 INCH OR MORE:   2
MIN  0 OR BELOW:   0    1.00 INCH OR MORE:   1

[HDD (BASE 65) ]
TOTAL THIS MO.   173    CLEAR  (SCALE 0-3)  16
DPTR FM NORMAL     7    PTCLDY (SCALE 4-7)  10
TOTAL FM JUL 1  5466    CLOUDY (SCALE 8-10)  4
DPTR FM NORMAL  -893

[CDD (BASE 65) ]
TOTAL THIS MO.    59
DPTR FM NORMAL     6    [PRESSURE DATA]
TOTAL FM JAN 1    65    HIGHEST SLP M ON M
DPTR FM NORMAL     8    LOWEST  SLP 29.64 ON  3

[REMARKS]
