000
CXUS53 KGRB 280736
CF6ISW
PRELIMINARY LOCAL CLIMATOLOGICAL DATA (WS FORM: F-6)

                                          STATION:   WISCONSIN RAPIDS ASOS
                                          MONTH:     NOVEMBER
                                          YEAR:      2014
                                          LATITUDE:   44 22 N
                                          LONGITUDE:  89 50 W

  TEMPERATURE IN F:       :PCPN:    SNOW:  WIND      :SUNSHINE: SKY     :PK WND
================================================================================
1   2   3   4   5  6A  6B    7    8   9   10  11  12  13   14  15   16   17  18
                                     12Z  AVG MX 2MIN
DY MAX MIN AVG DEP HDD CDD  WTR  SNW DPTH SPD SPD DIR MIN PSBL S-S WX    SPD DR
================================================================================

 1  42  18  30 -10  35   0 0.00  0.0    0  3.0 10 200   M    M   0        12 190
 2  55  24  40   0  25   0 0.00  0.0    0  8.1 20 190   M    M   3        26 180
 3  53  38  46   7  19   0 0.04  0.0    0  6.4 17 210   M    M   4 1      22 210
 4  53  41  47   8  18   0 0.04  0.0    0 12.1 25 290   M    M   8 1      37 280
 5  43  28  36  -2  29   0 0.23  0.0    0  6.3 14 270   M    M   7 1      20 260
 6  40  33  37  -1  28   0    M    M    M 10.4 20 330   M    M  10 1      24 320
 7  42  29  36  -1  29   0    M    M    M  7.1 15 180   M    M   9        22 190
 8  41  32  37   0  28   0    T  0.0    0 13.0 25 310   M    M   7        35 330
 9  38  31  35  -1  30   0    M    M    M  5.3 13 300   M    M   9 1      18 310
10  36  29  33  -3  32   0    M    M    M 11.8 21  90   M    M  10 1      28  80
11  34  19  27  -8  38   0    M    M    M 12.6 23 340   M    M   8 1      30 330
12  23  16  20 -15  45   0    M    M    M  9.0 16 280   M    M   7        21 280
13  24  15  20 -14  45   0    M    M    M  9.2 18 310   M    M   8        23 310
14  25  11  18 -16  47   0 0.00  0.0    M  6.9 12 280   M    M   8        16 310
15  21   5  13 -20  52   0    M    M    M  3.7  9 210   M    M   5 18     11 200
16  25   8  17 -16  48   0    M    M    M  9.4 17 260   M    M   7 18     23 260
17  12   7  10 -22  55   0    T    M    M 11.0 22 290   M    M   7        28 300
18  15   8  12 -20  53   0    T    M    M 11.6 21 270   M    M   6        31 280
19  21  14  18 -13  47   0 0.02    M    M 10.9 23 300   M    M   9 8      30 270
20  18  -2   8 -23  57   0 0.01    M    M 10.0 22 310   M    M   3        28 320
21  31  -7  12 -18  53   0 0.00  0.0    M  8.0 18 210   M    M   1        25 200
22  45  31  38   8  27   0 0.00  0.0    M  7.9 17 210   M    M  10 12     22 210
23  50  43  47  18  18   0 0.10  0.0    M  6.6 13 190   M    M   9 1      17 190
24  43  23  33   5  32   0 0.46    M    M 12.8 22 290   M    M  10 12     31 290
25  23  13  18 -10  47   0    T    M    M  7.5 17 310   M    M   8        22 300
26  26  15  21  -6  44   0    T    M    M  3.8 15 330   M    M   7 1      19 340
27  22  -2  10 -17  55   0    T    M    M  6.9 17 320   M    M   4        22 320
================================================================================
SM  901  520      1036   0  0.90     0.0 231.3          M      184
================================================================================
AV 33.4 19.3                               8.6 FASTST   M    M   7    MAX(MPH)
                                 MISC ---->  # 25 290               # 37  280
================================================================================
NOTES:
# LAST OF SEVERAL OCCURRENCES

COLUMN 17 PEAK WIND IN M.P.H.

PRELIMINARY LOCAL CLIMATOLOGICAL DATA (WS FORM: F-6) , PAGE 2

                                          STATION:  WISCONSIN RAPIDS ASOS
                                          MONTH:    NOVEMBER
                                          YEAR:     2014
                                          LATITUDE:   44 22 N
                                          LONGITUDE:  89 50 W

[TEMPERATURE DATA]      [PRECIPITATION DATA]       SYMBOLS USED IN COLUMN 16

AVERAGE MONTHLY: 26.3   TOTAL FOR MONTH:   0.90    1 = FOG OR MIST
DPTR FM NORMAL:  -7.4   DPTR FM NORMAL:   -0.99    2 = FOG REDUCING VISIBILITY
HIGHEST:    55 ON  2    GRTST 24HR  0.50 ON 23-24      TO 1/4 MILE OR LESS
LOWEST:     -7 ON 21                               3 = THUNDER
                        SNOW, ICE PELLETS, HAIL    4 = ICE PELLETS
                        TOTAL MONTH:   0.0 INCH    5 = HAIL
                        GRTST 24HR     0.0         6 = FREEZING RAIN OR DRIZZLE
                        GRTST DEPTH:   0           7 = DUSTSTORM OR SANDSTORM:
                                                       VSBY 1/2 MILE OR LESS
                                                   8 = SMOKE OR HAZE
[NO. OF DAYS WITH]      [WEATHER - DAYS WITH]      9 = BLOWING SNOW
                                                   X = TORNADO
MAX 32 OR BELOW:  13    0.01 INCH OR MORE:   7
MAX 90 OR ABOVE:   0    0.10 INCH OR MORE:   3
MIN 32 OR BELOW:  23    0.50 INCH OR MORE:   0
MIN  0 OR BELOW:   3    1.00 INCH OR MORE:   0

[HDD (BASE 65) ]
TOTAL THIS MO.  1036    CLEAR  (SCALE 0-3)   2
DPTR FM NORMAL   190    PTCLDY (SCALE 4-7)  15
TOTAL FM JUL 1  1849    CLOUDY (SCALE 8-10) 10
DPTR FM NORMAL   186

[CDD (BASE 65) ]
TOTAL THIS MO.     0
DPTR FM NORMAL     0    [PRESSURE DATA]
TOTAL FM JAN 1   447    HIGHEST SLP M ON M
DPTR FM NORMAL   -15    LOWEST  SLP 29.02 ON 24

[REMARKS]
