000
CXHW53 PHFO 231250
CF6ITO
PRELIMINARY LOCAL CLIMATOLOGICAL DATA (WS FORM: F-6)

                                          STATION:   HILO HI
                                          MONTH:     JANUARY
                                          YEAR:      2017
                                          LATITUDE:   19 43 N
                                          LONGITUDE: 155  4 W

  TEMPERATURE IN F:       :PCPN:    SNOW:  WIND      :SUNSHINE: SKY     :PK WND
================================================================================
1   2   3   4   5  6A  6B    7    8   9   10  11  12  13   14  15   16   17  18
                                     12Z  AVG MX 2MIN
DY MAX MIN AVG DEP HDD CDD  WTR  SNW DPTH SPD SPD DIR MIN PSBL S-S WX    SPD DR
================================================================================

 1  76  64  70  -2   0   5 0.76  0.0    0  8.2 16  40   M    M   8 18     22  50
 2  77  68  73   1   0   8 0.20  0.0    0  6.2 13  60   M    M   9 1      17  70
 3  78  64  71  -1   0   6 0.00  0.0    0  6.4 13 340   M    M   7        16  10
 4  78  61  70  -2   0   5 0.00  0.0    0  5.8 10  10   M    M   3        13  20
 5  79  61  70  -2   0   5 0.00  0.0    0  6.6 12  10   M    M   1        15  20
 6  77  62  70  -2   0   5 0.00  0.0    0  8.3 16 350   M    M   5        23 340
 7  78  60  69  -3   0   4    T  0.0    0  7.3 16 350   M    M   5 1      20 350
 8  76  64  70  -2   0   5 0.03  0.0    0  4.7 12 310   M    M   7 1      14 320
 9  80  64  72   0   0   7 0.00  0.0    0  6.5 13 120   M    M   4 8      16 100
10  80  62  71  -1   0   6 0.04  0.0    0  6.1 13  80   M    M   4 1      20  60
11  81  67  74   2   0   9    T  0.0    0  7.0 17 110   M    M   6 8      22 120
12  82  67  75   3   0  10 0.01  0.0    0  7.9 18 100   M    M   4        22 100
13  82  64  73   1   0   8 0.03  0.0    0  7.6 17 130   M    M   1 1      21 130
14  79  67  73   2   0   8 0.14  0.0    0  5.2 12  90   M    M   7 1      14  80
15  80  66  73   2   0   8    T  0.0    0  7.1 16 130   M    M   6 1      19 120
16  82  64  73   2   0   8 0.00  0.0    0  7.2 14  90   M    M   2        19 140
17  81  64  73   2   0   8 0.01  0.0    0  6.4 13 130   M    M   7 18     16 100
18  82  61  72   1   0   7 0.00  0.0    0  8.5 17 110   M    M   2        21 120
19  78  63  71   0   0   6 0.05  0.0    0  5.9 16  90   M    M   6 1      19 100
20  81  67  74   3   0   9    T  0.0    0  5.7 13 270   M    M   8        16 260
21  78  66  72   1   0   7 0.54  0.0    0 12.3 21  50   M    M   8 18     29  30
22  74  68  71   0   0   6 0.06  0.0    0  9.9 21  60   M    M   8 18     29  50
================================================================================
SM 1739 1414         0 150  1.87     0.0 156.8          M      118
================================================================================
AV 79.1 64.3                               7.1 FASTST   M    M   5    MAX(MPH)
                                 MISC ---->  # 21  50               # 29   30
================================================================================
NOTES:
# LAST OF SEVERAL OCCURRENCES

COLUMN 17 PEAK WIND IN M.P.H.

PRELIMINARY LOCAL CLIMATOLOGICAL DATA (WS FORM: F-6) , PAGE 2

                                          STATION:  HILO HI
                                          MONTH:    JANUARY
                                          YEAR:     2017
                                          LATITUDE:   19 43 N
                                          LONGITUDE: 155  4 W

[TEMPERATURE DATA]      [PRECIPITATION DATA]       SYMBOLS USED IN COLUMN 16

AVERAGE MONTHLY: 71.7   TOTAL FOR MONTH:   1.87    1 = FOG OR MIST
DPTR FM NORMAL:   0.1   DPTR FM NORMAL:   -4.39    2 = FOG REDUCING VISIBILITY
HIGHEST:    82 ON 18,16 GRTST 24HR  0.87 ON  1- 2      TO 1/4 MILE OR LESS
LOWEST:     60 ON  7                               3 = THUNDER
                        SNOW, ICE PELLETS, HAIL    4 = ICE PELLETS
                        TOTAL MONTH:   0.0 INCH    5 = HAIL
                        GRTST 24HR     0.0         6 = FREEZING RAIN OR DRIZZLE
                        GRTST DEPTH:   0           7 = DUSTSTORM OR SANDSTORM:
                                                       VSBY 1/2 MILE OR LESS
                                                   8 = SMOKE OR HAZE
[NO. OF DAYS WITH]      [WEATHER - DAYS WITH]      9 = BLOWING SNOW
                                                   X = TORNADO
MAX 32 OR BELOW:   0    0.01 INCH OR MORE:  11
MAX 90 OR ABOVE:   0    0.10 INCH OR MORE:   4
MIN 32 OR BELOW:   0    0.50 INCH OR MORE:   2
MIN  0 OR BELOW:   0    1.00 INCH OR MORE:   0

[HDD (BASE 65) ]
TOTAL THIS MO.     0    CLEAR  (SCALE 0-3)   5
DPTR FM NORMAL     0    PTCLDY (SCALE 4-7)  13
TOTAL FM JUL 1     0    CLOUDY (SCALE 8-10)  4
DPTR FM NORMAL     0

[CDD (BASE 65) ]
TOTAL THIS MO.   150
DPTR FM NORMAL     7    [PRESSURE DATA]
TOTAL FM JAN 1   150    HIGHEST SLP M ON M
DPTR FM NORMAL     7    LOWEST  SLP 29.92 ON  3

[REMARKS]
