000
CXUS53 KIWX 280800
CF6IWX
PRELIMINARY LOCAL CLIMATOLOGICAL DATA (WS FORM: F-6)

                                          STATION:   NORTH WEBSTER WFO
                                          MONTH:     MARCH
                                          YEAR:      2017
                                          LATITUDE:   41 21 N
                                          LONGITUDE:  85 42 W

  TEMPERATURE IN F:       :PCPN:    SNOW:  WIND      :SUNSHINE: SKY     :PK WND
================================================================================
1   2   3   4   5  6A  6B    7    8   9   10  11  12  13   14  15   16   17  18
                                     12Z  AVG MX 2MIN
DY MAX MIN AVG DEP HDD CDD  WTR  SNW DPTH SPD SPD DIR MIN PSBL S-S WX    SPD DR
================================================================================

 1  60  28  44  12  21   0 0.84  0.6    0   M   M   M   M    M   M         M  M
 2  36  25  31  -2  34   0    T  0.1    1   M   M   M   M    M   M         M  M
 3  32  21  27  -6  38   0 0.02  0.7    T   M   M   M   M    M   M         M  M
 4  34  22  28  -6  37   0    T    T    0   M   M   M   M    M   M         M  M
 5  57  26  42   8  23   0 0.00  0.0    0   M   M   M   M    M   M         M  M
 6  57  49  53  19  12   0 0.03  0.0    0   M   M   M   M    M   M         M  M
 7  59  40  50  15  15   0 0.16  0.0    0   M   M   M   M    M   M         M  M
 8  53  37  45  10  20   0 0.00  0.0    0   M   M   M   M    M   M         M  M
 9  46  30  38   3  27   0    T    T    0   M   M   M   M    M   M         M  M
10  36  17  27  -9  38   0 0.00  0.0    0   M   M   M   M    M   M         M  M
11  33  16  25 -11  40   0 0.00  0.0    0   M   M   M   M    M   M         M  M
12  34  13  24 -12  41   0 0.00  0.0    0   M   M   M   M    M   M         M  M
13  28  19  24 -13  41   0 0.20  2.9    2   M   M   M   M    M   M         M  M
14  28  13  21 -16  44   0    T    T    2   M   M   M   M    M   M         M  M
15  31  10  21 -17  44   0    T    T    1   M   M   M   M    M   M         M  M
16  39  17  28 -10  37   0 0.00  0.0    T   M   M   M   M    M   M         M  M
17  40  28  34  -4  31   0 0.30  1.0    T   M   M   M   M    M   M         M  M
18  39  34  37  -2  28   0 0.01  0.0    T   M   M   M   M    M   M 12      M  M
19  45  33  39   0  26   0 0.00  0.0    0   M   M   M   M    M   M         M  M
20  53  36  45   6  20   0 0.20  0.0    0   M   M   M   M    M   M 123     M  M
21  58  31  45   5  20   0 0.00  0.0    0   M   M   M   M    M   M         M  M
22  36  19  28 -12  37   0 0.00  0.0    0   M   M   M   M    M   M         M  M
23  48  24  36  -4  29   0 0.05  0.0    0   M   M   M   M    M   M         M  M
24  75  48  62  21   3   0 0.00  0.0    0   M   M   M   M    M   M         M  M
25  65  43  54  13  11   0 0.13  0.0    0   M   M   M   M    M   M         M  M
26  59  42  51   9  14   0 0.49    M    M   M   M   M   M    M   M         M  M
27  59  48  54  12  11   0 0.01    M    M   M   M   M   M    M   M         M  M
================================================================================
SM 1240  769       742   0  2.44     5.3     M          M        M
================================================================================
AV 45.9 28.5                                 M FASTST   M    M   6    MAX(MPH)
                                 MISC ---->     M   M                  M    M
================================================================================
NOTES:
# LAST OF SEVERAL OCCURRENCES

COLUMN 17 PEAK WIND IN M.P.H.

PRELIMINARY LOCAL CLIMATOLOGICAL DATA (WS FORM: F-6) , PAGE 2

                                          STATION:  NORTH WEBSTER WFO
                                          MONTH:    MARCH
                                          YEAR:     2017
                                          LATITUDE:   41 21 N
                                          LONGITUDE:  85 42 W

[TEMPERATURE DATA]      [PRECIPITATION DATA]       SYMBOLS USED IN COLUMN 16

AVERAGE MONTHLY: 37.2   TOTAL FOR MONTH:   2.44    1 = FOG OR MIST
DPTR FM NORMAL:   0.0   DPTR FM NORMAL:    0.07    2 = FOG REDUCING VISIBILITY
HIGHEST:    75 ON 24    GRTST 24HR  0.84 ON  1- 1      TO 1/4 MILE OR LESS
LOWEST:     10 ON 15                               3 = THUNDER
                        SNOW, ICE PELLETS, HAIL    4 = ICE PELLETS
                        TOTAL MONTH:   5.3 INCHES  5 = HAIL
                        GRTST 24HR   2.9 ON   M    6 = FREEZING RAIN OR DRIZZLE
                        GRTST DEPTH:   2 ON 14,13  7 = DUSTSTORM OR SANDSTORM:
                                                       VSBY 1/2 MILE OR LESS
                                                   8 = SMOKE OR HAZE
[NO. OF DAYS WITH]      [WEATHER - DAYS WITH]      9 = BLOWING SNOW
                                                   X = TORNADO
MAX 32 OR BELOW:   4    0.01 INCH OR MORE:  12
MAX 90 OR ABOVE:   0    0.10 INCH OR MORE:   7
MIN 32 OR BELOW:  17    0.50 INCH OR MORE:   1
MIN  0 OR BELOW:   0    1.00 INCH OR MORE:   0

[HDD (BASE 65) ]
TOTAL THIS MO.   742    CLEAR  (SCALE 0-3)   0
DPTR FM NORMAL   -11    PTCLDY (SCALE 4-7)   0
TOTAL FM JUL 1  4589    CLOUDY (SCALE 8-10)  0
DPTR FM NORMAL  -802

[CDD (BASE 65) ]
TOTAL THIS MO.     0
DPTR FM NORMAL     0    [PRESSURE DATA]
TOTAL FM JAN 1     0    HIGHEST SLP M ON M
DPTR FM NORMAL     0    LOWEST  SLP M ON M

[REMARKS]
