000
CXUS55 KEAX 250736
CF6IXD
PRELIMINARY LOCAL CLIMATOLOGICAL DATA (WS FORM: F-6)

                                          STATION:   New Century Air Center KS
                                          MONTH:     FEBRUARY
                                          YEAR:      2018
                                          LATITUDE:   38 49 N
                                          LONGITUDE:  94 54 W

  TEMPERATURE IN F:       :PCPN:    SNOW:  WIND      :SUNSHINE: SKY     :PK WND
================================================================================
1   2   3   4   5  6A  6B    7    8   9   10  11  12  13   14  15   16   17  18
                                     12Z  AVG MX 2MIN
DY MAX MIN AVG DEP HDD CDD  WTR  SNW DPTH SPD SPD DIR MIN PSBL S-S WX    SPD DR
================================================================================

 1  40   9  25  -6  40   0 0.00    M    M 13.2 24 350   M    M   4        28 350
 2  35   7  21 -10  44   0 0.00    M    M  8.2 15 190   M    M   0        20 190
 3  49  30  40   9  25   0 0.00    M    M 14.4 30 200   M    M   3        37 190
 4  35   1  18 -13  47   0 0.01    M    M 15.3 30 360   M    M   6 128    37 350
 5  23  -2  11 -21  54   0    T    M    M  7.7 17 150   M    M   3        22 150
 6  21   9  15 -17  50   0 0.00    M    M  9.1 14  20   M    M   5        17  60
 7  30   8  19 -13  46   0 0.00    M    M  5.9 12 330   M    M   2 1      14 310
 8  53  16  35   3  30   0 0.00    M    M 10.9 22 200   M    M   0        26 200
 9  46  20  33   1  32   0 0.00    M    M 14.4 24 200   M    M   3 18     31 200
10  20  14  17 -16  48   0    T    M    M 14.6 22  20   M    M  10 168    27  20
11  32  13  23 -10  42   0    T    M    M  7.7 20 350   M    M   4 1      23 340
12  37  14  26  -7  39   0 0.00    M    M  9.4 17  70   M    M   0        22 100
13  48  26  37   3  28   0 0.00    M    M 10.0 20 190   M    M   5        24 190
14  58  30  44  10  21   0 0.00    M    M 10.9 22 210   M    M   3 1      28 210
15  67  37  52  18  13   0 0.00    M    M 17.2 31 340   M    M   1        39 340
16  37  24  31  -3  34   0    T    M    M 10.9 26 350   M    M   4        34 340
17  55  29  42   7  23   0 0.06    M    M  9.3 21 320   M    M   4 16     27 290
18  57  26  42   7  23   0 0.00    M    M 18.2 30 170   M    M   3        41 160
19  67  30  49  14  16   0 0.02    M    M 14.2 31 200   M    M  10 13     43 200
20  31  19  25 -11  40   0 0.38    M    M 15.1 25 300   M    M   9 136    33 320
21  28  15  22 -14  43   0 0.00    M    M 12.9 18 350   M    M   5 1      23 360
22  33  26  30  -6  35   0 0.13    M    M  6.2 16 120   M    M  10 16     22 110
23  34  32  33  -4  32   0 0.02    M    M  7.3 16  50   M    M  10 1      19  40
24  41  29  35  -2  30   0 0.09    M    M 10.1 22 280   M    M   8 1      26 260
================================================================================
SM  977  462       835   0  0.71    M    273.1          M      112
================================================================================
AV 40.7 19.3                              11.4 FASTST   M    M   5    MAX(MPH)
                                 MISC ---->  # 31 340               # 43  200
================================================================================
NOTES:
# LAST OF SEVERAL OCCURRENCES

COLUMN 17 PEAK WIND IN M.P.H.

PRELIMINARY LOCAL CLIMATOLOGICAL DATA (WS FORM: F-6) , PAGE 2

                                          STATION:  New Century Air Center KS
                                          MONTH:    FEBRUARY
                                          YEAR:     2018
                                          LATITUDE:   38 49 N
                                          LONGITUDE:  94 54 W

[TEMPERATURE DATA]      [PRECIPITATION DATA]       SYMBOLS USED IN COLUMN 16

AVERAGE MONTHLY: 30.0   TOTAL FOR MONTH:   0.71    1 = FOG OR MIST
DPTR FM NORMAL:  -3.6   DPTR FM NORMAL:   -0.64    2 = FOG REDUCING VISIBILITY
HIGHEST:    67 ON 19,15 GRTST 24HR  0.38 ON 20-20      TO 1/4 MILE OR LESS
LOWEST:     -2 ON  5                               3 = THUNDER
                        SNOW, ICE PELLETS, HAIL    4 = ICE PELLETS
                        TOTAL MONTH:    M          5 = HAIL
                        GRTST 24HR    M  ON   M    6 = FREEZING RAIN OR DRIZZLE
                        GRTST DEPTH:  M  ON   M    7 = DUSTSTORM OR SANDSTORM:
                                                       VSBY 1/2 MILE OR LESS
                                                   8 = SMOKE OR HAZE
[NO. OF DAYS WITH]      [WEATHER - DAYS WITH]      9 = BLOWING SNOW
                                                   X = TORNADO
MAX 32 OR BELOW:   7    0.01 INCH OR MORE:   7
MAX 90 OR ABOVE:   0    0.10 INCH OR MORE:   2
MIN 32 OR BELOW:  23    0.50 INCH OR MORE:   0
MIN  0 OR BELOW:   1    1.00 INCH OR MORE:   0

[HDD (BASE 65) ]
TOTAL THIS MO.   835    CLEAR  (SCALE 0-3)   8
DPTR FM NORMAL    81    PTCLDY (SCALE 4-7)  10
TOTAL FM JUL 1  3821    CLOUDY (SCALE 8-10)  6
DPTR FM NORMAL   -61

[CDD (BASE 65) ]
TOTAL THIS MO.     0
DPTR FM NORMAL     0    [PRESSURE DATA]
TOTAL FM JAN 1     0    HIGHEST SLP  0.00 ON M
DPTR FM NORMAL     0    LOWEST  SLP  0.00 ON M

[REMARKS]
