000
CXUS55 KRIW 240903
CF6JAC
PRELIMINARY LOCAL CLIMATOLOGICAL DATA (WS FORM: F-6)

                                          STATION:   JACKSON  WY
                                          MONTH:     MAY
                                          YEAR:      2015
                                          LATITUDE:   43 35 N
                                          LONGITUDE: 110 44 W

  TEMPERATURE IN F:       :PCPN:    SNOW:  WIND      :SUNSHINE: SKY     :PK WND
================================================================================
1   2   3   4   5  6A  6B    7    8   9   10  11  12  13   14  15   16   17  18
                                     12Z  AVG MX 2MIN
DY MAX MIN AVG DEP HDD CDD  WTR  SNW DPTH SPD SPD DIR MIN PSBL S-S WX    SPD DR
================================================================================

 1  66  27  47   5  18   0    M    M    M  6.3 14 220   M    M   0        21 220
 2  68  28  48   5  17   0    M    M    M  7.6 21 170   M    M   2        30 170
 3  63  36  50   7  15   0    M    M    M  6.0 16 180   M    M   5 1      24 190
 4  63  30  47   4  18   0    M    M    M  2.6 10 180   M    M   2         M  M
 5  64  36  50   6  15   0    M    M    M  4.1 12  70   M    M   6        17 270
 6  59  36  48   4  17   0    M    M    M  4.1 14  10   M    M   6        20 250
 7  54  34  44   0  21   0    M    M    M  7.0 14 180   M    M   9        17 200
 8  54  36  45   0  20   0    M    M    M  5.2 14 350   M    M   9 1       M  M
 9  50  37  44  -1  21   0    M    M    M 14.3 21 360   M    M   9        25 360
10  52  30  41  -4  24   0    M    M    M  9.2 15  10   M    M   7        21 330
11  57  21  39  -7  26   0    M    M    M  4.7 13 230   M    M   2        16 230
12  64  37  51   5  14   0    M    M    M  5.6 18 180   M    M   7        24 240
13  63  37  50   4  15   0    M    M    M  7.0 14 230   M    M   3        32 230
14  59  36  48   2  17   0    M    M    M  4.2 10 350   M    M   4 3       M  M
15  54  34  44  -3  21   0    M    M    M  4.7 16 180   M    M   8        22  90
16  48  34  41  -6  24   0    M    M    M  5.8 14 210   M    M   9         M  M
17  52  36  44  -3  21   0    M    M    M  3.5  8  20   M    M   8         M  M
18  57  37  47  -1  18   0    M    M    M  5.7 17 350   M    M   9 3      29  40
19  54  39  47  -1  18   0    M    M    M 12.4 18  80   M    M   8 1      23 350
20  55  37  46  -2  19   0    M    M    M  5.9 10 360   M    M   9         M  M
21  63  39  51   3  14   0    M    M    M  5.6 18 210   M    M   5        25 210
22  61  43  52   3  13   0    M    M    M  3.0 21 120   M    M   8        28 120
23  54  43  49   0  16   0    M    M    M  2.7  9 360   M    M   9         M  M
================================================================================
SM 1334  803       422   0    M     M    137.2          M      144
================================================================================
AV 58.0 34.9                               6.0 FASTST   M    M   6    MAX(MPH)
                                 MISC ---->    21   M                 32    M
================================================================================
NOTES:
# LAST OF SEVERAL OCCURRENCES

COLUMN 17 PEAK WIND IN M.P.H.

PRELIMINARY LOCAL CLIMATOLOGICAL DATA (WS FORM: F-6) , PAGE 2

                                          STATION:  JACKSON  WY
                                          MONTH:    MAY
                                          YEAR:     2015
                                          LATITUDE:   43 35 N
                                          LONGITUDE: 110 44 W

[TEMPERATURE DATA]      [PRECIPITATION DATA]       SYMBOLS USED IN COLUMN 16

AVERAGE MONTHLY: 46.5   TOTAL FOR MONTH:      M    1 = FOG OR MIST
DPTR FM NORMAL:   0.7   DPTR FM NORMAL:       M    2 = FOG REDUCING VISIBILITY
HIGHEST:    68 ON  2    GRTST 24HR    M  ON   M        TO 1/4 MILE OR LESS
LOWEST:     21 ON 11                               3 = THUNDER
                        SNOW, ICE PELLETS, HAIL    4 = ICE PELLETS
                        TOTAL MONTH:    M          5 = HAIL
                        GRTST 24HR    M  ON   M    6 = FREEZING RAIN OR DRIZZLE
                        GRTST DEPTH:  M  ON   M    7 = DUSTSTORM OR SANDSTORM:
                                                       VSBY 1/2 MILE OR LESS
                                                   8 = SMOKE OR HAZE
[NO. OF DAYS WITH]      [WEATHER - DAYS WITH]      9 = BLOWING SNOW
                                                   X = TORNADO
MAX 32 OR BELOW:   0    0.01 INCH OR MORE:   0
MAX 90 OR ABOVE:   0    0.10 INCH OR MORE:   0
MIN 32 OR BELOW:   5    0.50 INCH OR MORE:   0
MIN  0 OR BELOW:   0    1.00 INCH OR MORE:   0

[HDD (BASE 65) ]
TOTAL THIS MO.   422    CLEAR  (SCALE 0-3)   5
DPTR FM NORMAL   -20    PTCLDY (SCALE 4-7)  10
TOTAL FM JUL 1  8596    CLOUDY (SCALE 8-10)  8
DPTR FM NORMAL  -976

[CDD (BASE 65) ]
TOTAL THIS MO.     0
DPTR FM NORMAL     0    [PRESSURE DATA]
TOTAL FM JAN 1     0    HIGHEST SLP M ON M
DPTR FM NORMAL     0    LOWEST  SLP M ON M

[REMARKS]
