000
CXUS55 KRIW 270945
CF6JAC
PRELIMINARY LOCAL CLIMATOLOGICAL DATA (WS FORM: F-6)

                                          STATION:   JACKSON  WY
                                          MONTH:     APRIL
                                          YEAR:      2017
                                          LATITUDE:   43 35 N
                                          LONGITUDE: 110 44 W

  TEMPERATURE IN F:       :PCPN:    SNOW:  WIND      :SUNSHINE: SKY     :PK WND
================================================================================
1   2   3   4   5  6A  6B    7    8   9   10  11  12  13   14  15   16   17  18
                                     12Z  AVG MX 2MIN
DY MAX MIN AVG DEP HDD CDD  WTR  SNW DPTH SPD SPD DIR MIN PSBL S-S WX    SPD DR
================================================================================

 1  54  28  41   9  24   0    M    M    M  7.6 22 290   M    M   0        29 250
 2  43  28  36   3  29   0    M    M    M  3.9 15 220   M    M   8         M  M
 3  37  16  27  -6  38   0    T    M    M  6.6 13  10   M    M   6         M  M
 4  37  21  29  -4  36   0 0.00  0.0    M  8.8 20 300   M    M   5 1       M  M
 5  48  16  32  -2  33   0 0.00  0.0    M  4.4 16 240   M    M   5         M  M
 6  61  25  43   9  22   0 0.00  0.0    M  4.7 17 220   M    M   3         M  M
 7  52  34  43   9  22   0 0.18    M    M  9.5 20 190   M    M   7        23 190
 8  43  30  37   2  28   0 0.04    M    M  6.0 20 170   M    M  10         M  M
 9  34  27  31  -4  34   0    M    M    M  8.9 15 170   M    M   9        18 200
10  45  19  32  -3  33   0    M    M    M  8.7 24 240   M    M   4        30 190
11  48  27  38   2  27   0    M    M    M  6.8 12 220   M    M   5        16 220
12  61  30  46  10  19   0    M    M    M  7.2 17 170   M    M   3        30 180
13  66  25  46  10  19   0    M    M    M 11.2 29 180   M    M   2        40 180
14  45  28  37   1  28   0    M    M    M 11.3 21 200   M    M   6        21 200
15  45  18  32  -5  33   0    M    M    M  9.0 16 240   M    M   2        22 190
16  55  19  37   0  28   0    M    M    M  5.6 13 250   M    M   0         M  M
17  48  36  42   5  23   0    M    M    M  9.5 25 250   M    M   8        35 230
18  46  36  41   3  24   0    M    M    M  6.6 14  30   M    M   9 1       M  M
19  48  28  38   0  27   0    M    M    M  7.2 17 290   M    M   5        23 220
20  48  21  35  -3  30   0 0.06    M    M  5.1 14 260   M    M   3        17 240
21  43  30  37  -2  28   0    M    M    M  5.2 12 300   M    M   7        23 300
22  54  23  39   0  26   0 0.00  0.0    M  5.9 12 210   M    M   0        23 230
23  55  27  41   1  24   0 0.00  0.0    M  8.6 18 170   M    M   5        22 240
24  43  32  38  -2  27   0 0.02    M    M  8.2 17 150   M    M   9 1       M  M
25  46  32  39  -1  26   0 0.03    M    M  7.0 17  10   M    M   8        29  10
26  43  32  38  -2  27   0    M    M    M  8.2 14 180   M    M   9        18 180
================================================================================
SM 1248  688       715   0  0.33     0.0 191.7          M      138
================================================================================
AV 48.0 26.5                               7.4 FASTST   M    M   5    MAX(MPH)
                                 MISC ---->  # 29 180               # 40  180
================================================================================
NOTES:
# LAST OF SEVERAL OCCURRENCES

COLUMN 17 PEAK WIND IN M.P.H.

PRELIMINARY LOCAL CLIMATOLOGICAL DATA (WS FORM: F-6) , PAGE 2

                                          STATION:  JACKSON  WY
                                          MONTH:    APRIL
                                          YEAR:     2017
                                          LATITUDE:   43 35 N
                                          LONGITUDE: 110 44 W

[TEMPERATURE DATA]      [PRECIPITATION DATA]       SYMBOLS USED IN COLUMN 16

AVERAGE MONTHLY: 37.2   TOTAL FOR MONTH:   0.33    1 = FOG OR MIST
DPTR FM NORMAL:   0.9   DPTR FM NORMAL:   -0.94    2 = FOG REDUCING VISIBILITY
HIGHEST:    66 ON 13    GRTST 24HR  0.18 ON  7- 7      TO 1/4 MILE OR LESS
LOWEST:     16 ON  5, 3                            3 = THUNDER
                        SNOW, ICE PELLETS, HAIL    4 = ICE PELLETS
                        TOTAL MONTH:   0.0 INCH    5 = HAIL
                        GRTST 24HR     0.0         6 = FREEZING RAIN OR DRIZZLE
                        GRTST DEPTH:  M  ON   M    7 = DUSTSTORM OR SANDSTORM:
                                                       VSBY 1/2 MILE OR LESS
                                                   8 = SMOKE OR HAZE
[NO. OF DAYS WITH]      [WEATHER - DAYS WITH]      9 = BLOWING SNOW
                                                   X = TORNADO
MAX 32 OR BELOW:   0    0.01 INCH OR MORE:   5
MAX 90 OR ABOVE:   0    0.10 INCH OR MORE:   1
MIN 32 OR BELOW:  23    0.50 INCH OR MORE:   0
MIN  0 OR BELOW:   0    1.00 INCH OR MORE:   0

[HDD (BASE 65) ]
TOTAL THIS MO.   715    CLEAR  (SCALE 0-3)   6
DPTR FM NORMAL   -29    PTCLDY (SCALE 4-7)  12
TOTAL FM JUL 1  8335    CLOUDY (SCALE 8-10)  8
DPTR FM NORMAL  -700

[CDD (BASE 65) ]
TOTAL THIS MO.     0
DPTR FM NORMAL     0    [PRESSURE DATA]
TOTAL FM JAN 1     0    HIGHEST SLP M ON M
DPTR FM NORMAL     0    LOWEST  SLP M ON M

[REMARKS]
