066
CXUS54 KJAN 211200
CF6JAN
PRELIMINARY LOCAL CLIMATOLOGICAL DATA (WS FORM: F-6)

                                          STATION:   JACKSON
                                          MONTH:     OCTOBER
                                          YEAR:      2017
                                          LATITUDE:   32 19 N
                                          LONGITUDE:  90  5 W

  TEMPERATURE IN F:       :PCPN:    SNOW:  WIND      :SUNSHINE: SKY     :PK WND
================================================================================
1   2   3   4   5  6A  6B    7    8   9   10  11  12  13   14  15   16   17  18
                                     12Z  AVG MX 2MIN
DY MAX MIN AVG DEP HDD CDD  WTR  SNW DPTH SPD SPD DIR MIN PSBL S-S WX    SPD DR
================================================================================

 1  87  69  78   8   0  13 0.00  0.0    0  8.5 20 130   M    M   1        26 130
 2  79  67  73   3   0   8    T  0.0    0  8.7 22 120   M    M   9 1      30 130
 3  88  69  79   9   0  14 0.00  0.0    0  9.3 18 120   M    M   2        24 120
 4  85  64  75   6   0  10 0.00  0.0    0  6.8 15 100   M    M   2        21  90
 5  87  60  74   5   0   9 0.00  0.0    0  3.7 13  70   M    M   2        16 120
 6  89  60  75   7   0  10 0.00  0.0    0  4.9 12 140   M    M   1        17 120
 7  88  69  79  11   0  14 0.12  0.0    0  6.5 24 150   M    M   6 1      29 150
 8  91  73  82  14   0  17 0.08  0.0    0  6.7 16 360   M    M   7 1      21 360
 9  91  72  82  15   0  17 0.00  0.0    0  5.9 15 130   M    M   4        20 160
10  85  75  80  13   0  15 0.79  0.0    0  4.8 17 280   M    M   7 1      21 280
11  85  63  74   7   0   9 0.00  0.0    0  5.9 12 340   M    M   0        14 350
12  85  60  73   7   0   8 0.00  0.0    0  3.9 10 360   M    M   0        13  20
13  90  57  74   8   0   9 0.00  0.0    0  1.7  8 360   M    M   0        11 360
14  90  64  77  11   0  12 0.00  0.0    0  5.3 15 160   M    M   1        19 170
15  92  62  77  12   0  12    T  0.0    0  6.7 22  10   M    M   5 3      29 360
16  74  55  65   0   0   0 0.00  0.0    0 13.6 22  20   M    M   2        29  30
17  78  49  64  -1   1   0 0.00  0.0    0  5.8 13  60   M    M   0        18  50
18  80  49  65   1   0   0 0.00  0.0    0  4.3 15 130   M    M   0        18 120
19  82  47  65   1   0   0 0.00  0.0    0  2.0  9  50   M    M   2        13  50
20  84  54  69   5   0   4 0.00  0.0    0  5.6 14 160   M    M   4 1      19 150
================================================================================
SM 1710 1238         1 181  0.99     0.0 120.6          M       55
================================================================================
AV 85.5 61.9                               6.0 FASTST   M    M   3    MAX(MPH)
                                 MISC ---->  # 24 150               # 30  130
================================================================================
NOTES:
# LAST OF SEVERAL OCCURRENCES

COLUMN 17 PEAK WIND IN M.P.H.

PRELIMINARY LOCAL CLIMATOLOGICAL DATA (WS FORM: F-6) , PAGE 2

                                          STATION:  JACKSON
                                          MONTH:    OCTOBER
                                          YEAR:     2017
                                          LATITUDE:   32 19 N
                                          LONGITUDE:  90  5 W

[TEMPERATURE DATA]      [PRECIPITATION DATA]       SYMBOLS USED IN COLUMN 16

AVERAGE MONTHLY: 73.7   TOTAL FOR MONTH:   0.99    1 = FOG OR MIST
DPTR FM NORMAL:   6.8   DPTR FM NORMAL:   -1.50    2 = FOG REDUCING VISIBILITY
HIGHEST:    92 ON 15    GRTST 24HR  0.79 ON 10-10      TO 1/4 MILE OR LESS
LOWEST:     47 ON 19                               3 = THUNDER
                        SNOW, ICE PELLETS, HAIL    4 = ICE PELLETS
                        TOTAL MONTH:   0.0 INCH    5 = HAIL
                        GRTST 24HR     0.0         6 = FREEZING RAIN OR DRIZZLE
                        GRTST DEPTH:   0           7 = DUSTSTORM OR SANDSTORM:
                                                       VSBY 1/2 MILE OR LESS
                                                   8 = SMOKE OR HAZE
[NO. OF DAYS WITH]      [WEATHER - DAYS WITH]      9 = BLOWING SNOW
                                                   X = TORNADO
MAX 32 OR BELOW:   0    0.01 INCH OR MORE:   3
MAX 90 OR ABOVE:   5    0.10 INCH OR MORE:   2
MIN 32 OR BELOW:   0    0.50 INCH OR MORE:   1
MIN  0 OR BELOW:   0    1.00 INCH OR MORE:   0

[HDD (BASE 65) ]
TOTAL THIS MO.     1    CLEAR  (SCALE 0-3)  13
DPTR FM NORMAL   -43    PTCLDY (SCALE 4-7)   6
TOTAL FM JUL 1     3    CLOUDY (SCALE 8-10)  1
DPTR FM NORMAL   -48

[CDD (BASE 65) ]
TOTAL THIS MO.   181
DPTR FM NORMAL    98    [PRESSURE DATA]
TOTAL FM JAN 1  2450    HIGHEST SLP M ON M
DPTR FM NORMAL   241    LOWEST  SLP 29.58 ON  8

[REMARKS]
