000
CXUS54 KMEG 220734
CF6JBR
PRELIMINARY LOCAL CLIMATOLOGICAL DATA (WS FORM: F-6)

                                          STATION:   JONESBORO
                                          MONTH:     FEBRUARY
                                          YEAR:      2017
                                          LATITUDE:   35 49 N
                                          LONGITUDE:  90 39 W

  TEMPERATURE IN F:       :PCPN:    SNOW:  WIND      :SUNSHINE: SKY     :PK WND
================================================================================
1   2   3   4   5  6A  6B    7    8   9   10  11  12  13   14  15   16   17  18
                                     12Z  AVG MX 2MIN
DY MAX MIN AVG DEP HDD CDD  WTR  SNW DPTH SPD SPD DIR MIN PSBL S-S WX    SPD DR
================================================================================

 1  56  40  48  10  17   0 0.00  0.0    0 11.0 20  40   M    M   0        25  30
 2  44  35  40   1  25   0    T  0.0    0 13.8 22  50   M    M  10        29  30
 3  43  28  36  -3  29   0 0.00  0.0    0  9.2 17  40   M    M   3        22  50
 4  41  23  32  -7  33   0    T  0.0    0  7.2 15 210   M    M   4        19 220
 5  59  31  45   6  20   0 0.00  0.0    0  5.5 14 170   M    M   3 1      17 170
 6  70  51  61  22   4   0 0.01  0.0    0 12.0 29 200   M    M  10 1      36 210
 7  78  50  64  24   1   0 0.29  0.0    0 13.4 31 210   M    M   5 13     40 200
 8  57  33  45   5  20   0 0.00  0.0    0 12.1 22  20   M    M   4 1      26  20
 9  40  28  34  -6  31   0 0.00  0.0    0  6.6 17  70   M    M   0        21  70
10  63  29  46   6  19   0 0.00  0.0    0 13.1 28 200   M    M   1        34 200
11  76  60  68  28   0   3 0.00  0.0    0 15.5 26 200   M    M   6        34 210
12  67  47  57  16   8   0 0.00  0.0    0 10.2 21  20   M    M   2 1      29  30
13  51  38  45   4  20   0 0.00  0.0    0  7.4 15  60   M    M   2        19  50
14  46  41  44   3  21   0 0.24  0.0    0  5.8 15  40   M    M  10 1      17  40
15  52  35  44   3  21   0 0.07  0.0    0  7.1 16 320   M    M   3 1      24 350
16  59  30  45   3  20   0 0.00  0.0    0  8.5 21 200   M    M   0        25 220
17  67  34  51   9  14   0 0.01  0.0    0  9.2 24 210   M    M   0        31 210
18  63  47  55  13  10   0 0.15  0.0    0  4.6 13 220   M    M   8 1      17 220
19  72  44  58  16   7   0 0.00  0.0    0  3.4  9 180   M    M   2 12     16 160
20  77  50  64  21   1   0 0.02  0.0    0  7.5 23 160   M    M   0 1      26 160
21  67  58  63  20   2   0 0.51  0.0    0  6.3 17  70   M    M   8 1      21  60
================================================================================
SM 1248  832       323   3  1.30     0.0 189.4          M       81
================================================================================
AV 59.4 39.6                               9.0 FASTST   M    M   4    MAX(MPH)
                                 MISC ---->  # 31 210               # 40  200
================================================================================
NOTES:
# LAST OF SEVERAL OCCURRENCES

COLUMN 17 PEAK WIND IN M.P.H.

PRELIMINARY LOCAL CLIMATOLOGICAL DATA (WS FORM: F-6) , PAGE 2

                                          STATION:  JONESBORO
                                          MONTH:    FEBRUARY
                                          YEAR:     2017
                                          LATITUDE:   35 49 N
                                          LONGITUDE:  90 39 W

[TEMPERATURE DATA]      [PRECIPITATION DATA]       SYMBOLS USED IN COLUMN 16

AVERAGE MONTHLY: 49.5   TOTAL FOR MONTH:   1.30    1 = FOG OR MIST
DPTR FM NORMAL:   9.0   DPTR FM NORMAL:   -1.49    2 = FOG REDUCING VISIBILITY
HIGHEST:    78 ON  7    GRTST 24HR  0.53 ON 20-21      TO 1/4 MILE OR LESS
LOWEST:     23 ON  4                               3 = THUNDER
                        SNOW, ICE PELLETS, HAIL    4 = ICE PELLETS
                        TOTAL MONTH:   0.0 INCH    5 = HAIL
                        GRTST 24HR     0.0         6 = FREEZING RAIN OR DRIZZLE
                        GRTST DEPTH:   0           7 = DUSTSTORM OR SANDSTORM:
                                                       VSBY 1/2 MILE OR LESS
                                                   8 = SMOKE OR HAZE
[NO. OF DAYS WITH]      [WEATHER - DAYS WITH]      9 = BLOWING SNOW
                                                   X = TORNADO
MAX 32 OR BELOW:   0    0.01 INCH OR MORE:   8
MAX 90 OR ABOVE:   0    0.10 INCH OR MORE:   4
MIN 32 OR BELOW:   6    0.50 INCH OR MORE:   1
MIN  0 OR BELOW:   0    1.00 INCH OR MORE:   0

[HDD (BASE 65) ]
TOTAL THIS MO.   323    CLEAR  (SCALE 0-3)  11
DPTR FM NORMAL  -190    PTCLDY (SCALE 4-7)   7
TOTAL FM JUL 1  2059    CLOUDY (SCALE 8-10)  3
DPTR FM NORMAL  -750

[CDD (BASE 65) ]
TOTAL THIS MO.     3
DPTR FM NORMAL     3    [PRESSURE DATA]
TOTAL FM JAN 1     3    HIGHEST SLP M ON M
DPTR FM NORMAL     3    LOWEST  SLP 29.59 ON  7

[REMARKS]
