000
CXUS54 KMEG 290633
CF6JBR
PRELIMINARY LOCAL CLIMATOLOGICAL DATA (WS FORM: F-6)

                                          STATION:   JONESBORO
                                          MONTH:     MARCH
                                          YEAR:      2015
                                          LATITUDE:   35 49 N
                                          LONGITUDE:  90 39 W

  TEMPERATURE IN F:       :PCPN:    SNOW:  WIND      :SUNSHINE: SKY     :PK WND
================================================================================
1   2   3   4   5  6A  6B    7    8   9   10  11  12  13   14  15   16   17  18
                                     12Z  AVG MX 2MIN
DY MAX MIN AVG DEP HDD CDD  WTR  SNW DPTH SPD SPD DIR MIN PSBL S-S WX    SPD DR
================================================================================

 1  37  30  34 -11  31   0 0.06  0.0    0  4.6 13  30   M    M  10 1      18  20
 2  36  30  33 -13  32   0    T  0.0    0 11.1 23  60   M    M  10        28  40
 3  52  33  43  -3  22   0 0.18  0.0    0  7.2 18 210   M    M  10 1      23 210
 4  51  19  35 -11  30   0 2.81  7.5    0 13.8 22  30   M    M   9 168    31  30
 5  31  10  21 -26  44   0 0.20    T    8  8.0 21  30   M    M   3 1      26  30
 6  30   5  18 -29  47   0 0.00  0.0    5  4.0 12 160   M    M   0 1      14 160
 7  44  21  33 -14  32   0 0.00  0.0    4  7.7 17 200   M    M   0        21 210
 8  45  28  37 -11  28   0 0.02  0.0    3  4.3 14 230   M    M   5 12     19 230
 9  44  35  40  -8  25   0 0.53  0.0    0  5.1 20  70   M    M  10 12     22  60
10  54  43  49   1  16   0 0.44  0.0    0  5.3 16  60   M    M  10 1      19  70
11  64  47  56   7   9   0 0.00  0.0    0  5.4 16  60   M    M   5        19  70
12  59  46  53   4  12   0 0.42  0.0    0 11.0 18  60   M    M   6 18     25  50
13  63  56  60  11   5   0 1.47  0.0    0  8.1 16 120   M    M  10 1      19 130
14  59  48  54   4  11   0 0.30  0.0    0  6.2 15  50   M    M   9 12     19  50
15  68  42  55   5  10   0 0.00  0.0    0  3.5 10 110   M    M   0 8      14  60
16  72  43  58   8   7   0 0.00  0.0    0  8.2 18 210   M    M   1 18     25 200
17  69  48  59   9   6   0 0.00  0.0    0 13.5 26  60   M    M   0 18     32  60
18  48  40  44  -7  21   0 0.45  0.0    0 13.7 17  60   M    M   8 1      24  50
19  52  40  46  -5  19   0 0.04  0.0    0  6.3 10  50   M    M  10 1       M  M
20  55  42  49  -3  16   0    T  0.0    0  4.3  9  60   M    M   7        13 360
21  59  38  49  -3  16   0 0.00  0.0    0  1.8  8 220   M    M   0 1      10 190
22  60  47  54   2  11   0 0.05  0.0    0  4.2 12  80   M    M   7 1      13  70
23  69  43  56   4   9   0 0.00  0.0    0  5.0 13 220   M    M   0 1      17 230
24  72  47  60   7   5   0 0.00  0.0    0 13.7 26 210   M    M   1        36 210
25  74  54  64  11   1   0 0.00  0.0    0  8.8 21 160   M    M   2        28 150
26  64  35  50  -3  15   0 0.31  0.0    0  7.5 22  50   M    M   7 13     27 330
27  49  33  41 -13  24   0 0.03  0.0    0  6.7 16  10   M    M   6        21  10
28  40  30  35 -19  30   0 0.01    T    0  4.0 10  90   M    M   9 1      12 100
================================================================================
SM 1520 1033       534   0  7.32     7.5 203.0          M      155
================================================================================
AV 54.3 36.9                               7.2 FASTST   M    M   6    MAX(MPH)
                                 MISC ---->  # 26  60               # 36  210
================================================================================
NOTES:
# LAST OF SEVERAL OCCURRENCES

COLUMN 17 PEAK WIND IN M.P.H.

PRELIMINARY LOCAL CLIMATOLOGICAL DATA (WS FORM: F-6) , PAGE 2

                                          STATION:  JONESBORO
                                          MONTH:    MARCH
                                          YEAR:     2015
                                          LATITUDE:   35 49 N
                                          LONGITUDE:  90 39 W

[TEMPERATURE DATA]      [PRECIPITATION DATA]       SYMBOLS USED IN COLUMN 16

AVERAGE MONTHLY: 45.6   TOTAL FOR MONTH:   7.32    1 = FOG OR MIST
DPTR FM NORMAL:  -4.1   DPTR FM NORMAL:    3.29    2 = FOG REDUCING VISIBILITY
HIGHEST:    74 ON 25    GRTST 24HR  2.81 ON  4- 4      TO 1/4 MILE OR LESS
LOWEST:      5 ON  6                               3 = THUNDER
                        SNOW, ICE PELLETS, HAIL    4 = ICE PELLETS
                        TOTAL MONTH:   7.5 INCHES  5 = HAIL
                        GRTST 24HR   7.5 ON  4- 4  6 = FREEZING RAIN OR DRIZZLE
                        GRTST DEPTH:   8 ON  5     7 = DUSTSTORM OR SANDSTORM:
                                                       VSBY 1/2 MILE OR LESS
                                                   8 = SMOKE OR HAZE
[NO. OF DAYS WITH]      [WEATHER - DAYS WITH]      9 = BLOWING SNOW
                                                   X = TORNADO
MAX 32 OR BELOW:   2    0.01 INCH OR MORE:  16
MAX 90 OR ABOVE:   0    0.10 INCH OR MORE:  10
MIN 32 OR BELOW:   8    0.50 INCH OR MORE:   3
MIN  0 OR BELOW:   0    1.00 INCH OR MORE:   2

[HDD (BASE 65) ]
TOTAL THIS MO.   534    CLEAR  (SCALE 0-3)  10
DPTR FM NORMAL   102    PTCLDY (SCALE 4-7)   8
TOTAL FM JUL 1  3782    CLOUDY (SCALE 8-10) 10
DPTR FM NORMAL   394

[CDD (BASE 65) ]
TOTAL THIS MO.     0
DPTR FM NORMAL     0    [PRESSURE DATA]
TOTAL FM JAN 1     0    HIGHEST SLP M ON M
DPTR FM NORMAL     0    LOWEST  SLP 29.84 ON M

[REMARKS]
