000
CXUS54 KSJT 300900
CF6JCT
PRELIMINARY LOCAL CLIMATOLOGICAL DATA (WS FORM: F-6)

                                          STATION:   JUNCTION
                                          MONTH:     JULY
                                          YEAR:      2014
                                          LATITUDE:   30 18 N
                                          LONGITUDE:  99 28 W

  TEMPERATURE IN F:       :PCPN:    SNOW:  WIND      :SUNSHINE: SKY     :PK WND
================================================================================
1   2   3   4   5  6A  6B    7    8   9   10  11  12  13   14  15   16   17  18
                                     12Z  AVG MX 2MIN
DY MAX MIN AVG DEP HDD CDD  WTR  SNW DPTH SPD SPD DIR MIN PSBL S-S WX    SPD DR
================================================================================

 1  95  73  84   3   0  19 0.00  0.0    0 10.8 23 130   M    M   1        30 150
 2  95  70  83   1   0  18 0.00  0.0    0  6.9 17 130   M    M   0        22 120
 3  95  69  82   0   0  17 0.00  0.0    0  5.8 17 130   M    M   1        22 130
 4  95  68  82   0   0  17 0.00  0.0    0  7.2 20 140   M    M   0        25 120
 5  93  69  81  -1   0  16 0.00  0.0    0  7.1 18 170   M    M   1        29 150
 6  94  71  83   1   0  18 0.00  0.0    0  6.9 16 160   M    M   0        23 140
 7  94  75  85   3   0  20 0.00  0.0    0  9.4 22 160   M    M   0        27 160
 8  95  71  83   1   0  18 0.00  0.0    0  8.6 20 170   M    M   0        26 170
 9  95  72  84   2   0  19 0.00  0.0    0  9.7 22 140   M    M   2        27 140
10  93  69  81  -1   0  16 0.00  0.0    0  9.3 23 160   M    M   1        30 160
11  90  70  80  -2   0  15    T  0.0    0 11.5 26 160   M    M   4        39 160
12  95  69  82   0   0  17 0.00  0.0    0  9.0 21 160   M    M   0        27 170
13  97  71  84   2   0  19 0.00  0.0    0  4.2 16 120   M    M   0        21 160
14 100  72  86   4   0  21 0.00  0.0    0  4.2 14 140   M    M   1        18 120
15  96  71  84   2   0  19 1.39  0.0    0  4.9 22 200   M    M   3 3      30 200
16  93  71  82   0   0  17 0.02  0.0    0  6.8 18 170   M    M   5        23 160
17  89  72  81  -1   0  16 1.58  0.0    0  4.8 29 340   M    M   4 3      45 330
18  78  70  74  -8   0   9 0.00  0.0    0  6.6 13  80   M    M   8        16 100
19  91  69  80  -3   0  15 0.00  0.0    0  5.4 16 100   M    M   6        27 120
20  95  73  84   1   0  19 0.00  0.0    0  5.7 15 160   M    M   3 18     19 120
21  97  76  87   4   0  22 0.00  0.0    0  6.7 18 150   M    M   1 18     23 140
22  97  74  86   3   0  21 0.00  0.0    0  4.4 13  70   M    M   0 8      18 140
23  96  68  82  -1   0  17 0.00  0.0    0  4.7 15 110   M    M   0        22 110
24  96  74  85   2   0  20 0.00  0.0    0  4.9 22 140   M    M   1 8      29 150
25  97  68  83   0   0  18 0.00  0.0    0  5.8 16 140   M    M   1        20 150
26  98  72  85   2   0  20 0.00  0.0    0  6.4 18 180   M    M   1        23 170
27 100  73  87   4   0  22 0.00  0.0    0  8.8 17 150   M    M   0        23 150
28  99  74  87   4   0  22 0.00  0.0    0  6.5 16 130   M    M   1        22 120
29  98  71  85   2   0  20 0.00  0.0    0  6.5 18  60   M    M   1 8      31 120
================================================================================
SM 2746 2065         0 527  2.99     0.0 199.5          M       46
================================================================================
AV 94.7 71.2                               6.9 FASTST   M    M   2    MAX(MPH)
                                 MISC ---->  # 29 340               # 45  330
================================================================================
NOTES:
# LAST OF SEVERAL OCCURRENCES

COLUMN 17 PEAK WIND IN M.P.H.

PRELIMINARY LOCAL CLIMATOLOGICAL DATA (WS FORM: F-6) , PAGE 2

                                          STATION:  JUNCTION
                                          MONTH:    JULY
                                          YEAR:     2014
                                          LATITUDE:   30 18 N
                                          LONGITUDE:  99 28 W

[TEMPERATURE DATA]      [PRECIPITATION DATA]       SYMBOLS USED IN COLUMN 16

AVERAGE MONTHLY: 82.9   TOTAL FOR MONTH:   2.99    1 = FOG OR MIST
DPTR FM NORMAL:   0.6   DPTR FM NORMAL:    1.14    2 = FOG REDUCING VISIBILITY
HIGHEST:   100 ON 27,14 GRTST 24HR  1.60 ON 16-17      TO 1/4 MILE OR LESS
LOWEST:     68 ON 25,23                            3 = THUNDER
                        SNOW, ICE PELLETS, HAIL    4 = ICE PELLETS
                        TOTAL MONTH:   0.0 INCH    5 = HAIL
                        GRTST 24HR     0.0         6 = FREEZING RAIN OR DRIZZLE
                        GRTST DEPTH:   0           7 = DUSTSTORM OR SANDSTORM:
                                                       VSBY 1/2 MILE OR LESS
                                                   8 = SMOKE OR HAZE
[NO. OF DAYS WITH]      [WEATHER - DAYS WITH]      9 = BLOWING SNOW
                                                   X = TORNADO
MAX 32 OR BELOW:   0    0.01 INCH OR MORE:   3
MAX 90 OR ABOVE:  27    0.10 INCH OR MORE:   2
MIN 32 OR BELOW:   0    0.50 INCH OR MORE:   2
MIN  0 OR BELOW:   0    1.00 INCH OR MORE:   2

[HDD (BASE 65) ]
TOTAL THIS MO.     0    CLEAR  (SCALE 0-3)  22
DPTR FM NORMAL     0    PTCLDY (SCALE 4-7)   7
TOTAL FM JUL 1     0    CLOUDY (SCALE 8-10)  0
DPTR FM NORMAL     0

[CDD (BASE 65) ]
TOTAL THIS MO.   527
DPTR FM NORMAL    24    [PRESSURE DATA]
TOTAL FM JAN 1  1517    HIGHEST SLP M ON M
DPTR FM NORMAL   135    LOWEST  SLP 29.73 ON  1

[REMARKS]
