000
CXUS54 KSJT 241210
CF6JCT
PRELIMINARY LOCAL CLIMATOLOGICAL DATA (WS FORM: F-6)

                                          STATION:   JUNCTION
                                          MONTH:     FEBRUARY
                                          YEAR:      2018
                                          LATITUDE:   30 18 N
                                          LONGITUDE:  99 28 W

  TEMPERATURE IN F:       :PCPN:    SNOW:  WIND      :SUNSHINE: SKY     :PK WND
================================================================================
1   2   3   4   5  6A  6B    7    8   9   10  11  12  13   14  15   16   17  18
                                     12Z  AVG MX 2MIN
DY MAX MIN AVG DEP HDD CDD  WTR  SNW DPTH SPD SPD DIR MIN PSBL S-S WX    SPD DR
================================================================================

 1  65  36  51   2  14   0 0.00  0.0    0  9.0 18  10   M    M   0 1      22 360
 2  60  39  50   1  15   0 0.00  0.0    0  8.5 15  50   M    M   1        23  50
 3  72  46  59  10   6   0 0.01  0.0    0  9.5 22 200   M    M   1        29 210
 4  81  40  61  12   4   0 0.00  0.0    0  7.1 20  30   M    M   0 18     25  20
 5  65  33  49   0  16   0 0.00  0.0    0  5.1 16  40   M    M   5 18     25 200
 6  59  38  49   0  16   0 0.02  0.0    0  8.1 17  60   M    M  10 1      20  50
 7  51  30  41  -8  24   0    T  0.0    0  8.9 20  10   M    M   5 18     25  20
 8  67  22  45  -5  20   0 0.00  0.0    0  4.1 14 160   M    M   0 8      21 160
 9  70  39  55   5  10   0 0.00  0.0    0  6.4 22 200   M    M   3 18     30 200
10  57  40  49  -1  16   0 0.00  0.0    0  7.6 21  10   M    M   6 18     23  10
11  45  25  35 -15  30   0    T  0.0    0 10.6 20 350   M    M   7 168    26  10
12  60  23  42  -8  23   0 0.00  0.0    0  5.4 13 140   M    M   3        17  80
13  59  46  53   3  12   0 0.00  0.0    0  4.3 14 160   M    M  10        17 150
14  81  55  68  17   0   3 0.00  0.0    0  8.6 23 200   M    M   5 1      32 210
15  74  61  68  17   0   3 0.00  0.0    0  9.5 18 220   M    M   7 8      26 180
16  68  57  63  12   2   0 0.00  0.0    0  8.4 22  40   M    M   6 18     26  30
17  80  49  65  14   0   0    T  0.0    0  6.2 16 360   M    M   5        21 360
18  72  51  62  11   3   0 0.01  0.0    0  7.1 22 170   M    M   6 18     29 170
19  77  65  71  19   0   6 0.12  0.0    0 13.8 37 160   M    M   5 13     47 160
20  78  47  63  11   2   0 0.40  0.0    0  9.7 29 240   M    M   7 138    44 230
21   M   M   M   M   M   M 0.52    M    0 13.8 14 360   M    M   3 13      M  M
22   M   M   M   M   M   M    M    M    M   M   M   M   M    M   M         M  M
23   M   M   M   M   M   M    M    M    M   M   M   M   M    M   M         M  M
================================================================================
SM 1341  842       213  12  1.08     0.0 171.7          M       95
================================================================================
AV 67.1 42.1                               8.2 FASTST   M    M   5    MAX(MPH)
                                 MISC ---->  # 37 160               # 47  160
================================================================================
NOTES:
# LAST OF SEVERAL OCCURRENCES

COLUMN 17 PEAK WIND IN M.P.H.

PRELIMINARY LOCAL CLIMATOLOGICAL DATA (WS FORM: F-6) , PAGE 2

                                          STATION:  JUNCTION
                                          MONTH:    FEBRUARY
                                          YEAR:     2018
                                          LATITUDE:   30 18 N
                                          LONGITUDE:  99 28 W

[TEMPERATURE DATA]      [PRECIPITATION DATA]       SYMBOLS USED IN COLUMN 16

AVERAGE MONTHLY: 54.6   TOTAL FOR MONTH:   1.08    1 = FOG OR MIST
DPTR FM NORMAL:   4.2   DPTR FM NORMAL:   -0.15    2 = FOG REDUCING VISIBILITY
HIGHEST:    81 ON 14, 4 GRTST 24HR  0.52 ON 21-21      TO 1/4 MILE OR LESS
LOWEST:     22 ON  8                               3 = THUNDER
                        SNOW, ICE PELLETS, HAIL    4 = ICE PELLETS
                        TOTAL MONTH:   0.0 INCH    5 = HAIL
                        GRTST 24HR     0.0         6 = FREEZING RAIN OR DRIZZLE
                        GRTST DEPTH:   0           7 = DUSTSTORM OR SANDSTORM:
                                                       VSBY 1/2 MILE OR LESS
                                                   8 = SMOKE OR HAZE
[NO. OF DAYS WITH]      [WEATHER - DAYS WITH]      9 = BLOWING SNOW
                                                   X = TORNADO
MAX 32 OR BELOW:   0    0.01 INCH OR MORE:   6
MAX 90 OR ABOVE:   0    0.10 INCH OR MORE:   3
MIN 32 OR BELOW:   4    0.50 INCH OR MORE:   1
MIN  0 OR BELOW:   0    1.00 INCH OR MORE:   0

[HDD (BASE 65) ]
TOTAL THIS MO.   213    CLEAR  (SCALE 0-3)   8
DPTR FM NORMAL  -127    PTCLDY (SCALE 4-7)  11
TOTAL FM JUL 1  1592    CLOUDY (SCALE 8-10)  2
DPTR FM NORMAL  -242

[CDD (BASE 65) ]
TOTAL THIS MO.    12
DPTR FM NORMAL    12    [PRESSURE DATA]
TOTAL FM JAN 1    12    HIGHEST SLP M ON M
DPTR FM NORMAL    11    LOWEST  SLP 29.65 ON 19

[REMARKS]
