000
CXUS53 KLSX 281600
CF6JEF
PRELIMINARY LOCAL CLIMATOLOGICAL DATA (WS FORM: F-6)

                                          STATION:   JEFFERSON CITY
                                          MONTH:     APRIL
                                          YEAR:      2016
                                          LATITUDE:   38 35 N
                                          LONGITUDE:  92 10 W

  TEMPERATURE IN F:       :PCPN:    SNOW:  WIND      :SUNSHINE: SKY     :PK WND
================================================================================
1   2   3   4   5  6A  6B    7    8   9   10  11  12  13   14  15   16   17  18
                                     12Z  AVG MX 2MIN
DY MAX MIN AVG DEP HDD CDD  WTR  SNW DPTH SPD SPD DIR MIN PSBL S-S WX    SPD DR
================================================================================

 1  54  40  47  -4  18   0    T  0.0    0 11.1 24 280   M    M   6        32 280
 2  62  34  48  -4  17   0 0.00  0.0    0 11.0 30 290   M    M   0        39 300
 3  76  34  55   3  10   0 0.00  0.0    0 11.8 29 230   M    M   0        38 260
 4  70  48  59   7   6   0 0.00  0.0    0  7.9 20 340   M    M   0        25 350
 5  68  39  54   1  11   0 0.00  0.0    0 15.3 25 160   M    M   0        33 160
 6  61  48  55   2  10   0 0.19  0.0    0 11.0 28 300   M    M   6 1      35 290
 7  60  44  52  -2  13   0 0.10  0.0    0 10.2 25 290   M    M   3 3      40 290
 8  58  37  48  -6  17   0 0.00  0.0    0 14.1 28 290   M    M   2        39 310
 9  57  31  44 -10  21   0 0.00  0.0    0  9.0 17 110   M    M   1        21 140
10  69  49  59   4   6   0 0.14  0.0    0  7.6 17 160   M    M   9 13     21 160
11  58  41  50  -5  15   0 0.39  0.0    0  7.8 18 350   M    M   5 1      24 340
12  60  29  45 -10  20   0 0.00  0.0    0  5.6 15 110   M    M   0        19  80
13  69  35  52  -4  13   0 0.00  0.0    0  4.7 10 110   M    M   0        14 130
14  73  39  56   0   9   0 0.00  0.0    0  5.9 15 120   M    M   0        21 120
15  76  46  61   5   4   0 0.00  0.0    0  9.3 21 120   M    M   4        25 130
16  77  54  66   9   0   1 0.00  0.0    0 10.8 21 140   M    M   3        28 130
17  80  56  68  11   0   3 0.00  0.0    0  9.9 22 130   M    M   2        30 140
18  79  53  66   9   0   1 0.07  0.0    0  6.9 23 250   M    M   5 1      28 260
19  75  61  68  10   0   3 0.22  0.0    0  3.7 16 190   M    M   8 1      20 190
20  67  51  59   1   6   0 0.09  0.0    0  6.1 15 190   M    M   9 1      19 190
21  69  46  58   0   7   0 0.04  0.0    0  7.9 23 260   M    M   6 12     30 260
22  71  49  60   2   5   0 0.00  0.0    0  7.4 18 280   M    M   1        22 280
23  79  46  63   4   2   0 0.00  0.0    0  4.6 13 130   M    M   1 128    16 140
24  82  57  70  11   0   5 0.00  0.0    0  9.7 21 200   M    M   0        29 200
25  79  64  72  13   0   7 0.00  0.0    0  8.7 22 230   M    M   6        27 210
26  77  60  69   9   0   4 0.42  0.0    0  8.0 36 330   M    M   2 13     49 290
27  78  57  68   8   0   3 0.06  0.0    0  9.2 24 120   M    M   3        29 120
================================================================================
SM 1884 1248       210  27  1.72     0.0 235.2          M       82
================================================================================
AV 69.8 46.2                               8.7 FASTST   M    M   3    MAX(MPH)
                                 MISC ---->  # 36 330               # 49  290
================================================================================
NOTES:
# LAST OF SEVERAL OCCURRENCES

COLUMN 17 PEAK WIND IN M.P.H.

PRELIMINARY LOCAL CLIMATOLOGICAL DATA (WS FORM: F-6) , PAGE 2

                                          STATION:  JEFFERSON CITY
                                          MONTH:    APRIL
                                          YEAR:     2016
                                          LATITUDE:   38 35 N
                                          LONGITUDE:  92 10 W

[TEMPERATURE DATA]      [PRECIPITATION DATA]       SYMBOLS USED IN COLUMN 16

AVERAGE MONTHLY: 58.0   TOTAL FOR MONTH:   1.72    1 = FOG OR MIST
DPTR FM NORMAL:   2.1   DPTR FM NORMAL:   -1.98    2 = FOG REDUCING VISIBILITY
HIGHEST:    82 ON 24    GRTST 24HR  0.51 ON 10-11      TO 1/4 MILE OR LESS
LOWEST:     29 ON 12                               3 = THUNDER
                        SNOW, ICE PELLETS, HAIL    4 = ICE PELLETS
                        TOTAL MONTH:   0.0 INCH    5 = HAIL
                        GRTST 24HR     0.0         6 = FREEZING RAIN OR DRIZZLE
                        GRTST DEPTH:   0           7 = DUSTSTORM OR SANDSTORM:
                                                       VSBY 1/2 MILE OR LESS
                                                   8 = SMOKE OR HAZE
[NO. OF DAYS WITH]      [WEATHER - DAYS WITH]      9 = BLOWING SNOW
                                                   X = TORNADO
MAX 32 OR BELOW:   0    0.01 INCH OR MORE:  10
MAX 90 OR ABOVE:   0    0.10 INCH OR MORE:   6
MIN 32 OR BELOW:   2    0.50 INCH OR MORE:   0
MIN  0 OR BELOW:   0    1.00 INCH OR MORE:   0

[HDD (BASE 65) ]
TOTAL THIS MO.   210    CLEAR  (SCALE 0-3)  17
DPTR FM NORMAL   -59    PTCLDY (SCALE 4-7)   8
TOTAL FM JUL 1  3775    CLOUDY (SCALE 8-10)  2
DPTR FM NORMAL  -758

[CDD (BASE 65) ]
TOTAL THIS MO.    27
DPTR FM NORMAL     1    [PRESSURE DATA]
TOTAL FM JAN 1    33    HIGHEST SLP M ON M
DPTR FM NORMAL     3    LOWEST  SLP 29.56 ON 27

[REMARKS]
