000
CXUS55 KBOI 201002
CF6JER
PRELIMINARY LOCAL CLIMATOLOGICAL DATA (WS FORM: F-6)

                                          STATION:   JEROME ID
                                          MONTH:     JANUARY
                                          YEAR:      2017
                                          LATITUDE:   42 43 N
                                          LONGITUDE: 114 27 W

  TEMPERATURE IN F:       :PCPN:    SNOW:  WIND      :SUNSHINE: SKY     :PK WND
================================================================================
1   2   3   4   5  6A  6B    7    8   9   10  11  12  13   14  15   16   17  18
                                     12Z  AVG MX 2MIN
DY MAX MIN AVG DEP HDD CDD  WTR  SNW DPTH SPD SPD DIR MIN PSBL S-S WX    SPD DR
================================================================================

 1  20  10  15 -11  50   0 0.00    M    M 11.4 24  40   M    M   5        28  30
 2  24  12  18  -8  47   0 0.02    M    M 12.6 21  40   M    M   8 128    24  40
 3  21  11  16 -10  49   0 0.01    M    M 17.0 26  50   M    M  10 1      30  40
 4  23  14  19  -7  46   0 0.16    M    M 23.3 38  60   M    M  10 129    46  60
 5  14  -4   5 -21  60   0 0.00    M    M 10.1 22  70   M    M   3        27  70
 6   9  -9   0 -26  65   0 0.00    M    M 18.3 33  50   M    M   0 8      38  50
 7  21   2  12 -14  53   0 0.05    M    M 26.8 33  50   M    M   5 1289   39  50
 8  42  21  32   6  33   0 0.04    M    M 19.5 28  50   M    M  10 16     32  40
 9  52  31  42  16  23   0 0.03    M    M  7.8 28 250   M    M   8 18     36 250
10   M   M   M   M   M   M 0.43    M    M  8.0 25 220   M    M  10 8      33 210
11   M   M   M   M   M   M 0.12    M    M  9.2 16 240   M    M   5         M  M
12   M   M   M   M   M   M 0.00    M    M 13.1 20  50   M    M   1         M  M
13  23  11  17  -9  48   0 0.00    M    M 10.1 17  40   M    M   0         M  M
14  21   4  13 -13  52   0 0.00    M    M 10.4 20  50   M    M   0 1      22  50
15  14   2   8 -18  57   0    T    M    M  3.2  8 260   M    M   6 128     9 280
16  13  -1   6 -20  59   0    T    M    M  9.4 15  50   M    M   3 18     18  50
17  20   3  12 -14  53   0 0.00    M    M 18.8 32  60   M    M   1 1      37  50
18  28  13  21  -5  44   0 0.05    M    M 23.6 33  50   M    M   6 16     37  40
19  38  26  32   6  33   0 0.15    M    M  9.8 25  30   M    M   9 1      30  40
================================================================================
SM  383  146       772   0  1.06    M    262.4          M      100
================================================================================
AV 23.9  9.1                              13.8 FASTST   M    M   5    MAX(MPH)
                                 MISC ---->  # 38  60               # 46   60
================================================================================
NOTES:
# LAST OF SEVERAL OCCURRENCES

COLUMN 17 PEAK WIND IN M.P.H.

PRELIMINARY LOCAL CLIMATOLOGICAL DATA (WS FORM: F-6) , PAGE 2

                                          STATION:  JEROME ID
                                          MONTH:    JANUARY
                                          YEAR:     2017
                                          LATITUDE:   42 43 N
                                          LONGITUDE: 114 27 W

[TEMPERATURE DATA]      [PRECIPITATION DATA]       SYMBOLS USED IN COLUMN 16

AVERAGE MONTHLY: 16.5   TOTAL FOR MONTH:   1.06    1 = FOG OR MIST
DPTR FM NORMAL:  -9.5   DPTR FM NORMAL:    0.27    2 = FOG REDUCING VISIBILITY
HIGHEST:    52 ON  9    GRTST 24HR  0.48 ON 10-11      TO 1/4 MILE OR LESS
LOWEST:     -9 ON  6                               3 = THUNDER
                        SNOW, ICE PELLETS, HAIL    4 = ICE PELLETS
                        TOTAL MONTH:    M          5 = HAIL
                        GRTST 24HR    M  ON   M    6 = FREEZING RAIN OR DRIZZLE
                        GRTST DEPTH:  M  ON   M    7 = DUSTSTORM OR SANDSTORM:
                                                       VSBY 1/2 MILE OR LESS
                                                   8 = SMOKE OR HAZE
[NO. OF DAYS WITH]      [WEATHER - DAYS WITH]      9 = BLOWING SNOW
                                                   X = TORNADO
MAX 32 OR BELOW:  13    0.01 INCH OR MORE:  10
MAX 90 OR ABOVE:   0    0.10 INCH OR MORE:   4
MIN 32 OR BELOW:  16    0.50 INCH OR MORE:   0
MIN  0 OR BELOW:   3    1.00 INCH OR MORE:   0

[HDD (BASE 65) ]
TOTAL THIS MO.   772    CLEAR  (SCALE 0-3)   7
DPTR FM NORMAL    32    PTCLDY (SCALE 4-7)   6
TOTAL FM JUL 1  3287    CLOUDY (SCALE 8-10)  6
DPTR FM NORMAL  -183

[CDD (BASE 65) ]
TOTAL THIS MO.     0
DPTR FM NORMAL     0    [PRESSURE DATA]
TOTAL FM JAN 1     0    HIGHEST SLP M ON M
DPTR FM NORMAL     0    LOWEST  SLP 29.43 ON 11

[REMARKS]
