000
CXUS51 KOKX 220703
CF6JFK
PRELIMINARY LOCAL CLIMATOLOGICAL DATA (WS FORM: F-6)

                                          STATION:   KENNEDY NY
                                          MONTH:     MARCH
                                          YEAR:      2017
                                          LATITUDE:   40 39 N
                                          LONGITUDE:  73 47 W

  TEMPERATURE IN F:       :PCPN:    SNOW:  WIND      :SUNSHINE: SKY     :PK WND
================================================================================
1   2   3   4   5  6A  6B    7    8   9   10  11  12  13   14  15   16   17  18
                                     12Z  AVG MX 2MIN
DY MAX MIN AVG DEP HDD CDD  WTR  SNW DPTH SPD SPD DIR MIN PSBL S-S WX    SPD DR
================================================================================

 1  61  48  55  17  10   0 0.01  0.0    0 11.6 25 190   M    M   9 12     32 190
 2  62  37  50  12  15   0 0.00  0.0    0 25.5 41 280   M    M   3        55 290
 3  42  25  34  -4  31   0 0.00  0.0    0 18.4 33 300   M    M   3        43 300
 4  34  18  26 -12  39   0 0.00  0.0    0 20.7 35 300   M    M   4        44 310
 5  38  16  27 -11  38   0 0.00  0.0    0 13.6 25 330   M    M   1        33 330
 6  42  22  32  -7  33   0    T  0.0    0  8.0 16 190   M    M   5 8      19 190
 7  50  42  46   7  19   0 0.11  0.0    0 10.6 22 190   M    M  10 1      27 180
 8  61  46  54  15  11   0 0.05  0.0    0 16.6 26 290   M    M   5 1      32 290
 9  64  46  55  15  10   0 0.00  0.0    0 19.4 32 270   M    M   3        41 270
10  49  24  37  -3  28   0 0.26  2.4    0 17.5 36 310   M    M   8 18     44 300
11  29  18  24 -16  41   0    T    T    2 18.6 33 310   M    M   6        40 320
12  32  20  26 -14  39   0 0.00  0.0    1 18.3 28 310   M    M   4        37 270
13  34  20  27 -14  38   0    T    T    0  9.1 21 310   M    M   6        26 300
14  36  23  30 -11  35   0 1.94  5.1    4 24.5 39  40   M    M   9 149    48  40
15  28  22  25 -16  40   0    T    T    4 21.2 32 290   M    M   7        42 290
16  40  25  33  -8  32   0 0.00  0.0    4 17.3 28 290   M    M   4        36 290
17  45  30  38  -4  27   0 0.00  0.0    3 13.2 21 240   M    M   3        25 290
18  40  28  34  -8  31   0 0.07    T    2 10.9 22  40   M    M   8 18     27  40
19  48  35  42   0  23   0 0.00  0.0    1 14.5 23  20   M    M   6        30  30
20  55  35  45   2  20   0 0.00  0.0    0 12.5 21 340   M    M   5        27 360
21  57  42  50   7  15   0 0.00  0.0    0  9.2 16 210   M    M   8        19 210
================================================================================
SM  947  622       575   0  2.44     7.5 331.2          M      117
================================================================================
AV 45.1 29.6                              15.8 FASTST   M    M   6    MAX(MPH)
                                 MISC ---->  # 41 280               # 55  290
================================================================================
NOTES:
# LAST OF SEVERAL OCCURRENCES

COLUMN 17 PEAK WIND IN M.P.H.

PRELIMINARY LOCAL CLIMATOLOGICAL DATA (WS FORM: F-6) , PAGE 2

                                          STATION:  KENNEDY NY
                                          MONTH:    MARCH
                                          YEAR:     2017
                                          LATITUDE:   40 39 N
                                          LONGITUDE:  73 47 W

[TEMPERATURE DATA]      [PRECIPITATION DATA]       SYMBOLS USED IN COLUMN 16

AVERAGE MONTHLY: 37.4   TOTAL FOR MONTH:   2.44    1 = FOG OR MIST
DPTR FM NORMAL:  -2.8   DPTR FM NORMAL:   -0.02    2 = FOG REDUCING VISIBILITY
HIGHEST:    64 ON  9    GRTST 24HR  1.94 ON 14-14      TO 1/4 MILE OR LESS
LOWEST:     16 ON  5                               3 = THUNDER
                        SNOW, ICE PELLETS, HAIL    4 = ICE PELLETS
                        TOTAL MONTH:   7.5 INCHES  5 = HAIL
                        GRTST 24HR   5.1 ON   M    6 = FREEZING RAIN OR DRIZZLE
                        GRTST DEPTH:   4 ON 16,15  7 = DUSTSTORM OR SANDSTORM:
                                                       VSBY 1/2 MILE OR LESS
                                                   8 = SMOKE OR HAZE
[NO. OF DAYS WITH]      [WEATHER - DAYS WITH]      9 = BLOWING SNOW
                                                   X = TORNADO
MAX 32 OR BELOW:   3    0.01 INCH OR MORE:   6
MAX 90 OR ABOVE:   0    0.10 INCH OR MORE:   3
MIN 32 OR BELOW:  13    0.50 INCH OR MORE:   1
MIN  0 OR BELOW:   0    1.00 INCH OR MORE:   1

[HDD (BASE 65) ]
TOTAL THIS MO.   575    CLEAR  (SCALE 0-3)   3
DPTR FM NORMAL    54    PTCLDY (SCALE 4-7)  13
TOTAL FM JUL 1  3493    CLOUDY (SCALE 8-10)  5
DPTR FM NORMAL  -539

[CDD (BASE 65) ]
TOTAL THIS MO.     0
DPTR FM NORMAL     0    [PRESSURE DATA]
TOTAL FM JAN 1     0    HIGHEST SLP M ON M
DPTR FM NORMAL     0    LOWEST  SLP 29.15 ON 14

[REMARKS]
