000
CXUS51 KOKX 170702
CF6JFK
PRELIMINARY LOCAL CLIMATOLOGICAL DATA (WS FORM: F-6)

                                          STATION:   KENNEDY NY
                                          MONTH:     JANUARY
                                          YEAR:      2018
                                          LATITUDE:   40 39 N
                                          LONGITUDE:  73 47 W

  TEMPERATURE IN F:       :PCPN:    SNOW:  WIND      :SUNSHINE: SKY     :PK WND
================================================================================
1   2   3   4   5  6A  6B    7    8   9   10  11  12  13   14  15   16   17  18
                                     12Z  AVG MX 2MIN
DY MAX MIN AVG DEP HDD CDD  WTR  SNW DPTH SPD SPD DIR MIN PSBL S-S WX    SPD DR
================================================================================

 1  18   7  13 -21  52   0 0.00  0.0    0 17.6 29 310   M    M   2        34 310
 2  26  13  20 -14  45   0 0.00  0.0    0 15.6 23 260   M    M   3        29 270
 3  28  12  20 -13  45   0 0.00  0.0    0  8.2 20 260   M    M   6        23 270
 4  29  19  24  -9  41   0 0.49  8.0    1 28.2 44 340   M    M  10 129    55 330
 5  19   9  14 -19  51   0 0.00  0.0    8 25.1 36 290   M    M   2 9      46 290
 6  14   7  11 -22  54   0 0.00  0.0    8 22.2 31 300   M    M   2        39 270
 7  18   4  11 -22  54   0 0.00  0.0    8 13.8 24 320   M    M   4        30 320
 8  32  17  25  -8  40   0 0.02    T    8 13.3 23 230   M    M   9 46     26 220
 9  43  26  35   2  30   0 0.00  0.0    7 13.4 26 310   M    M   3        30 310
10  39  21  30  -3  35   0 0.00  0.0    5  4.9  9 170   M    M   4        12 130
11  48  37  43  10  22   0 0.00  0.0    3  2.9 13 190   M    M   9 1      16 180
12  54  42  48  16  17   0 0.45  0.0    1 16.1 29 170   M    M  10 12     38 170
13  53  20  37   5  28   0 0.08  0.0    0 20.6 33 180   M    M   4 12     40 180
14  25  15  20 -12  45   0 0.00  0.0    0 15.7 23 330   M    M   3        27  10
15  30  17  24  -8  41   0 0.00  0.0    0 11.8 20  30   M    M   6        24  40
16  39  21  30  -2  35   0 0.00  0.0    0  6.3 10  30   M    M   9        12  90
================================================================================
SM  515  287       635   0  1.04     8.0 235.7          M       86
================================================================================
AV 32.2 17.9                              14.7 FASTST   M    M   5    MAX(MPH)
                                 MISC ---->  # 44 340               # 55  330
================================================================================
NOTES:
# LAST OF SEVERAL OCCURRENCES

COLUMN 17 PEAK WIND IN M.P.H.

PRELIMINARY LOCAL CLIMATOLOGICAL DATA (WS FORM: F-6) , PAGE 2

                                          STATION:  KENNEDY NY
                                          MONTH:    JANUARY
                                          YEAR:     2018
                                          LATITUDE:   40 39 N
                                          LONGITUDE:  73 47 W

[TEMPERATURE DATA]      [PRECIPITATION DATA]       SYMBOLS USED IN COLUMN 16

AVERAGE MONTHLY: 25.1   TOTAL FOR MONTH:   1.04    1 = FOG OR MIST
DPTR FM NORMAL:  -7.8   DPTR FM NORMAL:   -0.67    2 = FOG REDUCING VISIBILITY
HIGHEST:    54 ON 12    GRTST 24HR  0.49 ON  4- 4      TO 1/4 MILE OR LESS
LOWEST:      4 ON  7                               3 = THUNDER
                        SNOW, ICE PELLETS, HAIL    4 = ICE PELLETS
                        TOTAL MONTH:   8.0 INCHES  5 = HAIL
                        GRTST 24HR   8.0 ON  4- 4  6 = FREEZING RAIN OR DRIZZLE
                        GRTST DEPTH:   8 ON  8, 7  7 = DUSTSTORM OR SANDSTORM:
                                                       VSBY 1/2 MILE OR LESS
                                                   8 = SMOKE OR HAZE
[NO. OF DAYS WITH]      [WEATHER - DAYS WITH]      9 = BLOWING SNOW
                                                   X = TORNADO
MAX 32 OR BELOW:  10    0.01 INCH OR MORE:   4
MAX 90 OR ABOVE:   0    0.10 INCH OR MORE:   2
MIN 32 OR BELOW:  14    0.50 INCH OR MORE:   0
MIN  0 OR BELOW:   0    1.00 INCH OR MORE:   0

[HDD (BASE 65) ]
TOTAL THIS MO.   635    CLEAR  (SCALE 0-3)   5
DPTR FM NORMAL   121    PTCLDY (SCALE 4-7)   6
TOTAL FM JUL 1  2244    CLOUDY (SCALE 8-10)  5
DPTR FM NORMAL    61

[CDD (BASE 65) ]
TOTAL THIS MO.     0
DPTR FM NORMAL     0    [PRESSURE DATA]
TOTAL FM JAN 1     0    HIGHEST SLP M ON M
DPTR FM NORMAL     0    LOWEST  SLP 29.27 ON 13

[REMARKS]
