000
CXUS51 KOKX 280703
CF6JFK
PRELIMINARY LOCAL CLIMATOLOGICAL DATA (WS FORM: F-6)

                                          STATION:   KENNEDY NY
                                          MONTH:     MAY
                                          YEAR:      2015
                                          LATITUDE:   40 39 N
                                          LONGITUDE:  73 47 W

  TEMPERATURE IN F:       :PCPN:    SNOW:  WIND      :SUNSHINE: SKY     :PK WND
================================================================================
1   2   3   4   5  6A  6B    7    8   9   10  11  12  13   14  15   16   17  18
                                     12Z  AVG MX 2MIN
DY MAX MIN AVG DEP HDD CDD  WTR  SNW DPTH SPD SPD DIR MIN PSBL S-S WX    SPD DR
================================================================================

 1  56  47  52  -4  13   0 0.00  0.0    0  8.1 17 130   M    M   8        20 160
 2  61  43  52  -4  13   0 0.00  0.0    0  6.9 10 190   M    M   4        13 180
 3  67  46  57   0   8   0 0.00  0.0    0  7.6 18 190   M    M   4        22 200
 4  74  50  62   5   3   0 0.00  0.0    0 10.0 28 190   M    M   2        33 190
 5  82  55  69  12   0   4 0.00  0.0    0  5.4 13 180   M    M   6        16 170
 6  70  54  62   4   3   0    T  0.0    0  7.5 17  40   M    M   8        22  40
 7  72  51  62   4   3   0 0.00  0.0    0  6.2 13 190   M    M   3 128    15 180
 8  72  53  63   5   2   0 0.00  0.0    0  5.8 13 170   M    M   7 12     16 180
 9  64  58  61   3   4   0 0.02  0.0    0  6.2 14  80   M    M  10 128    16  90
10  74  58  66   7   0   1    T  0.0    0  9.5 22 190   M    M   7 128    26 190
11  77  62  70  11   0   5 0.00  0.0    0  9.3 26 180   M    M   7 12     33 180
12  87  65  76  17   0  11 0.01  0.0    0 12.7 30 290   M    M   7 128    38 310
13  73  55  64   4   1   0 0.00  0.0    0 16.5 29 320   M    M   6        40 310
14  71  51  61   1   4   0 0.00  0.0    0 11.7 17 190   M    M   3        22 230
15  71  53  62   2   3   0    T  0.0    0 11.5 22 180   M    M   8        66  90
16  70  58  64   3   1   0 0.41  0.0    0  5.2 10 170   M    M   9 138    13 160
17  81  61  71  10   0   6    T  0.0    0  6.5 13 180   M    M   7 128    15 200
18  68  57  63   2   2   0 0.00  0.0    0  9.6 21  80   M    M   8 18      M  50
19  75  57  66   4   0   1    T  0.0    0  5.5 23 340   M    M   7 128    30 340
20  69  54  62   0   3   0 0.00  0.0    0 15.9 26 300   M    M   6        35 300
21  62  52  57  -5   8   0    T  0.0    0  6.2 16 200   M    M   9        21 190
22  79  54  67   5   0   2    T  0.0    0 13.6 26 300   M    M   5        35 300
23  68  51  60  -3   5   0 0.00  0.0    0 14.8 28 330   M    M   1        37 320
24  74  53  64   1   1   0 0.00  0.0    0 14.1 23 180   M    M   5        29 180
25  77  57  67   4   0   2 0.00  0.0    0 12.7 31 190   M    M   6        39 190
26  76  60  68   4   0   3 0.00  0.0    0 12.7 26 190   M    M   6        35 190
27  74  61  68   4   0   3    T  0.0    0 14.0 36 180   M    M   7        44 180
================================================================================
SM 1944 1476        77  38  0.44     0.0 265.7          M      166
================================================================================
AV 72.0 54.7                               9.8 FASTST   M    M   6    MAX(MPH)
                                 MISC ---->  # 36 180               # 66   90
================================================================================
NOTES:
# LAST OF SEVERAL OCCURRENCES

COLUMN 17 PEAK WIND IN M.P.H.

PRELIMINARY LOCAL CLIMATOLOGICAL DATA (WS FORM: F-6) , PAGE 2

                                          STATION:  KENNEDY NY
                                          MONTH:    MAY
                                          YEAR:     2015
                                          LATITUDE:   40 39 N
                                          LONGITUDE:  73 47 W

[TEMPERATURE DATA]      [PRECIPITATION DATA]       SYMBOLS USED IN COLUMN 16

AVERAGE MONTHLY: 63.3   TOTAL FOR MONTH:   0.44    1 = FOG OR MIST
DPTR FM NORMAL:   3.3   DPTR FM NORMAL:   -2.92    2 = FOG REDUCING VISIBILITY
HIGHEST:    87 ON 12    GRTST 24HR  0.41 ON 16-16      TO 1/4 MILE OR LESS
LOWEST:     43 ON  2                               3 = THUNDER
                        SNOW, ICE PELLETS, HAIL    4 = ICE PELLETS
                        TOTAL MONTH:   0.0 INCH    5 = HAIL
                        GRTST 24HR     0.0         6 = FREEZING RAIN OR DRIZZLE
                        GRTST DEPTH:   0           7 = DUSTSTORM OR SANDSTORM:
                                                       VSBY 1/2 MILE OR LESS
                                                   8 = SMOKE OR HAZE
[NO. OF DAYS WITH]      [WEATHER - DAYS WITH]      9 = BLOWING SNOW
                                                   X = TORNADO
MAX 32 OR BELOW:   0    0.01 INCH OR MORE:   3
MAX 90 OR ABOVE:   0    0.10 INCH OR MORE:   1
MIN 32 OR BELOW:   0    0.50 INCH OR MORE:   0
MIN  0 OR BELOW:   0    1.00 INCH OR MORE:   0

[HDD (BASE 65) ]
TOTAL THIS MO.    77    CLEAR  (SCALE 0-3)   2
DPTR FM NORMAL   -80    PTCLDY (SCALE 4-7)  21
TOTAL FM JUL 1  4971    CLOUDY (SCALE 8-10)  4
DPTR FM NORMAL   163

[CDD (BASE 65) ]
TOTAL THIS MO.    38
DPTR FM NORMAL    16    [PRESSURE DATA]
TOTAL FM JAN 1    38    HIGHEST SLP M ON M
DPTR FM NORMAL    13    LOWEST  SLP 29.75 ON M

[REMARKS]
