000
CXUS53 KSGF 290800
CF6JLN
PRELIMINARY LOCAL CLIMATOLOGICAL DATA (WS FORM: F-6)

                                          STATION:   JOPLIN MO
                                          MONTH:     MAY
                                          YEAR:      2017
                                          LATITUDE:   37 10 N
                                          LONGITUDE:  94 30 W

  TEMPERATURE IN F:       :PCPN:    SNOW:  WIND      :SUNSHINE: SKY     :PK WND
================================================================================
1   2   3   4   5  6A  6B    7    8   9   10  11  12  13   14  15   16   17  18
                                     12Z  AVG MX 2MIN
DY MAX MIN AVG DEP HDD CDD  WTR  SNW DPTH SPD SPD DIR MIN PSBL S-S WX    SPD DR
================================================================================

 1  66  42  54  -9  11   0 0.01    M    M 15.5 28 250   M    M   5 1      35 260
 2  74  47  61  -2   4   0 0.07    M    M  7.3 17  60   M    M   1 3      24  70
 3  56  48  52 -12  13   0 1.77    M    M 11.9 20 360   M    M  10 13     27  40
 4  68  41  55  -9  10   0    T    M    M 12.5 26 350   M    M   3        35 350
 5  72  46  59  -5   6   0 0.00    M    M  7.6 18 360   M    M   0        24 340
 6  82  51  67   3   0   2 0.00    M    M  9.2 20 270   M    M   0 8      27 280
 7  84  56  70   5   0   5 0.00    M    M  7.2 14 210   M    M   0        22 200
 8  83  60  72   7   0   7 0.00    M    M  9.8 18 180   M    M   0        23 180
 9  83  59  71   6   0   6 0.00    M    M  9.9 18 210   M    M   2        23 220
10  84  67  76  11   0  11 0.65    M    M 10.6 26 300   M    M   6 13     33 290
11  75  60  68   2   0   3 0.96    M    M  7.5 28 310   M    M   6 13     37 320
12  75  56  66   0   0   1 0.11    M    M  8.8 20  40   M    M   6 1      27  40
13  80  51  66   0   0   1 0.00    M    M  3.5 12 150   M    M   1 12     30 190
14  81  57  69   3   0   4 0.00    M    M 11.5 20 190   M    M   0        26 210
15  86  62  74   7   0   9 0.00    M    M 11.0 18 210   M    M   0        24 210
16  84  65  75   8   0  10 0.00    M    M 15.7 28 190   M    M   0        38 190
17  83  65  74   7   0   9 0.02    M    M 20.3 44 200   M    M   3 1      55 200
18  87  64  76   9   0  11 0.41    M    M 12.2 37 250   M    M   2 13     45 240
19  78  63  71   3   0   6 1.97    M    M 10.6 29 210   M    M   5 13     37 200
20  71  51  61  -7   4   0 0.62    M    M 10.1 22 130   M    M   5 13     28 130
21  73  47  60  -8   5   0 0.00    M    M  6.7 15 330   M    M   0        20 330
22  78  52  65  -3   0   0 0.00    M    M  6.2 16 210   M    M   3        20 210
23  71  55  63  -6   2   0    T    M    M  8.9 20 330   M    M   7        24 320
24  68  50  59 -10   6   0 0.00    M    M  7.8 18 310   M    M   7        24 300
25  81  47  64  -5   1   0 0.00    M    M  8.7 18 180   M    M   0        23 190
26  86  65  76   6   0  11 0.00    M    M  7.3 17 210   M    M   4        23 210
27  86  66  76   6   0  11 0.73    M    M  8.3 20  40   M    M   7 1358   29  30
28  81  61  71   1   0   6 0.00    M    M  6.9 16 300   M    M   3 3      22 300
================================================================================
SM 2176 1554        62 113  7.32    M    273.5          M       86
================================================================================
AV 77.7 55.5                               9.8 FASTST   M    M   3    MAX(MPH)
                                 MISC ---->  # 44 200               # 55  200
================================================================================
NOTES:
# LAST OF SEVERAL OCCURRENCES

COLUMN 17 PEAK WIND IN M.P.H.

PRELIMINARY LOCAL CLIMATOLOGICAL DATA (WS FORM: F-6) , PAGE 2

                                          STATION:  JOPLIN MO
                                          MONTH:    MAY
                                          YEAR:     2017
                                          LATITUDE:   37 10 N
                                          LONGITUDE:  94 30 W

[TEMPERATURE DATA]      [PRECIPITATION DATA]       SYMBOLS USED IN COLUMN 16

AVERAGE MONTHLY: 66.6   TOTAL FOR MONTH:   7.32    1 = FOG OR MIST
DPTR FM NORMAL:   0.1   DPTR FM NORMAL:    2.16    2 = FOG REDUCING VISIBILITY
HIGHEST:    87 ON 18    GRTST 24HR  1.97 ON 19-19      TO 1/4 MILE OR LESS
LOWEST:     41 ON  4                               3 = THUNDER
                        SNOW, ICE PELLETS, HAIL    4 = ICE PELLETS
                        TOTAL MONTH:    M          5 = HAIL
                        GRTST 24HR    M  ON   M    6 = FREEZING RAIN OR DRIZZLE
                        GRTST DEPTH:  M  ON   M    7 = DUSTSTORM OR SANDSTORM:
                                                       VSBY 1/2 MILE OR LESS
                                                   8 = SMOKE OR HAZE
[NO. OF DAYS WITH]      [WEATHER - DAYS WITH]      9 = BLOWING SNOW
                                                   X = TORNADO
MAX 32 OR BELOW:   0    0.01 INCH OR MORE:  11
MAX 90 OR ABOVE:   0    0.10 INCH OR MORE:   8
MIN 32 OR BELOW:   0    0.50 INCH OR MORE:   6
MIN  0 OR BELOW:   0    1.00 INCH OR MORE:   2

[HDD (BASE 65) ]
TOTAL THIS MO.    62    CLEAR  (SCALE 0-3)  16
DPTR FM NORMAL    -1    PTCLDY (SCALE 4-7)  11
TOTAL FM JUL 1  3169    CLOUDY (SCALE 8-10)  1
DPTR FM NORMAL  -897

[CDD (BASE 65) ]
TOTAL THIS MO.   113
DPTR FM NORMAL     6    [PRESSURE DATA]
TOTAL FM JAN 1   187    HIGHEST SLP M ON M
DPTR FM NORMAL    26    LOWEST  SLP 29.53 ON 17

[REMARKS]
