000
CXHW50 PHFO 011250
CF6JRF
PRELIMINARY LOCAL CLIMATOLOGICAL DATA (WS FORM: F-6)

                                          STATION:   KALAELOA ARPT/OAHU HI
                                          MONTH:     FEBRUARY
                                          YEAR:      2017
                                          LATITUDE:   21 19 N
                                          LONGITUDE: 158  4 W

  TEMPERATURE IN F:       :PCPN:    SNOW:  WIND      :SUNSHINE: SKY     :PK WND
================================================================================
1   2   3   4   5  6A  6B    7    8   9   10  11  12  13   14  15   16   17  18
                                     12Z  AVG MX 2MIN
DY MAX MIN AVG DEP HDD CDD  WTR  SNW DPTH SPD SPD DIR MIN PSBL S-S WX    SPD DR
================================================================================

 1  82  58  70  -2   0   5    T  0.0    0  4.1 12 130   M    M   3        17  90
 2  80  60  70  -2   0   5 0.00  0.0    0  5.1 12 150   M    M   2        14 150
 3  82  64  73   1   0   8 0.00  0.0    0  7.0 15 150   M    M   3        21 150
 4  83  67  75   3   0  10    T  0.0    0  8.0 14 200   M    M   5        17 190
 5  85  75  80   8   0  15 0.04  0.0    0 15.4 25 230   M    M   4        34 230
 6  80  75  78   6   0  13 0.46  0.0    0 14.5 22 250   M    M   8 1      28 250
 7  83  68  76   4   0  11 0.00  0.0    0 10.3 20 300   M    M   2        25 280
 8  82  63  73   1   0   8 0.00  0.0    0  6.6 16 280   M    M   4        25 300
 9  81  61  71  -1   0   6 0.00  0.0    0  6.0 14 150   M    M   2        17 140
10  83  64  74   2   0   9 0.00  0.0    0  9.1 20 190   M    M   3        26 190
11  78  70  74   2   0   9 2.61  0.0    0 10.9 26 270   M    M   8 1      38 260
12  82  73  78   6   0  13    T  0.0    0  9.8 17 260   M    M   3        22 240
13  84  75  80   8   0  15    T  0.0    0 12.6 18 240   M    M   2        23 240
14  84  77  81   9   0  16    T  0.0    0 12.3 18 250   M    M   8        22 230
15  84  75  80   8   0  15 0.01  0.0    0  8.3 16 270   M    M   7        21 260
16  88  72  80   8   0  15    T  0.0    0  6.0 13 140   M    M   4        17 120
17  83  69  76   4   0  11    T  0.0    0  4.7 12 210   M    M   2        14 200
18  86  66  76   4   0  11    T  0.0    0  7.9 22 300   M    M   3        26  40
19  81  70  76   4   0  11    T  0.0    0  9.5 16  40   M    M   2        24  40
20  81  68  75   3   0  10    T  0.0    0  9.3 16  50   M    M   1        28  80
21  80  67  74   2   0   9 0.08  0.0    0  6.8 16  90   M    M   4        26  70
22  83  67  75   3   0  10    T  0.0    0  7.9 17  50   M    M   0        28  50
23  82  63  73   1   0   8    T  0.0    0  6.3 15  50   M    M   1        23  60
24  82  66  74   1   0   9 0.00  0.0    0  7.2 14  70   M    M   1        22  30
25  78  65  72  -1   0   7    T  0.0    0  4.6 10 150   M    M   0        12 160
26  82  66  74   1   0   9    T  0.0    0  6.1 16 140   M    M   4        22 140
27  86  66  76   3   0  11    T  0.0    0  6.2 15 120   M    M   2        24 140
28  79  70  75   2   0  10 0.55  0.0    0  5.5 15 180   M    M   8 1      19 180
================================================================================
SM 2304 1900         0 289  3.75     0.0 228.0          M       96
================================================================================
AV 82.3 67.9                               8.1 FASTST   M    M   3    MAX(MPH)
                                 MISC ---->  # 26 270               # 38  260
================================================================================
NOTES:
# LAST OF SEVERAL OCCURRENCES

COLUMN 17 PEAK WIND IN M.P.H.

PRELIMINARY LOCAL CLIMATOLOGICAL DATA (WS FORM: F-6) , PAGE 2

                                          STATION:  KALAELOA ARPT/OAHU HI
                                          MONTH:    FEBRUARY
                                          YEAR:     2017
                                          LATITUDE:   21 19 N
                                          LONGITUDE: 158  4 W

[TEMPERATURE DATA]      [PRECIPITATION DATA]       SYMBOLS USED IN COLUMN 16

AVERAGE MONTHLY: 75.1   TOTAL FOR MONTH:   3.75    1 = FOG OR MIST
DPTR FM NORMAL:   2.7   DPTR FM NORMAL:    1.70    2 = FOG REDUCING VISIBILITY
HIGHEST:    88 ON 16    GRTST 24HR  2.61 ON 11-11      TO 1/4 MILE OR LESS
LOWEST:     58 ON  1                               3 = THUNDER
                        SNOW, ICE PELLETS, HAIL    4 = ICE PELLETS
                        TOTAL MONTH:   0.0 INCH    5 = HAIL
                        GRTST 24HR     0.0         6 = FREEZING RAIN OR DRIZZLE
                        GRTST DEPTH:   0           7 = DUSTSTORM OR SANDSTORM:
                                                       VSBY 1/2 MILE OR LESS
                                                   8 = SMOKE OR HAZE
[NO. OF DAYS WITH]      [WEATHER - DAYS WITH]      9 = BLOWING SNOW
                                                   X = TORNADO
MAX 32 OR BELOW:   0    0.01 INCH OR MORE:   6
MAX 90 OR ABOVE:   0    0.10 INCH OR MORE:   3
MIN 32 OR BELOW:   0    0.50 INCH OR MORE:   2
MIN  0 OR BELOW:   0    1.00 INCH OR MORE:   1

[HDD (BASE 65) ]
TOTAL THIS MO.     0    CLEAR  (SCALE 0-3)  15
DPTR FM NORMAL     0    PTCLDY (SCALE 4-7)  12
TOTAL FM JUL 1     0    CLOUDY (SCALE 8-10)  1
DPTR FM NORMAL     0

[CDD (BASE 65) ]
TOTAL THIS MO.   289
DPTR FM NORMAL    80    [PRESSURE DATA]
TOTAL FM JAN 1   566    HIGHEST SLP 30.32 ON 21
DPTR FM NORMAL   118    LOWEST  SLP 29.76 ON  6

[REMARKS]
#FINAL-02-17#
