000
CXUS55 KCTP 291131
CF6JST
PRELIMINARY LOCAL CLIMATOLOGICAL DATA (WS FORM: F-6)

                                          STATION:   JOHNSTOWN
                                          MONTH:     AUGUST
                                          YEAR:      2014
                                          LATITUDE:   40 18 N
                                          LONGITUDE:  78 50 W

  TEMPERATURE IN F:       :PCPN:    SNOW:  WIND      :SUNSHINE: SKY     :PK WND
================================================================================
1   2   3   4   5  6A  6B    7    8   9   10  11  12  13   14  15   16   17  18
                                     12Z  AVG MX 2MIN
DY MAX MIN AVG DEP HDD CDD  WTR  SNW DPTH SPD SPD DIR MIN PSBL S-S WX    SPD DR
================================================================================

 1  75  57  66  -3   0   1 0.00    M    M  6.2 16 160   M    M   2 1      22 170
 2  76  59  68  -1   0   3 0.04    M    M  5.4 14 160   M    M   7 13     18 140
 3  72  59  66  -3   0   1 0.04    M    M  5.5 15 290   M    M   6 12     20 310
 4  77  56  67  -2   0   2 0.00    M    M  4.6 10 300   M    M   2 1      16 330
 5  79  58  69   0   0   4 0.00    M    M  6.1 20 330   M    M   1        26 320
 6  74  59  67  -2   0   2    T  0.0    0  6.2 14 310   M    M   5 1      18 320
 7  73  55  64  -5   1   0 0.00  0.0    0  6.4 14 320   M    M   1        19 290
 8  75  52  64  -5   1   0 0.00  0.0    0  3.7 12  40   M    M   2        15  30
 9  77  58  68  -1   0   3 0.00  0.0    0  5.0 14 160   M    M   3        17 170
10  78  59  69   0   0   4 0.00  0.0    0  6.2 15 170   M    M   1 18     20 160
11  71  61  66  -3   0   1 0.01  0.0    0 13.8 23 160   M    M   7        33 160
12  73  62  68  -1   0   3 1.06  0.0    0 11.6 21 290   M    M   9 13     29 180
13  66  54  60  -9   5   0 0.05  0.0    0 10.8 21 280   M    M   8 1      27 290
14  69  49  59  -9   6   0 0.00    M    M  9.4 21 290   M    M   3        29 270
15  65  46  56 -12   9   0 0.00    M    M  8.5 18 310   M    M   2        23 310
16  72  47  60  -8   5   0 0.00  0.0    0  8.5 18 230   M    M   0        23 230
17  74  63  69   1   0   4 0.08  0.0    0  8.5 17 290   M    M   7 12     23 290
18  77  58  68   0   0   3    T  0.0    0  3.2 10 170   M    M   7 1      14 150
19  76  63  70   2   0   5 0.27  0.0    0  6.3 12 160   M    M   7 13     16 160
20  78  64  71   3   0   6 0.67    M    M  5.5 15 220   M    M   5 123    19 220
21  78  64  71   3   0   6    T    M    M  8.2 16 250   M    M   4 13     20 240
22  75  66  71   4   0   6 0.37    M    M  3.1 10 280   M    M   9 13     14 280
23  75  62  69   2   0   4    T    M    M  5.3 10 160   M    M  10 18     15  80
24  72  58  65  -2   0   0 0.01    M    M  6.3 15 160   M    M   6 1      20 160
25  74  56  65  -2   0   0 0.00    M    M  5.8 14 160   M    M   1        18 160
26  79  56  68   1   0   3 0.00    M  999  5.4 10 200   M    M   0        12 200
27  82  60  71   5   0   6 0.80    M    M  8.1 20 310   M    M   2 13     25 350
28  69  55  62  -4   3   0 0.00    M    M  9.2 18 300   M    M   3 1      24 320
================================================================================
SM 2081 1616        30  67  3.40     0.0 192.8          M      120
================================================================================
AV 74.3 57.7                               6.9 FASTST   M    M   4    MAX(MPH)
                                 MISC ---->  # 23 160               # 33  160
================================================================================
NOTES:
# LAST OF SEVERAL OCCURRENCES

COLUMN 17 PEAK WIND IN M.P.H.

PRELIMINARY LOCAL CLIMATOLOGICAL DATA (WS FORM: F-6) , PAGE 2

                                          STATION:  JOHNSTOWN
                                          MONTH:    AUGUST
                                          YEAR:     2014
                                          LATITUDE:   40 18 N
                                          LONGITUDE:  78 50 W

[TEMPERATURE DATA]      [PRECIPITATION DATA]       SYMBOLS USED IN COLUMN 16

AVERAGE MONTHLY: 66.0   TOTAL FOR MONTH:   3.40    1 = FOG OR MIST
DPTR FM NORMAL:  -2.1   DPTR FM NORMAL:   -0.08    2 = FOG REDUCING VISIBILITY
HIGHEST:    82 ON 27    GRTST 24HR  1.06 ON 12-12      TO 1/4 MILE OR LESS
LOWEST:     46 ON 15                               3 = THUNDER
                        SNOW, ICE PELLETS, HAIL    4 = ICE PELLETS
                        TOTAL MONTH:   0.0 INCH    5 = HAIL
                        GRTST 24HR     0.0         6 = FREEZING RAIN OR DRIZZLE
                        GRTST DEPTH: 999 ON 26     7 = DUSTSTORM OR SANDSTORM:
                                                       VSBY 1/2 MILE OR LESS
                                                   8 = SMOKE OR HAZE
[NO. OF DAYS WITH]      [WEATHER - DAYS WITH]      9 = BLOWING SNOW
                                                   X = TORNADO
MAX 32 OR BELOW:   0    0.01 INCH OR MORE:  11
MAX 90 OR ABOVE:   0    0.10 INCH OR MORE:   5
MIN 32 OR BELOW:   0    0.50 INCH OR MORE:   3
MIN  0 OR BELOW:   0    1.00 INCH OR MORE:   1

[HDD (BASE 65) ]
TOTAL THIS MO.    30    CLEAR  (SCALE 0-3)  14
DPTR FM NORMAL     6    PTCLDY (SCALE 4-7)  11
TOTAL FM JUL 1    79    CLOUDY (SCALE 8-10)  3
DPTR FM NORMAL    42

[CDD (BASE 65) ]
TOTAL THIS MO.    67
DPTR FM NORMAL   -44    [PRESSURE DATA]
TOTAL FM JAN 1   285    HIGHEST SLP M ON M
DPTR FM NORMAL   -69    LOWEST  SLP 29.73 ON 13

[REMARKS]
