000
CXUS53 KGRR 271017
CF6JXN
PRELIMINARY LOCAL CLIMATOLOGICAL DATA (WS FORM: F-6)

                                          STATION:   JACKSON
                                          MONTH:     APRIL
                                          YEAR:      2017
                                          LATITUDE:   42 16 N
                                          LONGITUDE:  84 28 W

  TEMPERATURE IN F:       :PCPN:    SNOW:  WIND      :SUNSHINE: SKY     :PK WND
================================================================================
1   2   3   4   5  6A  6B    7    8   9   10  11  12  13   14  15   16   17  18
                                     12Z  AVG MX 2MIN
DY MAX MIN AVG DEP HDD CDD  WTR  SNW DPTH SPD SPD DIR MIN PSBL S-S WX    SPD DR
================================================================================

 1  57  34  46   4  19   0 0.00    M    M  6.6 15 350   M    M   3        22 360
 2  59  32  46   3  19   0    T    M    M  5.1 15 210   M    M   4        21 200
 3  55  46  51   8  14   0 0.33    M    M  9.0 17 120   M    M   7 1      22 120
 4  57  42  50   7  15   0 0.07    M    M 13.0 26 250   M    M  10 1      34 250
 5  46  33  40  -4  25   0 0.90    M    M  9.8 22  30   M    M   6 1      29  80
 6  40  33  37  -7  28   0 0.53    M    M 18.6 30 330   M    M  10 1      48 330
 7  53  33  43  -2  22   0    T    M    M 13.5 23 300   M    M   2 1      29 360
 8  61  29  45   0  20   0 0.00    M    M  7.4 20 240   M    M   0        26 210
 9  75  50  63  17   2   0 0.00    M    M 14.6 28 230   M    M   0        35 190
10  75  59  67  21   0   2 0.36    M    M 13.5 29 240   M    M   3 13     37 230
11  60  44  52   6  13   0 0.00    M    M 10.6 21 270   M    M   8 1      32 280
12  59  40  50   3  15   0 0.00    M    M  6.5 16 300   M    M   4        21 300
13  54  45  50   3  15   0    T    M    M  9.3 16 110   M    M   8        19  90
14  65  42  54   7  11   0 0.00    M    M 11.2 18 120   M    M   5        23 120
15  81  50  66  18   0   1    T    M    M 14.6 36 230   M    M   3        46 230
16  70  53  62  14   3   0    T    M    M 14.5 25 250   M    M   3        32 280
17  71  40  56   8   9   0 0.00    M    M  7.7 20 330   M    M   3        26 320
18  69  41  55   6  10   0 0.00    M    M 12.0 21 150   M    M   3        25 130
19  73  53  63  14   2   0 0.43    M    M  8.6 20 330   M    M   7 138    27 310
20  73  51  62  12   3   0 0.81    M    M 10.9 29 290   M    M   8 138    40 300
21  53  43  48  -2  17   0 0.00    M    M 12.7 20 310   M    M   9        28 290
22  60  37  49  -1  16   0 0.00    M    M  6.1 17  20   M    M   0        25  40
23  70  33  52   1  13   0 0.00    M    0  2.8 12 320   M    M   0        15 320
24  70  40  55   4  10   0 0.00    M    M  8.5 20 110   M    M   0        25 120
25  73  52  63  12   2   0 0.00    M    M 11.0 18 130   M    M   4        26 130
26  81  56  69  17   0   4 0.22  0.0    0 13.3 30 170   M    M   2 3      37 180
================================================================================
SM 1660 1111       303   7  3.65     0.0 271.4          M      112
================================================================================
AV 63.9 42.7                              10.4 FASTST   M    M   4    MAX(MPH)
                                 MISC ---->  # 36 230               # 48  330
================================================================================
NOTES:
# LAST OF SEVERAL OCCURRENCES

COLUMN 17 PEAK WIND IN M.P.H.

PRELIMINARY LOCAL CLIMATOLOGICAL DATA (WS FORM: F-6) , PAGE 2

                                          STATION:  JACKSON
                                          MONTH:    APRIL
                                          YEAR:     2017
                                          LATITUDE:   42 16 N
                                          LONGITUDE:  84 28 W

[TEMPERATURE DATA]      [PRECIPITATION DATA]       SYMBOLS USED IN COLUMN 16

AVERAGE MONTHLY: 53.3   TOTAL FOR MONTH:   3.65    1 = FOG OR MIST
DPTR FM NORMAL:   6.2   DPTR FM NORMAL:    1.40    2 = FOG REDUCING VISIBILITY
HIGHEST:    81 ON 26,15 GRTST 24HR  1.34 ON  5- 6      TO 1/4 MILE OR LESS
LOWEST:     29 ON  8                               3 = THUNDER
                        SNOW, ICE PELLETS, HAIL    4 = ICE PELLETS
                        TOTAL MONTH:   0.0 INCH    5 = HAIL
                        GRTST 24HR     0.0         6 = FREEZING RAIN OR DRIZZLE
                        GRTST DEPTH:   0           7 = DUSTSTORM OR SANDSTORM:
                                                       VSBY 1/2 MILE OR LESS
                                                   8 = SMOKE OR HAZE
[NO. OF DAYS WITH]      [WEATHER - DAYS WITH]      9 = BLOWING SNOW
                                                   X = TORNADO
MAX 32 OR BELOW:   0    0.01 INCH OR MORE:   8
MAX 90 OR ABOVE:   0    0.10 INCH OR MORE:   7
MIN 32 OR BELOW:   2    0.50 INCH OR MORE:   3
MIN  0 OR BELOW:   0    1.00 INCH OR MORE:   0

[HDD (BASE 65) ]
TOTAL THIS MO.   303    CLEAR  (SCALE 0-3)  12
DPTR FM NORMAL  -167    PTCLDY (SCALE 4-7)  11
TOTAL FM JUL 1  5227    CLOUDY (SCALE 8-10)  3
DPTR FM NORMAL -1067

[CDD (BASE 65) ]
TOTAL THIS MO.     7
DPTR FM NORMAL     7    [PRESSURE DATA]
TOTAL FM JAN 1     7    HIGHEST SLP M ON M
DPTR FM NORMAL     7    LOWEST  SLP 29.27 ON  4

[REMARKS]
