000
CXUS53 KGID 220730
CF6JYR
PRELIMINARY LOCAL CLIMATOLOGICAL DATA (WS FORM: F-6)

                                          STATION:   YORK
                                          MONTH:     MAY
                                          YEAR:      2015
                                          LATITUDE:   40 54 N
                                          LONGITUDE:  97 37 W

  TEMPERATURE IN F:       :PCPN:    SNOW:  WIND      :SUNSHINE: SKY     :PK WND
================================================================================
1   2   3   4   5  6A  6B    7    8   9   10  11  12  13   14  15   16   17  18
                                     12Z  AVG MX 2MIN
DY MAX MIN AVG DEP HDD CDD  WTR  SNW DPTH SPD SPD DIR MIN PSBL S-S WX    SPD DR
================================================================================

 1  77  52  65   M   0   0 0.01    M    M  8.1 16 180   M    M   2        23 180
 2  84  59  72   M   0   7 0.14    M    M 13.4 21 190   M    M   3 3      29 190
 3  93  59  76   M   0  11 0.00    M    M 12.4 25  50   M    M   0        30  50
 4  64  54  59   M   6   0 0.45    M    M 14.7 24  50   M    M   8 123    30  30
 5  75  57  66   M   0   1 0.06    M    M  9.4 17 140   M    M   8 12     24 150
 6  68  59  64   M   1   0 0.92    M    M 15.3 23 160   M    M   8 3      27 160
 7  68  54  61   M   4   0 0.42    M    M 13.5 21 200   M    M   9 3      25 180
 8  61  48  55   M  10   0 0.00    M    M  9.5 15  10   M    M   9        20  10
 9  64  50  57   M   8   0 0.02    M    M 12.7 20  60   M    M  10 13     21  60
10  66  41  54   M  11   0 0.66    M    M 16.3 27 260   M    M   7 13     32 280
11  54  39  47   M  18   0 0.00    M    M 19.2 29 310   M    M   7        36 310
12  70  36  53   M  12   0 0.00    M    M 10.6 18 180   M    M   0        25 170
13  72  46  59   M   6   0 0.59    M    M 16.0 23 160   M    M   3        30 170
14  68  54  61   M   4   0 0.27    M    M  8.2 14 130   M    M   7 1      18 130
15  73  55  64   M   1   0 0.03    M    M  9.8 21 130   M    M   2        30 130
16  73  59  66   M   0   1 0.27    M    M 14.6 22 190   M    M   3 3      31 190
17  75  55  65   M   0   0 0.22    M    M 11.5 23 290   M    M   6 3      28 280
18  61  45  53   M  12   0 0.00    M    M 11.5 18 340   M    M   2        25 340
19  46  39  43   M  22   0 0.07    M    M 11.0 18  60   M    M   6        18  40
20  50  41  46   M  19   0 0.05    M    M  9.6 15  20   M    M   9 1      21  20
21  66  37  52   M  13   0 0.00    M    M  5.0 13 320   M    M   0        16 340
================================================================================
SM 1428 1039       147  20  4.18    M    252.3          M      109
================================================================================
AV 68.0 49.5                              12.0 FASTST   M    M   5    MAX(MPH)
                                 MISC ---->    29   M                 36    M
================================================================================
NOTES:
# LAST OF SEVERAL OCCURRENCES

COLUMN 17 PEAK WIND IN M.P.H.

PRELIMINARY LOCAL CLIMATOLOGICAL DATA (WS FORM: F-6) , PAGE 2

                                          STATION:  YORK
                                          MONTH:    MAY
                                          YEAR:     2015
                                          LATITUDE:   40 54 N
                                          LONGITUDE:  97 37 W

[TEMPERATURE DATA]      [PRECIPITATION DATA]       SYMBOLS USED IN COLUMN 16

AVERAGE MONTHLY: 58.7   TOTAL FOR MONTH:   4.18    1 = FOG OR MIST
DPTR FM NORMAL:     M   DPTR FM NORMAL:       M    2 = FOG REDUCING VISIBILITY
HIGHEST:    93 ON  3    GRTST 24HR  0.92 ON  6- 6      TO 1/4 MILE OR LESS
LOWEST:     36 ON 12                               3 = THUNDER
                        SNOW, ICE PELLETS, HAIL    4 = ICE PELLETS
                        TOTAL MONTH:    M          5 = HAIL
                        GRTST 24HR    M  ON   M    6 = FREEZING RAIN OR DRIZZLE
                        GRTST DEPTH:  M  ON   M    7 = DUSTSTORM OR SANDSTORM:
                                                       VSBY 1/2 MILE OR LESS
                                                   8 = SMOKE OR HAZE
[NO. OF DAYS WITH]      [WEATHER - DAYS WITH]      9 = BLOWING SNOW
                                                   X = TORNADO
MAX 32 OR BELOW:   0    0.01 INCH OR MORE:  15
MAX 90 OR ABOVE:   1    0.10 INCH OR MORE:   9
MIN 32 OR BELOW:   0    0.50 INCH OR MORE:   3
MIN  0 OR BELOW:   0    1.00 INCH OR MORE:   0

[HDD (BASE 65) ]
TOTAL THIS MO.   147    CLEAR  (SCALE 0-3)   9
DPTR FM NORMAL     M    PTCLDY (SCALE 4-7)   8
TOTAL FM JUL 1  5945    CLOUDY (SCALE 8-10)  4
DPTR FM NORMAL     M

[CDD (BASE 65) ]
TOTAL THIS MO.    20
DPTR FM NORMAL     M    [PRESSURE DATA]
TOTAL FM JAN 1    22    HIGHEST SLP M ON M
DPTR FM NORMAL     M    LOWEST  SLP M ON M

[REMARKS]
