000
CXHW53 PHFO 291250
CF6KOA
PRELIMINARY LOCAL CLIMATOLOGICAL DATA (WS FORM: F-6)

                                          STATION:   KONA HI
                                          MONTH:     AUGUST
                                          YEAR:      2014
                                          LATITUDE:   19 38 N
                                          LONGITUDE: 156  0 W

  TEMPERATURE IN F:       :PCPN:    SNOW:  WIND      :SUNSHINE: SKY     :PK WND
================================================================================
1   2   3   4   5  6A  6B    7    8   9   10  11  12  13   14  15   16   17  18
                                     12Z  AVG MX 2MIN
DY MAX MIN AVG DEP HDD CDD  WTR  SNW DPTH SPD SPD DIR MIN PSBL S-S WX    SPD DR
================================================================================

 1  88  75  82   1   0  17 0.01  0.0    0  7.4 15 170   M    M   4        20 140
 2  88  77  83   2   0  18 0.00  0.0    0  6.6 12 270   M    M   5        14 280
 3  88  78  83   2   0  18 0.00  0.0    0  8.1 17 190   M    M   6        22 200
 4  88  77  83   2   0  18 0.00  0.0    0  7.5 14 190   M    M   4        17 190
 5  88  77  83   2   0  18 0.00  0.0    0  8.1 16 200   M    M   3        20 200
 6  85  77  81   0   0  16 0.00  0.0    0  5.7 10 200   M    M   6        13 190
 7  95  76  86   5   0  21    T  0.0    0 11.5 37  30   M    M   3        45  20
 8  89  75  82   1   0  17 0.04  0.0    0 12.9 33 140   M    M   8 1      39 150
 9  88  78  83   2   0  18    T  0.0    0  8.9 18 180   M    M   7        22 180
10  89  77  83   2   0  18    T  0.0    0  6.5 14 330   M    M   5        17 320
11  87  76  82   1   0  17 0.00  0.0    0  8.5 16 150   M    M   2        20 140
12  89  77  83   2   0  18    T  0.0    0  8.1 17 160   M    M   6        23 170
13  88  76  82   1   0  17 0.00  0.0    0  7.4 14 150   M    M   3        17 140
14  88  77  83   2   0  18    T  0.0    0  8.2 17 220   M    M   6        21 220
15  88  73  81   0   0  16 0.00  0.0    0  6.9 16 130   M    M   2        17 140
16  87  77  82   1   0  17    T  0.0    0  8.6 20  60   M    M   4        24  60
17  88  75  82   1   0  17 0.00  0.0    0  7.2 13 170   M    M   3        16 200
18  88  76  82   1   0  17 0.15  0.0    0  8.2 16 220   M    M   6        21 220
19  87  72  80  -1   0  15    T  0.0    0  7.6 20 180   M    M   6        23 180
20  87  74  81   0   0  16 0.00  0.0    0  7.1 13 240   M    M   3        17 110
21  87  75  81   0   0  16 0.00  0.0    0  8.6 18 350   M    M   1        23 340
22  88  76  82   1   0  17 0.00  0.0    0  9.6 26  50   M    M   3        32  50
23  89  75  82   1   0  17    T  0.0    0  9.8 20 180   M    M   4        24 180
24  88  74  81   0   0  16 0.03  0.0    0  5.6 15 220   M    M   4        20 190
25  88  73  81   0   0  16 0.00  0.0    0  9.1 16 170   M    M   6        22 150
26  87  74  81   0   0  16 0.07  0.0    0  9.2 18 180   M    M   5        23 180
27  88  72  80  -1   0  15 0.00  0.0    0  8.6 22  40   M    M   2        29  40
28  88  73  81   0   0  16 0.00  0.0    0  8.3 15 170   M    M   3        20  30
================================================================================
SM 2466 2112         0 476  0.30     0.0 229.8          M      120
================================================================================
AV 88.1 75.4                               8.2 FASTST   M    M   4    MAX(MPH)
                                 MISC ---->  # 37  30               # 45   20
================================================================================
NOTES:
# LAST OF SEVERAL OCCURRENCES

COLUMN 17 PEAK WIND IN M.P.H.

PRELIMINARY LOCAL CLIMATOLOGICAL DATA (WS FORM: F-6) , PAGE 2

                                          STATION:  KONA HI
                                          MONTH:    AUGUST
                                          YEAR:     2014
                                          LATITUDE:   19 38 N
                                          LONGITUDE: 156  0 W

[TEMPERATURE DATA]      [PRECIPITATION DATA]       SYMBOLS USED IN COLUMN 16

AVERAGE MONTHLY: 81.8   TOTAL FOR MONTH:   0.30    1 = FOG OR MIST
DPTR FM NORMAL:   0.8   DPTR FM NORMAL:   -0.94    2 = FOG REDUCING VISIBILITY
HIGHEST:    95 ON  7    GRTST 24HR  0.15 ON 18-18      TO 1/4 MILE OR LESS
LOWEST:     72 ON 27,19                            3 = THUNDER
                        SNOW, ICE PELLETS, HAIL    4 = ICE PELLETS
                        TOTAL MONTH:   0.0 INCH    5 = HAIL
                        GRTST 24HR     0.0         6 = FREEZING RAIN OR DRIZZLE
                        GRTST DEPTH:   0           7 = DUSTSTORM OR SANDSTORM:
                                                       VSBY 1/2 MILE OR LESS
                                                   8 = SMOKE OR HAZE
[NO. OF DAYS WITH]      [WEATHER - DAYS WITH]      9 = BLOWING SNOW
                                                   X = TORNADO
MAX 32 OR BELOW:   0    0.01 INCH OR MORE:   5
MAX 90 OR ABOVE:   1    0.10 INCH OR MORE:   1
MIN 32 OR BELOW:   0    0.50 INCH OR MORE:   0
MIN  0 OR BELOW:   0    1.00 INCH OR MORE:   0

[HDD (BASE 65) ]
TOTAL THIS MO.     0    CLEAR  (SCALE 0-3)   8
DPTR FM NORMAL     0    PTCLDY (SCALE 4-7)  20
TOTAL FM JUL 1     0    CLOUDY (SCALE 8-10)  0
DPTR FM NORMAL     0

[CDD (BASE 65) ]
TOTAL THIS MO.   476
DPTR FM NORMAL    28    [PRESSURE DATA]
TOTAL FM JAN 1  3297    HIGHEST SLP M ON M
DPTR FM NORMAL   290    LOWEST  SLP 29.86 ON 28

[REMARKS]
