000
CXHW53 PHFO 311250
CF6KOA
PRELIMINARY LOCAL CLIMATOLOGICAL DATA (WS FORM: F-6)

                                          STATION:   KONA HI
                                          MONTH:     JULY
                                          YEAR:      2015
                                          LATITUDE:   19 38 N
                                          LONGITUDE: 156  0 W

  TEMPERATURE IN F:       :PCPN:    SNOW:  WIND      :SUNSHINE: SKY     :PK WND
================================================================================
1   2   3   4   5  6A  6B    7    8   9   10  11  12  13   14  15   16   17  18
                                     12Z  AVG MX 2MIN
DY MAX MIN AVG DEP HDD CDD  WTR  SNW DPTH SPD SPD DIR MIN PSBL S-S WX    SPD DR
================================================================================

 1  88  79  84   4   0  19 0.00  0.0    0  7.5 14 150   M    M   6        16 150
 2  88  80  84   4   0  19    T  0.0    0  7.7 15 150   M    M   6        18 150
 3  87  77  82   2   0  17 0.00  0.0    0  8.8 14 180   M    M   6 8      16 180
 4  87  76  82   2   0  17    T  0.0    0  7.7 15 160   M    M   5        17 160
 5  87  75  81   1   0  16 0.00  0.0    0  7.1 13 240   M    M   2 8      15 230
 6  88  76  82   2   0  17 0.00  0.0    0  7.1 14 170   M    M   4        17 180
 7  87  76  82   2   0  17 0.00  0.0    0  7.1 15 220   M    M   3        18 220
 8  88  77  83   3   0  18 0.00  0.0    0  9.3 21  30   M    M   1        25  40
 9  89  76  83   3   0  18 0.00  0.0    0  7.0 14 200   M    M   3        17 190
10  88  77  83   3   0  18 0.00  0.0    0  6.4 14 200   M    M   4        16 200
11  88  78  83   3   0  18 0.00  0.0    0  6.6 13 180   M    M   3        18 220
12  88  80  84   4   0  19    T  0.0    0  7.3 13 200   M    M   5        15 200
13  89  80  85   5   0  20    T  0.0    0  7.8 15 160   M    M   6 8      18 160
14  88  78  83   3   0  18 0.00  0.0    0  7.6 15 110   M    M   9        20 170
15  88  76  82   2   0  17 0.00  0.0    0  8.0 16 140   M    M   6        21 140
16  88  78  83   3   0  18 0.00  0.0    0  7.0 15 190   M    M   5        18 190
17  88  78  83   3   0  18 0.00  0.0    0  7.2 21  40   M    M   3        25  30
18  89  76  83   3   0  18 0.00  0.0    0  8.6 17 180   M    M   3        22 160
19  89  78  84   4   0  19 0.00  0.0    0  8.1 21  20   M    M   6        25  20
20  88  78  83   3   0  18 0.00  0.0    0  6.9 15 180   M    M   7        20 180
21  88  79  84   4   0  19 0.00  0.0    0  8.0 16 200   M    M   5        20 200
22  88  78  83   3   0  18 0.25  0.0    0  8.2 14  50   M    M   3 1      20 190
23  89  74  82   2   0  17 0.03  0.0    0  8.1 20 150   M    M   3        25 160
24  89  77  83   3   0  18 0.00  0.0    0  7.1 12 180   M    M   6        18 210
25  87  77  82   2   0  17 0.00  0.0    0  5.6 13 140   M    M   7        16 200
26  88  76  82   2   0  17 0.00  0.0    0  7.6 14 150   M    M   6 8      17 140
27  90  78  84   4   0  19 0.00  0.0    0  9.5 21 180   M    M   3        24 180
28  89  78  84   4   0  19 0.00  0.0    0  5.2 13 270   M    M   1        15 270
29  89  76  83   2   0  18 0.00  0.0    0  8.1 13 130   M    M   2        17 220
30  90  79  85   4   0  20 0.00  0.0    0  7.5 18  30   M    M   5        24 360
================================================================================
SM 2647 2321         0 541  0.28     0.0 225.7          M      134
================================================================================
AV 88.2 77.4                               7.5 FASTST   M    M   4    MAX(MPH)
                                 MISC ---->  # 21  30               # 25   40
================================================================================
NOTES:
# LAST OF SEVERAL OCCURRENCES

COLUMN 17 PEAK WIND IN M.P.H.

PRELIMINARY LOCAL CLIMATOLOGICAL DATA (WS FORM: F-6) , PAGE 2

                                          STATION:  KONA HI
                                          MONTH:    JULY
                                          YEAR:     2015
                                          LATITUDE:   19 38 N
                                          LONGITUDE: 156  0 W

[TEMPERATURE DATA]      [PRECIPITATION DATA]       SYMBOLS USED IN COLUMN 16

AVERAGE MONTHLY: 82.8   TOTAL FOR MONTH:   0.28    1 = FOG OR MIST
DPTR FM NORMAL:   2.7   DPTR FM NORMAL:   -0.41    2 = FOG REDUCING VISIBILITY
HIGHEST:    90 ON 30,27 GRTST 24HR  0.28 ON 22-23      TO 1/4 MILE OR LESS
LOWEST:     74 ON 23                               3 = THUNDER
                        SNOW, ICE PELLETS, HAIL    4 = ICE PELLETS
                        TOTAL MONTH:   0.0 INCH    5 = HAIL
                        GRTST 24HR     0.0         6 = FREEZING RAIN OR DRIZZLE
                        GRTST DEPTH:   0           7 = DUSTSTORM OR SANDSTORM:
                                                       VSBY 1/2 MILE OR LESS
                                                   8 = SMOKE OR HAZE
[NO. OF DAYS WITH]      [WEATHER - DAYS WITH]      9 = BLOWING SNOW
                                                   X = TORNADO
MAX 32 OR BELOW:   0    0.01 INCH OR MORE:   2
MAX 90 OR ABOVE:   2    0.10 INCH OR MORE:   1
MIN 32 OR BELOW:   0    0.50 INCH OR MORE:   0
MIN  0 OR BELOW:   0    1.00 INCH OR MORE:   0

[HDD (BASE 65) ]
TOTAL THIS MO.     0    CLEAR  (SCALE 0-3)  11
DPTR FM NORMAL     0    PTCLDY (SCALE 4-7)  18
TOTAL FM JUL 1     0    CLOUDY (SCALE 8-10)  1
DPTR FM NORMAL     0

[CDD (BASE 65) ]
TOTAL THIS MO.   541
DPTR FM NORMAL    88    [PRESSURE DATA]
TOTAL FM JAN 1  2811    HIGHEST SLP M ON M
DPTR FM NORMAL   266    LOWEST  SLP 29.88 ON  1

[REMARKS]
