000
CXUS53 KIND 180730
CF6LAF
PRELIMINARY LOCAL CLIMATOLOGICAL DATA (WS FORM: F-6)

                                          STATION:   LAFAYETTE IN
                                          MONTH:     DECEMBER
                                          YEAR:      2017
                                          LATITUDE:   40 25 N
                                          LONGITUDE:  86 56 W

  TEMPERATURE IN F:       :PCPN:    SNOW:  WIND      :SUNSHINE: SKY     :PK WND
================================================================================
1   2   3   4   5  6A  6B    7    8   9   10  11  12  13   14  15   16   17  18
                                     12Z  AVG MX 2MIN
DY MAX MIN AVG DEP HDD CDD  WTR  SNW DPTH SPD SPD DIR MIN PSBL S-S WX    SPD DR
================================================================================

 1  51  24  38   2  27   0 0.00    M    M  1.1  7 260   M    M   0 1      12 290
 2  55  27  41   6  24   0 0.00    M    M  2.5 12 260   M    M   1        14 180
 3  59  26  43   8  22   0 0.00    M    M  3.3  9 220   M    M   0 1      15 210
 4  63  45  54  20  11   0 0.05    M    M 12.2 24 200   M    M   7 3      40 190
 5  56  26  41   7  24   0 0.05    M    M 15.7 32 260   M    M   1 1      42 270
 6  39  25  32  -1  33   0 0.00    M    M 11.4 25 280   M    M   5        34 270
 7  32  17  25  -8  40   0    T    M    M 11.8 22 290   M    M   6        30 280
 8  34  14  24  -9  41   0 0.00    M    M  7.3 15 230   M    M   0        21 240
 9  32  19  26  -6  39   0    T    M    M 10.4 23 310   M    M  10 1      31 330
10  39  16  28  -4  37   0 0.00    M    M  9.4 20 270   M    M   2        29 220
11  46  17  32   0  33   0 0.00    M    M  6.5 21 310   M    M   3        26 320
12  34  15  25  -6  40   0    T    M    M 12.7 28 320   M    M   3 168    38 330
13  41  17  29  -2  36   0    T    M    M 14.3 31 290   M    M   7 1      44 270
14  31  22  27  -3  38   0 0.00    M    M  6.0 22 340   M    M   7        28 330
15  34  19  27  -3  38   0 0.00    M    M  8.5 25 270   M    M   8        32 260
16  49  31  40  10  25   0 0.00    M    M  6.9 20 230   M    M   2        28 230
17  44  35  40  10  25   0 0.01    M    M  4.3  9 210   M    M   6        13 210
================================================================================
SM  739  395       533   0  0.11    M    144.3          M       68
================================================================================
AV 43.5 23.2                               8.5 FASTST   M    M   4    MAX(MPH)
                                 MISC ---->  # 32 260               # 44  270
================================================================================
NOTES:
# LAST OF SEVERAL OCCURRENCES

COLUMN 17 PEAK WIND IN M.P.H.

PRELIMINARY LOCAL CLIMATOLOGICAL DATA (WS FORM: F-6) , PAGE 2

                                          STATION:  LAFAYETTE IN
                                          MONTH:    DECEMBER
                                          YEAR:     2017
                                          LATITUDE:   40 25 N
                                          LONGITUDE:  86 56 W

[TEMPERATURE DATA]      [PRECIPITATION DATA]       SYMBOLS USED IN COLUMN 16

AVERAGE MONTHLY: 33.4   TOTAL FOR MONTH:   0.11    1 = FOG OR MIST
DPTR FM NORMAL:   0.9   DPTR FM NORMAL:   -1.36    2 = FOG REDUCING VISIBILITY
HIGHEST:    63 ON  4    GRTST 24HR  0.10 ON 30- 1      TO 1/4 MILE OR LESS
LOWEST:     14 ON  8                               3 = THUNDER
                        SNOW, ICE PELLETS, HAIL    4 = ICE PELLETS
                        TOTAL MONTH:    M          5 = HAIL
                        GRTST 24HR    M  ON   M    6 = FREEZING RAIN OR DRIZZLE
                        GRTST DEPTH:  M  ON   M    7 = DUSTSTORM OR SANDSTORM:
                                                       VSBY 1/2 MILE OR LESS
                                                   8 = SMOKE OR HAZE
[NO. OF DAYS WITH]      [WEATHER - DAYS WITH]      9 = BLOWING SNOW
                                                   X = TORNADO
MAX 32 OR BELOW:   3    0.01 INCH OR MORE:   3
MAX 90 OR ABOVE:   0    0.10 INCH OR MORE:   0
MIN 32 OR BELOW:  15    0.50 INCH OR MORE:   0
MIN  0 OR BELOW:   0    1.00 INCH OR MORE:   0

[HDD (BASE 65) ]
TOTAL THIS MO.   533    CLEAR  (SCALE 0-3)   8
DPTR FM NORMAL   -22    PTCLDY (SCALE 4-7)   8
TOTAL FM JUL 1  1578    CLOUDY (SCALE 8-10)  1
DPTR FM NORMAL   -78

[CDD (BASE 65) ]
TOTAL THIS MO.     0
DPTR FM NORMAL     0    [PRESSURE DATA]
TOTAL FM JAN 1   853    HIGHEST SLP M ON M
DPTR FM NORMAL  -130    LOWEST  SLP 29.44 ON 13

[REMARKS]
