000
CXUS55 KTBW 251000
CF6LAL
PRELIMINARY LOCAL CLIMATOLOGICAL DATA (WS FORM: F-6)

                                          STATION:   Lakeland Linder
                                          MONTH:     JULY
                                          YEAR:      2014
                                          LATITUDE:   28  0 N
                                          LONGITUDE:  82  3 W

  TEMPERATURE IN F:       :PCPN:    SNOW:  WIND      :SUNSHINE: SKY     :PK WND
================================================================================
1   2   3   4   5  6A  6B    7    8   9   10  11  12  13   14  15   16   17  18
                                     12Z  AVG MX 2MIN
DY MAX MIN AVG DEP HDD CDD  WTR  SNW DPTH SPD SPD DIR MIN PSBL S-S WX    SPD DR
================================================================================

 1  94  74  84   1   0  19 0.00  0.0    0  6.4 12  40   M    M   3        18 340
 2  94  74  84   1   0  19 0.00  0.0    0  4.6 14 360   M    M   5 3      21 360
 3  94  76  85   2   0  20 0.00  0.0    0  6.0 13 220   M    M   6 3      23 190
 4  93  73  83   0   0  18 0.43  0.0    0  3.8 10 150   M    M   4         M  M
 5  92  77  85   2   0  20 0.03  0.0    0  3.6 21 180   M    M   5 3      25 180
 6  89  72  81  -2   0  16 1.26  0.0    0  3.9 15 310   M    M   5 3      25 310
 7  83  70  77  -6   0  12 0.08  0.0    0  1.3  6 210   M    M   3 3       M  M
 8  90  70  80  -3   0  15 0.28  0.0    0  3.2 12 320   M    M   4         M  M
 9  91  70  81  -2   0  16 0.00  0.0    0  1.8 14 340   M    M   4 3      21 340
10  92  72  82  -1   0  17    T  0.0    0  1.8  6  70   M    M   5 3       M  M
11  92  73  83   0   0  18 0.12  0.0    0  3.2 10 310   M    M   5 13      M  M
12  91  75  83   0   0  18 0.23  0.0    0  3.3  8 280   M    M   6 13      M  M
13  93  73  83   0   0  18 0.19  0.0    0  4.1 15  90   M    M   5        22  90
14  93  75  84   1   0  19 0.00  0.0    0  3.4 14 300   M    M   3 3      21 300
15  92  73  83   0   0  18 0.58  0.0    0  4.7 12 340   M    M   4 3      24 340
16  85  72  79  -4   0  14 3.53  0.0    0  4.9 12 220   M    M   7 1      21 250
17  91  73  82  -1   0  17 0.19  0.0    0  4.9 12 320   M    M   6 3      16 320
18  91  71  81  -2   0  16 0.00  0.0    0  2.5  7 310   M    M   2         M  M
19  93  75  84   1   0  19 0.00  0.0    0  3.0 10 320   M    M   4         M  M
20  93  76  85   2   0  20 0.00  0.0    0  2.2 16 350   M    M   5 3      23 350
21  93  74  84   1   0  19 0.06  0.0    0  4.1 21 240   M    M   3        29 240
22  94  72  83   0   0  18 0.16  0.0    0  2.3  7 320   M    M   4 1       M  M
23  93  72  83  -1   0  18 0.10  0.0    0  2.5  8 310   M    M   4         M  M
24  93  73  83  -1   0  18    T  0.0    0  1.3 10 260   M    M   3        16 260
================================================================================
SM 2199 1755         0 422  7.24     0.0  82.8          M      105
================================================================================
AV 91.6 73.1                               3.5 FASTST   M    M   4    MAX(MPH)
                                 MISC ---->    21   M                 29    M
================================================================================
NOTES:
# LAST OF SEVERAL OCCURRENCES

COLUMN 17 PEAK WIND IN M.P.H.

PRELIMINARY LOCAL CLIMATOLOGICAL DATA (WS FORM: F-6) , PAGE 2

                                          STATION:  Lakeland Linder
                                          MONTH:    JULY
                                          YEAR:     2014
                                          LATITUDE:   28  0 N
                                          LONGITUDE:  82  3 W

[TEMPERATURE DATA]      [PRECIPITATION DATA]       SYMBOLS USED IN COLUMN 16

AVERAGE MONTHLY: 82.4   TOTAL FOR MONTH:   7.24    1 = FOG OR MIST
DPTR FM NORMAL:  -0.7   DPTR FM NORMAL:    1.10    2 = FOG REDUCING VISIBILITY
HIGHEST:    94 ON 22, 3 GRTST 24HR  3.53 ON 16-16      TO 1/4 MILE OR LESS
LOWEST:     70 ON  9, 8                            3 = THUNDER
                        SNOW, ICE PELLETS, HAIL    4 = ICE PELLETS
                        TOTAL MONTH:   0.0 INCH    5 = HAIL
                        GRTST 24HR     0.0         6 = FREEZING RAIN OR DRIZZLE
                        GRTST DEPTH:   0           7 = DUSTSTORM OR SANDSTORM:
                                                       VSBY 1/2 MILE OR LESS
                                                   8 = SMOKE OR HAZE
[NO. OF DAYS WITH]      [WEATHER - DAYS WITH]      9 = BLOWING SNOW
                                                   X = TORNADO
MAX 32 OR BELOW:   0    0.01 INCH OR MORE:  14
MAX 90 OR ABOVE:  21    0.10 INCH OR MORE:  11
MIN 32 OR BELOW:   0    0.50 INCH OR MORE:   3
MIN  0 OR BELOW:   0    1.00 INCH OR MORE:   2

[HDD (BASE 65) ]
TOTAL THIS MO.     0    CLEAR  (SCALE 0-3)   2
DPTR FM NORMAL     0    PTCLDY (SCALE 4-7)  22
TOTAL FM JUL 1     0    CLOUDY (SCALE 8-10)  0
DPTR FM NORMAL     0

[CDD (BASE 65) ]
TOTAL THIS MO.   422
DPTR FM NORMAL   -10    [PRESSURE DATA]
TOTAL FM JAN 1  1779    HIGHEST SLP M ON M
DPTR FM NORMAL  -120    LOWEST  SLP M ON M

[REMARKS]
