000
CXUS53 KGRR 251017
CF6LAN
PRELIMINARY LOCAL CLIMATOLOGICAL DATA (WS FORM: F-6)

                                          STATION:   LANSING
                                          MONTH:     SEPTEMBER
                                          YEAR:      2017
                                          LATITUDE:   42 46 N
                                          LONGITUDE:  84 36 W

  TEMPERATURE IN F:       :PCPN:    SNOW:  WIND      :SUNSHINE: SKY     :PK WND
================================================================================
1   2   3   4   5  6A  6B    7    8   9   10  11  12  13   14  15   16   17  18
                                     12Z  AVG MX 2MIN
DY MAX MIN AVG DEP HDD CDD  WTR  SNW DPTH SPD SPD DIR MIN PSBL S-S WX    SPD DR
================================================================================

 1  69  43  56 -11   9   0 0.00  0.0    0  7.6 18  60   M    M   0        24  40
 2  78  43  61  -6   4   0    T  0.0    0  5.8 14 280   M    M   1        17 290
 3  80  55  68   1   0   3 0.03  0.0    0  8.3 18 260   M    M   5        24 300
 4  85  55  70   4   0   5    T  0.0    0 12.6 29 260   M    M   3 18     39 260
 5  71  48  60  -6   5   0 0.10  0.0    0  9.4 24 280   M    M   3 1      29 270
 6  67  43  55 -11  10   0    T  0.0    0  4.6 17 260   M    M   3 1      20 260
 7  65  46  56  -9   9   0 0.16  0.0    0  6.5 21 240   M    M   5 13     26 250
 8  68  47  58  -7   7   0    T  0.0    0  5.2 15  40   M    M   4 1      19  30
 9  67  39  53 -12  12   0 0.00  0.0    0  3.7 14  80   M    M   1 1      19  60
10  71  39  55  -9  10   0 0.00  0.0    0  3.4 13  60   M    M   0 1      15  50
11  75  43  59  -5   6   0 0.00  0.0    0  2.1  9 140   M    M   0 1      12 160
12  79  45  62  -2   3   0 0.00  0.0    0  2.2  9  80   M    M   0 1      13  70
13  79  51  65   2   0   0 0.00  0.0    0  3.5 16 190   M    M   5 1      19 190
14  81  52  67   4   0   2 0.00  0.0    0  1.9  8 230   M    M   5 12     11 280
15  81  55  68   6   0   3 0.00  0.0    0  4.5 14 160   M    M   0 12     18 190
16  84  59  72  10   0   7 0.00  0.0    0  6.4 15 190   M    M   0        20 270
17  88  62  75  13   0  10 0.00  0.0    0  8.7 17 210   M    M   3 3      23 280
18  79  58  69   8   0   4 0.00  0.0    0  4.8  9  50   M    M   4 1      13 350
19  72  56  64   3   1   0 0.06  0.0    0  5.3 13  50   M    M   8 18     14  50
20  87  66  77  17   0  12 0.00  0.0    0  5.5 13 270   M    M   5 18     15 200
21  95  66  81  21   0  16 0.44  0.0    0  7.2 30 360   M    M   2 13     38 350
22  94  65  80  21   0  15 0.00  0.0    0  2.3  9 320   M    M   0 18     11 320
23  93  64  79  20   0  14 0.00  0.0    0  3.7 10 160   M    M   0        13 160
24  92  62  77  18   0  12 0.00  0.0    0  4.7 15 130   M    M   0        20 140
================================================================================
SM 1900 1262        76 103  0.79     0.0 129.9          M       57
================================================================================
AV 79.2 52.6                               5.4 FASTST   M    M   2    MAX(MPH)
                                 MISC ---->  # 30 360               # 39  260
================================================================================
NOTES:
# LAST OF SEVERAL OCCURRENCES

COLUMN 17 PEAK WIND IN M.P.H.

PRELIMINARY LOCAL CLIMATOLOGICAL DATA (WS FORM: F-6) , PAGE 2

                                          STATION:  LANSING
                                          MONTH:    SEPTEMBER
                                          YEAR:     2017
                                          LATITUDE:   42 46 N
                                          LONGITUDE:  84 36 W

[TEMPERATURE DATA]      [PRECIPITATION DATA]       SYMBOLS USED IN COLUMN 16

AVERAGE MONTHLY: 65.9   TOTAL FOR MONTH:   0.79    1 = FOG OR MIST
DPTR FM NORMAL:   2.7   DPTR FM NORMAL:   -2.03    2 = FOG REDUCING VISIBILITY
HIGHEST:    95 ON 21    GRTST 24HR  0.44 ON 21-21      TO 1/4 MILE OR LESS
LOWEST:     39 ON 10, 9                            3 = THUNDER
                        SNOW, ICE PELLETS, HAIL    4 = ICE PELLETS
                        TOTAL MONTH:   0.0 INCH    5 = HAIL
                        GRTST 24HR     0.0         6 = FREEZING RAIN OR DRIZZLE
                        GRTST DEPTH:   0           7 = DUSTSTORM OR SANDSTORM:
                                                       VSBY 1/2 MILE OR LESS
                                                   8 = SMOKE OR HAZE
[NO. OF DAYS WITH]      [WEATHER - DAYS WITH]      9 = BLOWING SNOW
                                                   X = TORNADO
MAX 32 OR BELOW:   0    0.01 INCH OR MORE:   5
MAX 90 OR ABOVE:   4    0.10 INCH OR MORE:   3
MIN 32 OR BELOW:   0    0.50 INCH OR MORE:   0
MIN  0 OR BELOW:   0    1.00 INCH OR MORE:   0

[HDD (BASE 65) ]
TOTAL THIS MO.    76    CLEAR  (SCALE 0-3)  14
DPTR FM NORMAL   -24    PTCLDY (SCALE 4-7)   9
TOTAL FM JUL 1   105    CLOUDY (SCALE 8-10)  1
DPTR FM NORMAL   -30

[CDD (BASE 65) ]
TOTAL THIS MO.   103
DPTR FM NORMAL    47    [PRESSURE DATA]
TOTAL FM JAN 1   737    HIGHEST SLP M ON M
DPTR FM NORMAL   124    LOWEST  SLP 29.63 ON  4

[REMARKS]
