000
CXUS54 KOUN 300700
CF6LAW
PRELIMINARY LOCAL CLIMATOLOGICAL DATA (WS FORM: F-6)

                                          STATION:   LAWTON MUNICIPAL
                                          MONTH:     APRIL
                                          YEAR:      2017
                                          LATITUDE:   34 34 N
                                          LONGITUDE:  98 25 W

  TEMPERATURE IN F:       :PCPN:    SNOW:  WIND      :SUNSHINE: SKY     :PK WND
================================================================================
1   2   3   4   5  6A  6B    7    8   9   10  11  12  13   14  15   16   17  18
                                     12Z  AVG MX 2MIN
DY MAX MIN AVG DEP HDD CDD  WTR  SNW DPTH SPD SPD DIR MIN PSBL S-S WX    SPD DR
================================================================================

 1  66  50  58  -1   7   0 0.88  0.0    0 10.6 23  10   M    M   7 13     29  20
 2  60  52  56  -3   9   0 0.06  0.0    0  9.5 24  40   M    M   8 1      28  40
 3  75  47  61   2   4   0 0.00  0.0    0  5.3 14 280   M    M   2 1      18 260
 4  78  47  63   4   2   0 0.00  0.0    0 12.6 22 350   M    M   1        29 320
 5  68  42  55  -5  10   0 0.00  0.0    0 11.8 28 350   M    M   2        36 350
 6  73  38  56  -4   9   0 0.00  0.0    0  3.0 12 160   M    M   0        16 160
 7  79  46  63   3   2   0 0.00  0.0    0 10.6 24 170   M    M   0        30 190
 8  85  53  69   9   0   4 0.00  0.0    0 14.5 25 170   M    M   0        33 170
 9  87  61  74  14   0   9 0.00  0.0    0 13.2 26 160   M    M   1        35 170
10  76  55  66   5   0   1 0.00  0.0    0 16.0 35  20   M    M   0        40  20
11  77  48  63   2   2   0 0.00  0.0    0  8.6 18  50   M    M   0        21  50
12  77  51  64   3   1   0 0.00  0.0    0  8.6 17 160   M    M   5 1      24 180
13  67  58  63   2   2   0 2.19  0.0    0  7.1 15 160   M    M   7 13     18 300
14  79  60  70   8   0   5 0.00  0.0    0 10.7 22 170   M    M   4        29 170
15  83  63  73  11   0   8 0.00  0.0    0 14.2 23 190   M    M   5        29 190
16  80  63  72  10   0   7 0.00  0.0    0  8.6 25 130   M    M   5        29 110
17  72  59  66   4   0   1 0.04  0.0    0  6.1 21 100   M    M   3 13     26 100
18  79  57  68   5   0   3 0.00  0.0    0  7.7 16 150   M    M   5 12     22 140
19  83  61  72   9   0   7 0.00  0.0    0 13.0 25 160   M    M   4 1      33 170
20  76  63  70   7   0   5    T  0.0    0 10.8 23  30   M    M   5 3      27  20
21  71  51  61  -2   4   0 0.06  0.0    0 15.4 39 360   M    M   8 13     48  10
22  64  43  54 -10  11   0 0.00  0.0    0 15.5 28 360   M    M   8        33 360
23  73  40  57  -7   8   0 0.00  0.0    0  5.9 13  10   M    M   0        16 350
24  80  45  63  -1   2   0 0.00  0.0    0 13.6 25 170   M    M   0        33 180
25  89  55  72   8   0   7 0.00  0.0    0 10.8 23 350   M    M   1        30 360
26  64  42  53 -12  12   0    T  0.0    0 14.8 31 360   M    M   6        39 360
27  76  38  57  -8   8   0 0.00  0.0    0 11.7 28 160   M    M   1        34 170
28  82  57  70   5   0   5 0.00  0.0    0  9.6 20 120   M    M   1        24  90
29  75  49  62  -4   3   0 0.10  0.0    0 15.0 40  20   M    M   9 13     50  10
================================================================================
SM 2194 1494        96  62  3.33     0.0 314.8          M       98
================================================================================
AV 75.7 51.5                              10.9 FASTST   M    M   3    MAX(MPH)
                                 MISC ---->  # 40  20               # 50   10
================================================================================
NOTES:
# LAST OF SEVERAL OCCURRENCES

COLUMN 17 PEAK WIND IN M.P.H.

PRELIMINARY LOCAL CLIMATOLOGICAL DATA (WS FORM: F-6) , PAGE 2

                                          STATION:  LAWTON MUNICIPAL
                                          MONTH:    APRIL
                                          YEAR:     2017
                                          LATITUDE:   34 34 N
                                          LONGITUDE:  98 25 W

[TEMPERATURE DATA]      [PRECIPITATION DATA]       SYMBOLS USED IN COLUMN 16

AVERAGE MONTHLY: 63.6   TOTAL FOR MONTH:   3.33    1 = FOG OR MIST
DPTR FM NORMAL:   1.6   DPTR FM NORMAL:    0.66    2 = FOG REDUCING VISIBILITY
HIGHEST:    89 ON 25    GRTST 24HR  2.19 ON 13-13      TO 1/4 MILE OR LESS
LOWEST:     38 ON 27, 6                            3 = THUNDER
                        SNOW, ICE PELLETS, HAIL    4 = ICE PELLETS
                        TOTAL MONTH:   0.0 INCH    5 = HAIL
                        GRTST 24HR     0.0         6 = FREEZING RAIN OR DRIZZLE
                        GRTST DEPTH:   0           7 = DUSTSTORM OR SANDSTORM:
                                                       VSBY 1/2 MILE OR LESS
                                                   8 = SMOKE OR HAZE
[NO. OF DAYS WITH]      [WEATHER - DAYS WITH]      9 = BLOWING SNOW
                                                   X = TORNADO
MAX 32 OR BELOW:   0    0.01 INCH OR MORE:   6
MAX 90 OR ABOVE:   0    0.10 INCH OR MORE:   3
MIN 32 OR BELOW:   0    0.50 INCH OR MORE:   2
MIN  0 OR BELOW:   0    1.00 INCH OR MORE:   1

[HDD (BASE 65) ]
TOTAL THIS MO.    96    CLEAR  (SCALE 0-3)  14
DPTR FM NORMAL   -48    PTCLDY (SCALE 4-7)  12
TOTAL FM JUL 1  2420    CLOUDY (SCALE 8-10)  3
DPTR FM NORMAL  -706

[CDD (BASE 65) ]
TOTAL THIS MO.    62
DPTR FM NORMAL     8    [PRESSURE DATA]
TOTAL FM JAN 1   118    HIGHEST SLP M ON M
DPTR FM NORMAL    46    LOWEST  SLP 29.31 ON 25

[REMARKS]
