000
CXUS54 KOUN 270800
CF6LAW
PRELIMINARY LOCAL CLIMATOLOGICAL DATA (WS FORM: F-6)

                                          STATION:   LAWTON MUNICIPAL
                                          MONTH:     MARCH
                                          YEAR:      2015
                                          LATITUDE:   34 34 N
                                          LONGITUDE:  98 25 W

  TEMPERATURE IN F:       :PCPN:    SNOW:  WIND      :SUNSHINE: SKY     :PK WND
================================================================================
1   2   3   4   5  6A  6B    7    8   9   10  11  12  13   14  15   16   17  18
                                     12Z  AVG MX 2MIN
DY MAX MIN AVG DEP HDD CDD  WTR  SNW DPTH SPD SPD DIR MIN PSBL S-S WX    SPD DR
================================================================================

 1  36  28  32 -17  33   0 0.00  0.0    0  7.5 15  20   M    M  10 18     18  20
 2  38  30  34 -15  31   0 0.00  0.0    0  7.4 15 170   M    M  10 18     20 170
 3  59  37  48  -2  17   0 0.00  0.0    0  7.6 15 190   M    M   7 18     19 190
 4  49  24  37 -13  28   0 0.05    M    0 21.9 38  20   M    M  10 128    45  20
 5  43   8  26 -24  39   0 0.00  0.0    0  4.7 12 220   M    M   1        15 200
 6  56  18  37 -14  28   0 0.00  0.0    0  6.8 17 190   M    M   0        23 230
 7  66  23  45  -6  20   0 0.00  0.0    0  5.0 14 180   M    M   3        18 210
 8  62  42  52   1  13   0 0.02  0.0    0  8.2 16 130   M    M   3 1      20 130
 9  50  47  49  -3  16   0 0.71  0.0    0  6.4 12  60   M    M  10 12     14  60
10  63  41  52   0  13   0 0.01  0.0    0  4.6 10 140   M    M   5 12     13 350
11  74  34  54   2  11   0 0.00  0.0    0  2.0 12 140   M    M   3 12     15 140
12  73  38  56   3   9   0 0.00  0.0    0  4.1 15  80   M    M   0        19  60
13  69  42  56   3   9   0 0.00  0.0    0  9.1 24  10   M    M   5 1      29 350
14  71  51  61   8   4   0 0.00  0.0    0 13.0 24  10   M    M   2        28 360
15  69  40  55   1  10   0 0.00  0.0    0  4.8 12  20   M    M   3        13 140
16  78  40  59   5   6   0 0.00  0.0    0  6.3 18 200   M    M   1 12     27 200
17  63  50  57   3   8   0    T  0.0    0 12.8 33  10   M    M   1        39  10
18  65  51  58   3   7   0    T  0.0    0  6.1 13 360   M    M   8 1      15  10
19  58  50  54  -1  11   0 0.12  0.0    0 11.1 23  30   M    M  10 1      29  30
20  57  47  52  -3  13   0 0.00  0.0    0  6.4 17  50   M    M   3        21  50
21  63  45  54  -2  11   0 0.08  0.0    0  3.2 14 160   M    M   3 18     17 160
22  66  48  57   1   8   0 0.10    M    0  4.2 10 160   M    M   7 12     12 160
23  76  42  59   3   6   0 0.00  0.0    0 11.1 23 160   M    M   2 12     29 160
24  82  50  66  10   0   1 0.00  0.0    0  8.2 21 350   M    M   0        26 340
25  86  46  66   9   0   1 0.20    M    0 16.1 45 360   M    M   1 13     53 360
26  64  42  53  -4  12   0 0.00  0.0    0 16.0 35 360   M    M   1        43 360
================================================================================
SM 1636 1014       363   2  1.29     0.0 214.6          M      109
================================================================================
AV 62.9 39.0                               8.3 FASTST   M    M   4    MAX(MPH)
                                 MISC ---->  # 45 360               # 53  360
================================================================================
NOTES:
# LAST OF SEVERAL OCCURRENCES

COLUMN 17 PEAK WIND IN M.P.H.

PRELIMINARY LOCAL CLIMATOLOGICAL DATA (WS FORM: F-6) , PAGE 2

                                          STATION:  LAWTON MUNICIPAL
                                          MONTH:    MARCH
                                          YEAR:     2015
                                          LATITUDE:   34 34 N
                                          LONGITUDE:  98 25 W

[TEMPERATURE DATA]      [PRECIPITATION DATA]       SYMBOLS USED IN COLUMN 16

AVERAGE MONTHLY: 51.0   TOTAL FOR MONTH:   1.29    1 = FOG OR MIST
DPTR FM NORMAL:  -2.2   DPTR FM NORMAL:   -0.46    2 = FOG REDUCING VISIBILITY
HIGHEST:    86 ON 25    GRTST 24HR  0.71 ON  9- 9      TO 1/4 MILE OR LESS
LOWEST:      8 ON  5                               3 = THUNDER
                        SNOW, ICE PELLETS, HAIL    4 = ICE PELLETS
                        TOTAL MONTH:   0.0 INCH    5 = HAIL
                        GRTST 24HR     0.0         6 = FREEZING RAIN OR DRIZZLE
                        GRTST DEPTH:   0           7 = DUSTSTORM OR SANDSTORM:
                                                       VSBY 1/2 MILE OR LESS
                                                   8 = SMOKE OR HAZE
[NO. OF DAYS WITH]      [WEATHER - DAYS WITH]      9 = BLOWING SNOW
                                                   X = TORNADO
MAX 32 OR BELOW:   0    0.01 INCH OR MORE:   8
MAX 90 OR ABOVE:   0    0.10 INCH OR MORE:   4
MIN 32 OR BELOW:   6    0.50 INCH OR MORE:   1
MIN  0 OR BELOW:   0    1.00 INCH OR MORE:   0

[HDD (BASE 65) ]
TOTAL THIS MO.   363    CLEAR  (SCALE 0-3)  16
DPTR FM NORMAL    40    PTCLDY (SCALE 4-7)   5
TOTAL FM JUL 1  3042    CLOUDY (SCALE 8-10)  5
DPTR FM NORMAL   101

[CDD (BASE 65) ]
TOTAL THIS MO.     2
DPTR FM NORMAL    -8    [PRESSURE DATA]
TOTAL FM JAN 1     2    HIGHEST SLP M ON M
DPTR FM NORMAL    -9    LOWEST  SLP 29.58 ON 25

[REMARKS]
