000
CXUS55 KLBF 011353
CF6LBF
PRELIMINARY LOCAL CLIMATOLOGICAL DATA (WS FORM: F-6)

                                          STATION:   NORTH PLATTE NE
                                          MONTH:     AUGUST
                                          YEAR:      2014
                                          LATITUDE:   41  7 N
                                          LONGITUDE: 100 41 W

  TEMPERATURE IN F:       :PCPN:    SNOW:  WIND      :SUNSHINE: SKY     :PK WND
================================================================================
1   2   3   4   5  6A  6B    7    8   9   10  11  12  13   14  15   16   17  18
                                     12Z  AVG MX 2MIN
DY MAX MIN AVG DEP HDD CDD  WTR  SNW DPTH SPD SPD DIR MIN PSBL S-S WX    SPD DR
================================================================================

 1  90  50  70  -4   0   5 0.18  0.0    0  3.8 21 110   M    M   0 3      28  50
 2  94  61  78   4   0  13 0.29  0.0    0  9.4 32 220   M    M   1 3      40 220
 3  91  58  75   1   0  10 0.00  0.0    0  4.9 13  70   M    M   1        17  50
 4  91  60  76   2   0  11 0.00  0.0    0 11.2 22 100   M    M   1 12     27 110
 5  91  61  76   2   0  11    T  0.0    0  8.9 18  80   M    M   2 13     24  70
 6  87  61  74   0   0   9 0.00  0.0    0  6.3 14  20   M    M   1 1      19  20
 7  88  66  77   3   0  12 0.00  0.0    0  4.5 18 180   M    M   4 18     25 180
 8  88  60  74   0   0   9 0.41  0.0    0  4.9 33 300   M    M   2 123    42 300
 9  89  60  75   1   0  10 0.88  0.0    0  8.2 28 290   M    M   4 13     39 290
10  84  62  73   0   0   8 0.75  0.0    0  9.4 22  10   M    M   4 13     30  10
11  81  56  69  -4   0   4 0.00  0.0    0  4.1 12  30   M    M   1 1      18  20
12  83  55  69  -4   0   4 0.00  0.0    0  6.1 16 120   M    M   1        19  90
13  90  57  74   1   0   9 0.00  0.0    0 10.7 20 110   M    M   0        23 110
14  88  62  75   2   0  10 0.00  0.0    0 11.8 22 110   M    M   0        27 120
15  88  65  77   4   0  12    T  0.0    0  6.6 17 360   M    M   3        23  50
16  93  59  76   4   0  11 0.00  0.0    0  4.5 13 340   M    M   1 12     16 330
17  95  62  79   7   0  14 0.00  0.0    0  9.6 31  40   M    M   1 18     40  50
18  90  56  73   1   0   8    T  0.0    0  4.7 16 100   M    M   0        20 100
19  90  58  74   2   0   9 0.01  0.0    0  8.6 23 110   M    M   0 1      28 110
20  91  66  79   7   0  14    T  0.0    0  6.0 17 140   M    M   1 3      26 170
21  90  62  76   4   0  11 0.00  0.0    0  4.8 13 270   M    M   0        17 270
22  86  60  73   2   0   8 0.90  0.0    0  7.3 22  90   M    M   4 13     26  70
23  83  65  74   3   0   9 0.06  0.0    0  7.6 26 300   M    M   6 13     33 300
24  84  58  71   0   0   6    T  0.0    0  6.0 18 340   M    M   1        22 340
25  80  56  68  -2   0   3 0.02  0.0    0  7.7 18 220   M    M   1        24 220
26  81  57  69  -1   0   4 0.00  0.0    0  8.0 17 130   M    M   2        22 120
27  76  65  71   1   0   6 1.33  0.0    0  8.5 21 110   M    M   9 13     31 190
28  82  58  70   0   0   5 0.22  0.0    0  7.2 20 270   M    M   1 13     25 340
29  87  52  70   1   0   5 0.05  0.0    0  5.8 18 350   M    M   1 3      25 350
30  85  53  69   0   0   4 0.00  0.0    0  6.5 21 290   M    M   0 1      26 290
31  75  54  65  -4   0   0    T  0.0    0  6.0 25 310   M    M   1 3      33 310
================================================================================
SM 2691 1835         0 254  5.10     0.0 219.6          M       54
================================================================================
AV 86.8 59.2                               7.1 FASTST   M    M   2    MAX(MPH)
                                 MISC ---->  # 33 300               # 42  300
================================================================================
NOTES:
# LAST OF SEVERAL OCCURRENCES

COLUMN 17 PEAK WIND IN M.P.H.

PRELIMINARY LOCAL CLIMATOLOGICAL DATA (WS FORM: F-6) , PAGE 2

                                          STATION:  NORTH PLATTE NE
                                          MONTH:    AUGUST
                                          YEAR:     2014
                                          LATITUDE:   41  7 N
                                          LONGITUDE: 100 41 W

[TEMPERATURE DATA]      [PRECIPITATION DATA]       SYMBOLS USED IN COLUMN 16

AVERAGE MONTHLY: 73.0   TOTAL FOR MONTH:   5.10    1 = FOG OR MIST
DPTR FM NORMAL:   0.9   DPTR FM NORMAL:    2.81    2 = FOG REDUCING VISIBILITY
HIGHEST:    95 ON 17    GRTST 24HR  1.63 ON  9-10      TO 1/4 MILE OR LESS
LOWEST:     50 ON  1                               3 = THUNDER
                        SNOW, ICE PELLETS, HAIL    4 = ICE PELLETS
                        TOTAL MONTH:   0.0 INCH    5 = HAIL
                        GRTST 24HR     0.0         6 = FREEZING RAIN OR DRIZZLE
                        GRTST DEPTH:   0           7 = DUSTSTORM OR SANDSTORM:
                                                       VSBY 1/2 MILE OR LESS
                                                   8 = SMOKE OR HAZE
[NO. OF DAYS WITH]      [WEATHER - DAYS WITH]      9 = BLOWING SNOW
                                                   X = TORNADO
MAX 32 OR BELOW:   0    0.01 INCH OR MORE:  12
MAX 90 OR ABOVE:  12    0.10 INCH OR MORE:   8
MIN 32 OR BELOW:   0    0.50 INCH OR MORE:   4
MIN  0 OR BELOW:   0    1.00 INCH OR MORE:   1

[HDD (BASE 65) ]
TOTAL THIS MO.     0    CLEAR  (SCALE 0-3)  25
DPTR FM NORMAL   -15    PTCLDY (SCALE 4-7)   5
TOTAL FM JUL 1    17    CLOUDY (SCALE 8-10)  1
DPTR FM NORMAL    -3

[CDD (BASE 65) ]
TOTAL THIS MO.   254
DPTR FM NORMAL    18    [PRESSURE DATA]
TOTAL FM JAN 1   669    HIGHEST SLP 30.25 ON 11
DPTR FM NORMAL   -26    LOWEST  SLP 29.63 ON 20

[REMARKS]
#FINAL-08-14#
