000
CXUS52 KMLB 011318
CF6LEE
PRELIMINARY LOCAL CLIMATOLOGICAL DATA (WS FORM: F-6)

                                          STATION:   LEESBURG
                                          MONTH:     JUNE
                                          YEAR:      2015
                                          LATITUDE:   28 49 N
                                          LONGITUDE:  81 49 W

  TEMPERATURE IN F:       :PCPN:    SNOW:  WIND      :SUNSHINE: SKY     :PK WND
================================================================================
1   2   3   4   5  6A  6B    7    8   9   10  11  12  13   14  15   16   17  18
                                     12Z  AVG MX 2MIN
DY MAX MIN AVG DEP HDD CDD  WTR  SNW DPTH SPD SPD DIR MIN PSBL S-S WX    SPD DR
================================================================================

 1  94  71  83   3   0  18 0.79  0.0    0  7.4 20 110   M    M   2 13     26 110
 2  82  69  76  -5   0  11 1.63  0.0    0  4.7 25 120   M    M   2 13     29 130
 3  88  68  78  -3   0  13 0.00  0.0    0  6.7 20  80   M    M   3        26  80
 4  93  69  81   0   0  16 0.00  0.0    0  6.5 14  90   M    M   2        18 100
 5  91  70  81   0   0  16 0.60  0.0    0  3.9 33 260   M    M   2 3      47 270
 6  87  69  78  -3   0  13    T  0.0    0  4.4 13 130   M    M   5        15 140
 7  92  71  82   1   0  17 0.00  0.0    0  5.8 16 100   M    M   1        21 100
 8  92  71  82   1   0  17 0.00  0.0    0  6.5 18 130   M    M   0        22 120
 9  91  72  82   1   0  17 1.88  0.0    0  6.2 31 190   M    M   1 123    38 180
10  84  70  77  -5   0  12 0.60  0.0    0  5.9 20 260   M    M   3 13     30 250
11  88  72  80  -2   0  15    T  0.0    0  6.4 14 210   M    M   2 8      20 190
12  90  73  82   0   0  17 0.11  0.0    0  4.3 21 130   M    M   1 3      28 130
13  92  75  84   2   0  19 0.00  0.0    0  6.8 13 110   M    M   2        21 110
14  94  75  85   3   0  20 0.00  0.0    0  7.7 14 120   M    M   0        18 100
15  93  77  85   3   0  20 0.00  0.0    0  6.5 12 130   M    M   1 3      14 130
16  95  76  86   4   0  21 0.00  0.0    0  4.2 10 170   M    M   1 3      14 280
17  95  78  87   5   0  22 0.00  0.0    0  6.4 12 150   M    M   1 3      17 150
18  97  76  87   5   0  22 0.15  0.0    0  4.8 18  60   M    M   0 38     30 270
19  95  74  85   3   0  20 0.09  0.0    0  5.7 24 340   M    M   1 3      29 330
20  96  76  86   4   0  21 0.00  0.0    0  5.0 16 190   M    M   0 3      20 180
21  96  75  86   4   0  21 0.00  0.0    0  4.8 12 290   M    M   1        16 240
22  97  77  87   5   0  22 0.03  0.0    0  4.9 20 200   M    M   1 13     26 200
23  95  74  85   3   0  20 0.47  0.0    0  6.9 25 350   M    M   0 13     33 350
24  94  73  84   2   0  19 0.00  0.0    0  4.5 17 230   M    M   1 38     22 210
25  91  74  83   1   0  18 0.51  0.0    0  6.4 22 170   M    M   3 13     29 180
26  92  74  83   1   0  18 0.00  0.0    0  5.6 14 170   M    M   1 3      18 170
27  94  78  86   4   0  21    T  0.0    0  7.6 16 230   M    M   0        22 290
28  93  77  85   3   0  20 0.00  0.0    0  8.6 20 270   M    M   1        26 300
29  86  75  81  -1   0  16 0.16  0.0    0  6.8 21 290   M    M   2 13     28 300
30  92  76  84   2   0  19 0.02  0.0    0  7.3 17 290   M    M   2 38     23 280
================================================================================
SM 2759 2205         0 541  7.04     0.0 179.2          M       42
================================================================================
AV 92.0 73.5                               6.0 FASTST   M    M   1    MAX(MPH)
                                 MISC ---->  # 33 260               # 47  270
================================================================================
NOTES:
# LAST OF SEVERAL OCCURRENCES

COLUMN 17 PEAK WIND IN M.P.H.

PRELIMINARY LOCAL CLIMATOLOGICAL DATA (WS FORM: F-6) , PAGE 2

                                          STATION:  LEESBURG
                                          MONTH:    JUNE
                                          YEAR:     2015
                                          LATITUDE:   28 49 N
                                          LONGITUDE:  81 49 W

[TEMPERATURE DATA]      [PRECIPITATION DATA]       SYMBOLS USED IN COLUMN 16

AVERAGE MONTHLY: 82.7   TOTAL FOR MONTH:   7.04    1 = FOG OR MIST
DPTR FM NORMAL:   1.0   DPTR FM NORMAL:   -1.02    2 = FOG REDUCING VISIBILITY
HIGHEST:    97 ON 22,18 GRTST 24HR  2.42 ON  9-10      TO 1/4 MILE OR LESS
LOWEST:     68 ON  3                               3 = THUNDER
                        SNOW, ICE PELLETS, HAIL    4 = ICE PELLETS
                        TOTAL MONTH:   0.0 INCH    5 = HAIL
                        GRTST 24HR     0.0         6 = FREEZING RAIN OR DRIZZLE
                        GRTST DEPTH:   0           7 = DUSTSTORM OR SANDSTORM:
                                                       VSBY 1/2 MILE OR LESS
                                                   8 = SMOKE OR HAZE
[NO. OF DAYS WITH]      [WEATHER - DAYS WITH]      9 = BLOWING SNOW
                                                   X = TORNADO
MAX 32 OR BELOW:   0    0.01 INCH OR MORE:  13
MAX 90 OR ABOVE:  24    0.10 INCH OR MORE:  10
MIN 32 OR BELOW:   0    0.50 INCH OR MORE:   6
MIN  0 OR BELOW:   0    1.00 INCH OR MORE:   2

[HDD (BASE 65) ]
TOTAL THIS MO.     0    CLEAR  (SCALE 0-3)  27
DPTR FM NORMAL     0    PTCLDY (SCALE 4-7)   3
TOTAL FM JUL 1   685    CLOUDY (SCALE 8-10)  0
DPTR FM NORMAL   -17

[CDD (BASE 65) ]
TOTAL THIS MO.   541
DPTR FM NORMAL    40    [PRESSURE DATA]
TOTAL FM JAN 1  1632    HIGHEST SLP 30.18 ON 23
DPTR FM NORMAL   379    LOWEST  SLP 29.89 ON  6

[REMARKS]
06/25/15: LSBF1 RAINFALL USED DUE TO TIPPING BUCKET ISSUES AT KLEE5
#FINAL-06-15#
